000
CXUS53 KAPX 010830
CF6PLN
PRELIMINARY LOCAL CLIMATOLOGICAL DATA (WS FORM: F-6)
STATION: PELLSTON
MONTH: JANUARY
YEAR: 2024
LATITUDE: 45 34 N
LONGITUDE: 84 48 W
TEMPERATURE IN F: :PCPN: SNOW: WIND :SUNSHINE: SKY :PK WND
================================================================================
1 2 3 4 5 6A 6B 7 8 9 10 11 12 13 14 15 16 17 18
12Z AVG MX 2MIN
DY MAX MIN AVG DEP HDD CDD WTR SNW DPTH SPD SPD DIR MIN PSBL S-S WX SPD DR
================================================================================
1 30 22 26 5 39 0 0.00 M M 6.4 14 230 M M 10 23 240
2 35 30 33 13 32 0 0.00 M M 10.2 20 270 M M 10 35 270
3 35 23 29 9 36 0 0.03 M M 11.7 28 320 M M 10 18 39 320
4 27 22 25 5 40 0 T M M 6.7 15 290 M M 10 20 300
5 29 27 28 8 37 0 0.00 M M 7.3 16 250 M M 10 25 270
6 31 27 29 10 36 0 0.11 M M 4.4 8 140 M M 10 18 12 110
7 34 23 29 10 36 0 0.01 M M 3.5 18 310 M M 10 12 24 320
8 30 26 28 9 37 0 0.00 M M 3.9 10 340 M M 10 14 310
9 35 26 31 12 34 0 0.00 M M 8.7 25 60 M M 10 36 100
10 28 22 25 7 40 0 0.01 M M 11.8 22 320 M M M 31 330
11 28 22 25 7 40 0 0.01 M M M M M M M M M M
12 29 17 23 5 42 0 0.03 M M 13.5 29 60 M M 10 1 45 70
13 21 14 18 0 47 0 0.03 M M 13.8 25 310 M M 10 1 40 60
14 21 17 19 1 46 0 0.05 M M 11.8 24 280 M M 10 18 38 280
15 18 15 17 -1 48 0 0.06 M M 8.8 20 260 M M 10 128 31 260
16 16 9 13 -5 52 0 0.08 M M 9.4 18 220 M M 10 18 29 200
17 16 11 14 -3 51 0 0.09 M M 7.9 17 290 M M 10 12 24 280
18 18 9 14 -3 51 0 T M M 4.3 12 290 M M 10 18 17 300
19 14 -13 1 -16 64 0 T M M 5.9 14 10 M M 5 18 17 50
20 21 -8 7 -10 58 0 0.01 M M 8.1 20 320 M M 9 18 26 330
21 25 1 13 -4 52 0 0.00 M M 7.6 22 220 M M 8 31 210
22 31 24 28 11 37 0 0.00 M M 7.9 15 220 M M 10 24 220
23 34 18 26 9 39 0 T M M 5.6 15 90 M M 10 18 20 100
24 36 30 33 17 32 0 0.00 M M 2.6 10 70 M M 10 12 14 70
25 38 33 36 20 29 0 T M M 3.4 10 140 M M 10 12 13 130
26 39 33 36 20 29 0 0.07 M M 3.3 9 80 M M 10 1 17 70
27 38 33 36 20 29 0 0.02 M M 2.8 9 330 M M 10 12 13 200
28 36 31 34 18 31 0 0.01 M M 6.4 14 330 M M 10 18 19 340
29 38 30 34 18 31 0 T M M 4.4 12 180 M M 8 1 17 230
30 37 33 35 19 30 0 0.05 M M 2.9 9 290 M M 10 1 12 160
31 39 33 36 20 29 0 0.00 M M 7.1 18 230 M M 9 1 28 200
================================================================================
SM 907 640 1234 0 0.67 M 212.1 M 279
================================================================================
AV 29.3 20.6 7.1 FASTST M M 10 MAX(MPH)
MISC ----> 29 60 45 70
================================================================================
NOTES:
# LAST OF SEVERAL OCCURRENCES
COLUMN 17 PEAK WIND IN M.P.H.
PRELIMINARY LOCAL CLIMATOLOGICAL DATA (WS FORM: F-6) , PAGE 2
STATION: PELLSTON
MONTH: JANUARY
YEAR: 2024
LATITUDE: 45 34 N
LONGITUDE: 84 48 W
[TEMPERATURE DATA] [PRECIPITATION DATA] SYMBOLS USED IN COLUMN 16
AVERAGE MONTHLY: 25.0 TOTAL FOR MONTH: 0.67 1 = FOG OR MIST
DPTR FM NORMAL: 7.2 DPTR FM NORMAL: -0.94 2 = FOG REDUCING VISIBILITY
HIGHEST: 39 ON 31,26 GRTST 24HR 0.57 ON 12-13 TO 1/4 MILE OR LESS
LOWEST: -13 ON 19 3 = THUNDER
SNOW, ICE PELLETS, HAIL 4 = ICE PELLETS
TOTAL MONTH: M 5 = HAIL
GRTST 24HR M ON M 6 = FREEZING RAIN OR DRIZZLE
GRTST DEPTH: M ON M 7 = DUSTSTORM OR SANDSTORM:
VSBY 1/2 MILE OR LESS
8 = SMOKE OR HAZE
[NO. OF DAYS WITH] [WEATHER - DAYS WITH] 9 = BLOWING SNOW
X = TORNADO
MAX 32 OR BELOW: 18 0.01 INCH OR MORE: 16
MAX 90 OR ABOVE: 0 0.10 INCH OR MORE: 1
MIN 32 OR BELOW: 26 0.50 INCH OR MORE: 0
MIN 0 OR BELOW: 2 1.00 INCH OR MORE: 0
[HDD (BASE 65) ]
TOTAL THIS MO. 1234 CLEAR (SCALE 0-3) 0
DPTR FM NORMAL -229 PTCLDY (SCALE 4-7) 3
TOTAL FM JUL 1 3853 CLOUDY (SCALE 8-10) 28
DPTR FM NORMAL -725
[CDD (BASE 65) ]
TOTAL THIS MO. 0
DPTR FM NORMAL 0 [PRESSURE DATA]
TOTAL FM JAN 1 0 HIGHEST SLP 30.50 ON 21
DPTR FM NORMAL 0 LOWEST SLP 29.04 ON 10
[REMARKS]
#FINAL-01-24#