000
CXUS56 KLOX 011155
CF6PMD
PRELIMINARY LOCAL CLIMATOLOGICAL DATA (WS FORM: F-6)
STATION: PALMDALE AIRPORT CA
MONTH: MAY
YEAR: 2023
LATITUDE: 34 37 N
LONGITUDE: 118 5 W
TEMPERATURE IN F: :PCPN: SNOW: WIND :SUNSHINE: SKY :PK WND
================================================================================
1 2 3 4 5 6A 6B 7 8 9 10 11 12 13 14 15 16 17 18
12Z AVG MX 2MIN
DY MAX MIN AVG DEP HDD CDD WTR SNW DPTH SPD SPD DIR MIN PSBL S-S WX SPD DR
================================================================================
1 65 47 56 -7 9 0 0.00 M M 17.6 32 220 M M 1 45 230
2 62 40 51 -13 14 0 0.00 M M 16.1 35 240 M M 1 45 230
3 63 43 53 -11 12 0 0.00 M M 14.4 31 220 M M 1 43 210
4 58 42 50 -14 15 0 0.19 M M 13.1 24 230 M M 5 1 36 200
5 63 46 55 -10 10 0 0.00 M M 15.5 24 220 M M 4 33 220
6 66 47 57 -8 8 0 0.00 M M 15.4 24 240 M M 1 34 260
7 70 48 59 -6 6 0 0.00 M M 13.1 23 240 M M 0 31 210
8 75 51 63 -2 2 0 0.00 M M 13.1 25 290 M M 0 35 290
9 69 48 59 -7 6 0 0.00 M M 16.1 37 220 M M 1 47 220
10 72 49 61 -5 4 0 0.00 M M 15.2 25 230 M M 0 36 270
11 81 45 63 -3 2 0 0.00 M M 6.4 20 210 M M 0 26 250
12 90 49 70 4 0 5 0.00 M M 5.5 15 260 M M 0 19 50
13 91 53 72 5 0 7 0.00 M M 7.7 23 230 M M 0 28 240
14 90 58 74 7 0 9 0.00 M M 11.7 28 250 M M 0 39 240
15 94 55 75 8 0 10 0.00 M M 9.1 24 250 M M 0 33 160
16 94 59 77 9 0 12 0.00 M M 9.2 25 220 M M 0 33 200
17 96 56 76 8 0 11 0.00 M M 10.0 22 240 M M 0 30 220
18 95 61 78 10 0 13 0.00 M M 10.3 24 250 M M 0 33 270
19 92 61 77 9 0 12 0.00 M M 10.4 23 210 M M 0 28 220
20 92 66 79 11 0 14 0.00 M M 9.8 28 220 M M 1 36 210
21 92 66 79 10 0 14 0.00 M M 8.2 26 190 M M 1 35 180
22 91 62 77 8 0 12 0.00 M M 11.4 28 220 M M 0 36 250
23 87 56 72 3 0 7 0.00 M M 14.0 30 210 M M 0 41 220
24 79 52 66 -3 0 1 0.00 M M 13.6 26 220 M M 0 39 220
25 74 52 63 -7 2 0 0.00 M M 14.6 25 220 M M 0 33 230
26 75 51 63 -7 2 0 0.00 M M 17.5 28 200 M M 0 33 230
27 86 51 69 -1 0 4 0.00 M M 11.1 23 220 M M 0 30 220
28 81 56 69 -1 0 4 0.00 M M 15.7 29 260 M M 0 38 260
29 74 54 64 -7 1 0 0.00 M M 14.9 26 250 M M 0 37 220
30 71 53 62 -9 3 0 0.00 M M 14.6 26 220 M M 0 34 220
31 75 51 63 -8 2 0 0.00 M M 18.6 28 190 M M 0 35 200
================================================================================
SM 2463 1628 98 135 0.19 M 393.9 M 16
================================================================================
AV 79.5 52.5 12.7 FASTST M M 1 MAX(MPH)
MISC ----> 37 220 47 220
================================================================================
NOTES:
# LAST OF SEVERAL OCCURRENCES
COLUMN 17 PEAK WIND IN M.P.H.
PRELIMINARY LOCAL CLIMATOLOGICAL DATA (WS FORM: F-6) , PAGE 2
STATION: PALMDALE AIRPORT CA
MONTH: MAY
YEAR: 2023
LATITUDE: 34 37 N
LONGITUDE: 118 5 W
[TEMPERATURE DATA] [PRECIPITATION DATA] SYMBOLS USED IN COLUMN 16
AVERAGE MONTHLY: 66.0 TOTAL FOR MONTH: 0.19 1 = FOG OR MIST
DPTR FM NORMAL: -1.4 DPTR FM NORMAL: 0.06 2 = FOG REDUCING VISIBILITY
HIGHEST: 96 ON 17 GRTST 24HR 0.19 ON 4- 4 TO 1/4 MILE OR LESS
LOWEST: 40 ON 2 3 = THUNDER
SNOW, ICE PELLETS, HAIL 4 = ICE PELLETS
TOTAL MONTH: M 5 = HAIL
GRTST 24HR M ON M 6 = FREEZING RAIN OR DRIZZLE
GRTST DEPTH: M ON M 7 = DUSTSTORM OR SANDSTORM:
VSBY 1/2 MILE OR LESS
8 = SMOKE OR HAZE
[NO. OF DAYS WITH] [WEATHER - DAYS WITH] 9 = BLOWING SNOW
X = TORNADO
MAX 32 OR BELOW: 0 0.01 INCH OR MORE: 1
MAX 90 OR ABOVE: 11 0.10 INCH OR MORE: 1
MIN 32 OR BELOW: 0 0.50 INCH OR MORE: 0
MIN 0 OR BELOW: 0 1.00 INCH OR MORE: 0
[HDD (BASE 65) ]
TOTAL THIS MO. 98 CLEAR (SCALE 0-3) 29
DPTR FM NORMAL 31 PTCLDY (SCALE 4-7) 2
TOTAL FM JUL 1 3181 CLOUDY (SCALE 8-10) 0
DPTR FM NORMAL 412
[CDD (BASE 65) ]
TOTAL THIS MO. 135
DPTR FM NORMAL -6 [PRESSURE DATA]
TOTAL FM JAN 1 178 HIGHEST SLP 30.06 ON 15
DPTR FM NORMAL 8 LOWEST SLP 29.69 ON 1
[REMARKS]
#FINAL-05-23#