000
CXUS56 KLOX 011155
CF6PMD
PRELIMINARY LOCAL CLIMATOLOGICAL DATA (WS FORM: F-6)
STATION: PALMDALE AIRPORT CA
MONTH: AUGUST
YEAR: 2022
LATITUDE: 34 37 N
LONGITUDE: 118 5 W
TEMPERATURE IN F: :PCPN: SNOW: WIND :SUNSHINE: SKY :PK WND
================================================================================
1 2 3 4 5 6A 6B 7 8 9 10 11 12 13 14 15 16 17 18
12Z AVG MX 2MIN
DY MAX MIN AVG DEP HDD CDD WTR SNW DPTH SPD SPD DIR MIN PSBL S-S WX SPD DR
================================================================================
1 97 73 85 2 0 20 0.00 M M 9.3 24 230 M M 2 34 250
2 98 75 87 4 0 22 0.00 M M 12.2 26 230 M M 0 33 240
3 103 76 90 7 0 25 0.00 M M 10.0 28 220 M M 1 33 220
4 98 77 88 5 0 23 0.01 M M 10.0 22 220 M M 1 3 29 210
5 95 74 85 2 0 20 0.00 M M 9.4 24 230 M M 1 30 250
6 100 68 84 1 0 19 0.00 M M 8.0 22 220 M M 0 28 240
7 103 66 85 2 0 20 0.00 M M 9.0 25 230 M M 0 32 250
8 102 73 88 5 0 23 0.00 M M 8.8 25 250 M M 0 32 250
9 98 77 88 5 0 23 0.00 M M 12.5 31 240 M M 0 39 230
10 97 71 84 1 0 19 0.00 M M 9.8 26 240 M M 0 37 270
11 100 71 86 3 0 21 0.00 M M 8.3 25 250 M M 0 8 30 250
12 103 65 84 2 0 19 0.00 M M 7.0 24 250 M M 0 32 240
13 102 65 84 2 0 19 0.00 M M 7.4 21 230 M M 0 25 240
14 102 71 87 5 0 22 0.00 M M 10.2 24 230 M M 0 29 220
15 104 70 87 5 0 22 0.00 M M 7.2 22 240 M M 0 27 220
16 107 69 88 6 0 23 0.00 M M 8.7 24 220 M M 0 38 120
17 103 80 92 10 0 27 0.00 M M 12.4 26 240 M M 1 33 250
18 104 76 90 8 0 25 0.00 M M 10.3 24 240 M M 0 30 250
19 103 72 88 6 0 23 0.00 M M 9.2 24 250 M M 0 30 250
20 102 73 88 6 0 23 0.00 M M 14.4 28 240 M M 0 35 240
21 100 74 87 6 0 22 0.00 M M 16.1 26 210 M M 0 32 210
22 103 71 87 6 0 22 0.00 M M 10.8 22 260 M M 0 28 230
23 107 67 87 6 0 22 0.00 M M 8.0 25 240 M M 0 30 230
24 103 75 89 8 0 24 0.00 M M 11.4 28 220 M M 0 35 220
25 100 73 87 6 0 22 0.00 M M 11.6 28 220 M M 0 35 220
26 103 73 88 7 0 23 0.00 M M 12.0 25 240 M M 0 8 34 230
27 96 74 85 5 0 20 0.00 M M 15.3 30 220 M M 0 40 220
28 93 71 82 2 0 17 0.00 M M 10.6 22 240 M M 0 29 250
29 101 68 85 5 0 20 0.00 M M 6.9 18 250 M M 0 25 250
30 102 70 86 6 0 21 0.00 M M 6.1 20 230 M M 0 24 230
31 108 70 89 9 0 24 0.00 M M 6.3 23 300 M M 0 27 300
================================================================================
SM 3137 2228 0 675 0.01 M 309.2 M 6
================================================================================
AV101.2 71.9 10.0 FASTST M M 0 MAX(MPH)
MISC ----> 31 240 40 220
================================================================================
NOTES:
# LAST OF SEVERAL OCCURRENCES
COLUMN 17 PEAK WIND IN M.P.H.
PRELIMINARY LOCAL CLIMATOLOGICAL DATA (WS FORM: F-6) , PAGE 2
STATION: PALMDALE AIRPORT CA
MONTH: AUGUST
YEAR: 2022
LATITUDE: 34 37 N
LONGITUDE: 118 5 W
[TEMPERATURE DATA] [PRECIPITATION DATA] SYMBOLS USED IN COLUMN 16
AVERAGE MONTHLY: 86.5 TOTAL FOR MONTH: 0.01 1 = FOG OR MIST
DPTR FM NORMAL: 4.7 DPTR FM NORMAL: -0.02 2 = FOG REDUCING VISIBILITY
HIGHEST: 108 ON 31 GRTST 24HR 0.01 ON 4- 4 TO 1/4 MILE OR LESS
LOWEST: 65 ON 12,13 3 = THUNDER
SNOW, ICE PELLETS, HAIL 4 = ICE PELLETS
TOTAL MONTH: M 5 = HAIL
GRTST 24HR M ON M 6 = FREEZING RAIN OR DRIZZLE
GRTST DEPTH: M ON M 7 = DUSTSTORM OR SANDSTORM:
VSBY 1/2 MILE OR LESS
8 = SMOKE OR HAZE
[NO. OF DAYS WITH] [WEATHER - DAYS WITH] 9 = BLOWING SNOW
X = TORNADO
MAX 32 OR BELOW: 0 0.01 INCH OR MORE: 1
MAX 90 OR ABOVE: 31 0.10 INCH OR MORE: 0
MIN 32 OR BELOW: 0 0.50 INCH OR MORE: 0
MIN 0 OR BELOW: 0 1.00 INCH OR MORE: 0
[HDD (BASE 65) ]
TOTAL THIS MO. 0 CLEAR (SCALE 0-3) 31
DPTR FM NORMAL 0 PTCLDY (SCALE 4-7) 0
TOTAL FM JUL 1 0 CLOUDY (SCALE 8-10) 0
DPTR FM NORMAL 0
[CDD (BASE 65) ]
TOTAL THIS MO. 675
DPTR FM NORMAL 153 [PRESSURE DATA]
TOTAL FM JAN 1 1896 HIGHEST SLP 30.02 ON 1
DPTR FM NORMAL 340 LOWEST SLP 29.67 ON 19
[REMARKS]
#FINAL-08-22#