000
CXUS52 KMFL 011030
CF6PMP
PRELIMINARY LOCAL CLIMATOLOGICAL DATA (WS FORM: F-6)
STATION: POMPANO BEACH ARPK
MONTH: AUGUST
YEAR: 2021
LATITUDE: 26 14 N
LONGITUDE: 80 7 W
TEMPERATURE IN F: :PCPN: SNOW: WIND :SUNSHINE: SKY :PK WND
================================================================================
1 2 3 4 5 6A 6B 7 8 9 10 11 12 13 14 15 16 17 18
12Z AVG MX 2MIN
DY MAX MIN AVG DEP HDD CDD WTR SNW DPTH SPD SPD DIR MIN PSBL S-S WX SPD DR
================================================================================
1 92 80 86 2 0 21 T M M 6.3 16 140 M M 2 3 21 160
2 92 73 83 -1 0 18 0.49 M M 4.2 32 240 M M 2 13 40 230
3 88 74 81 -3 0 16 1.30 0.0 0 6.8 23 150 M M 3 13 31 140
4 89 73 81 -3 0 16 1.43 M M 5.1 22 240 M M 3 13 35 230
5 91 77 84 0 0 19 0.00 M M 6.7 14 140 M M 1 3 19 140
6 91 80 86 2 0 21 0.34 M M 8.3 17 140 M M 2 18 21 140
7 91 80 86 2 0 21 0.03 0.0 M 5.8 15 140 M M 2 3 20 160
8 90 79 85 1 0 20 T 0.0 M 6.3 14 100 M M 2 3 19 110
9 90 79 85 1 0 20 0.16 M M 9.1 20 110 M M 2 24 120
10 91 83 87 3 0 22 0.00 M M 9.9 15 100 M M 2 20 100
11 91 83 87 3 0 22 0.01 M M 9.9 15 100 M M 3 3 18 120
12 91 80 86 2 0 21 0.06 M M 11.3 29 60 M M 3 3 36 70
13 90 78 84 0 0 19 0.23 M M 10.7 23 150 M M 6 3 27 140
14 89 78 84 0 0 19 T M M 12.2 30 150 M M 6 3 42 130
15 88 82 85 1 0 20 0.00 0.0 0 12.9 20 130 M M 4 24 140
16 92 79 86 2 0 21 0.00 M M 9.1 17 150 M M 1 21 140
17 92 83 88 4 0 23 0.00 M M 9.9 17 100 M M 2 22 100
18 92 84 88 4 0 23 0.00 M M 11.0 17 100 M M 2 21 100
19 91 80 86 2 0 21 T M M 6.8 14 100 M M 2 17 90
20 92 77 85 1 0 20 0.00 M M 6.0 14 150 M M 0 19 140
21 92 79 86 2 0 21 0.00 M M 8.3 16 130 M M 1 21 130
22 93 79 86 2 0 21 0.02 M M 6.9 15 120 M M 2 3 20 180
23 93 80 87 3 0 22 0.02 0.0 0 8.9 20 100 M M 4 25 90
24 94 83 89 5 0 24 0.00 0.0 0 10.3 18 100 M M 2 22 100
25 91 77 84 0 0 19 0.13 0.0 0 14.0 29 90 M M 4 1 36 110
26 91 75 83 -1 0 18 0.12 M M 11.3 25 110 M M 4 3 32 100
27 91 80 86 2 0 21 T 0.0 0 12.9 18 110 M M 3 3 24 90
28 92 83 88 4 0 23 T 0.0 0 12.2 20 140 M M 2 24 130
29 91 83 87 3 0 22 0.00 0.0 0 8.0 14 110 M M 2 18 100
30 90 78 84 0 0 19 T 0.0 0 6.2 18 280 M M 2 3 22 100
31 92 76 84 0 0 19 0.32 M M 3.7 24 330 M M 2 3 34 330
================================================================================
SM 2823 2455 0 632 4.66 0.0 271.0 M 78
================================================================================
AV 91.1 79.2 8.7 FASTST M M 3 MAX(MPH)
MISC ----> 32 240 42 130
================================================================================
NOTES:
# LAST OF SEVERAL OCCURRENCES
COLUMN 17 PEAK WIND IN M.P.H.
PRELIMINARY LOCAL CLIMATOLOGICAL DATA (WS FORM: F-6) , PAGE 2
STATION: POMPANO BEACH ARPK
MONTH: AUGUST
YEAR: 2021
LATITUDE: 26 14 N
LONGITUDE: 80 7 W
[TEMPERATURE DATA] [PRECIPITATION DATA] SYMBOLS USED IN COLUMN 16
AVERAGE MONTHLY: 85.1 TOTAL FOR MONTH: 4.66 1 = FOG OR MIST
DPTR FM NORMAL: 0.9 DPTR FM NORMAL: -1.64 2 = FOG REDUCING VISIBILITY
HIGHEST: 94 ON 24 GRTST 24HR 1.71 ON 3- 4 TO 1/4 MILE OR LESS
LOWEST: 73 ON 4, 2 3 = THUNDER
SNOW, ICE PELLETS, HAIL 4 = ICE PELLETS
TOTAL MONTH: 0.0 INCH 5 = HAIL
GRTST 24HR 0.0 6 = FREEZING RAIN OR DRIZZLE
GRTST DEPTH: 0 7 = DUSTSTORM OR SANDSTORM:
VSBY 1/2 MILE OR LESS
8 = SMOKE OR HAZE
[NO. OF DAYS WITH] [WEATHER - DAYS WITH] 9 = BLOWING SNOW
X = TORNADO
MAX 32 OR BELOW: 0 0.01 INCH OR MORE: 14
MAX 90 OR ABOVE: 27 0.10 INCH OR MORE: 9
MIN 32 OR BELOW: 0 0.50 INCH OR MORE: 2
MIN 0 OR BELOW: 0 1.00 INCH OR MORE: 2
[HDD (BASE 65) ]
TOTAL THIS MO. 0 CLEAR (SCALE 0-3) 24
DPTR FM NORMAL 0 PTCLDY (SCALE 4-7) 7
TOTAL FM JUL 1 0 CLOUDY (SCALE 8-10) 0
DPTR FM NORMAL 0
[CDD (BASE 65) ]
TOTAL THIS MO. 632
DPTR FM NORMAL 37 [PRESSURE DATA]
TOTAL FM JAN 1 3168 HIGHEST SLP 30.16 ON 10
DPTR FM NORMAL 72 LOWEST SLP 29.88 ON 31
[REMARKS]
#FINAL-08-21#