000
CXUS54 KOUN 010910
CF6PNC
PRELIMINARY LOCAL CLIMATOLOGICAL DATA (WS FORM: F-6)
STATION: PONCA CITY
MONTH: JANUARY
YEAR: 2023
LATITUDE: 36 44 N
LONGITUDE: 97 6 W
TEMPERATURE IN F: :PCPN: SNOW: WIND :SUNSHINE: SKY :PK WND
================================================================================
1 2 3 4 5 6A 6B 7 8 9 10 11 12 13 14 15 16 17 18
12Z AVG MX 2MIN
DY MAX MIN AVG DEP HDD CDD WTR SNW DPTH SPD SPD DIR MIN PSBL S-S WX SPD DR
================================================================================
1 63 32 48 12 17 0 0.00 M M 4.7 13 120 M M 0 14 150
2 68 40 54 18 11 0 T M M 7.1 23 150 M M 6 123 28 140
3 49 34 42 6 23 0 0.00 M M 7.9 17 270 M M 1 1 25 310
4 54 26 40 4 25 0 0.00 M M 7.5 20 250 M M 0 26 260
5 53 26 40 4 25 0 0.00 M M 5.1 15 320 M M 0 21 320
6 56 25 41 5 24 0 0.00 M M 10.0 21 160 M M 0 27 150
7 52 25 39 3 26 0 0.00 M M 6.7 16 360 M M 0 23 360
8 56 19 38 2 27 0 0.00 M M 3.4 12 170 M M 0 16 170
9 64 27 46 10 19 0 0.00 M M 8.4 21 210 M M 0 28 230
10 67 23 45 9 20 0 0.00 M M 3.9 15 150 M M 0 18 150
11 58 30 44 8 21 0 0.00 M M 6.0 31 10 M M 0 39 10
12 46 22 34 -2 31 0 T M M 15.3 31 360 M M 4 41 350
13 48 17 33 -3 32 0 0.00 M M 5.4 13 130 M M 0 16 140
14 59 26 43 7 22 0 0.00 M M 15.2 26 160 M M 0 35 160
15 63 44 54 18 11 0 0.00 M M 17.7 28 160 M M 1 37 150
16 64 34 49 13 16 0 0.00 0.0 M 8.0 21 220 M M 1 34 190
17 63 28 46 10 19 0 T 0.0 0 7.7 17 100 M M 1 21 100
18 62 34 48 12 17 0 0.13 0.0 M 10.4 20 300 M M 4 1 31 300
19 48 24 36 0 29 0 0.00 M M 7.8 18 270 M M 1 30 280
20 54 20 37 1 28 0 0.00 M M 4.9 13 110 M M 1 15 110
21 44 37 41 5 24 0 0.32 M M 8.7 18 110 M M 10 1 23 110
22 41 26 34 -2 31 0 T T M 5.0 16 350 M M 7 1 22 320
23 48 20 34 -2 31 0 0.00 M M 2.6 10 260 M M 0 14 260
24 37 28 33 -3 32 0 0.51 M M 4.1 12 40 M M 8 1 13 40
25 43 28 36 0 29 0 0.04 M M 8.5 23 330 M M 6 1 30 330
26 47 25 36 0 29 0 0.00 M M 5.1 13 250 M M 3 17 300
27 57 34 46 10 19 0 0.00 M M 8.9 17 160 M M 0 23 160
28 61 29 45 8 20 0 0.00 M M 14.7 33 350 M M 2 39 350
29 29 19 24 -13 41 0 0.00 M M 17.6 25 30 M M 10 31 20
30 24 16 20 -17 45 0 0.00 M M 13.8 18 20 M M 10 22 10
31 28 15 22 -15 43 0 0.00 M M 6.9 16 30 M M 3 20 30
================================================================================
SM 1606 833 787 0 1.00 T 259.0 M 79
================================================================================
AV 51.8 26.9 8.4 FASTST M M 3 MAX(MPH)
MISC ----> 33 350 41 350
================================================================================
NOTES:
# LAST OF SEVERAL OCCURRENCES
COLUMN 17 PEAK WIND IN M.P.H.
PRELIMINARY LOCAL CLIMATOLOGICAL DATA (WS FORM: F-6) , PAGE 2
STATION: PONCA CITY
MONTH: JANUARY
YEAR: 2023
LATITUDE: 36 44 N
LONGITUDE: 97 6 W
[TEMPERATURE DATA] [PRECIPITATION DATA] SYMBOLS USED IN COLUMN 16
AVERAGE MONTHLY: 39.3 TOTAL FOR MONTH: 1.00 1 = FOG OR MIST
DPTR FM NORMAL: 3.4 DPTR FM NORMAL: -0.02 2 = FOG REDUCING VISIBILITY
HIGHEST: 68 ON 2 GRTST 24HR 0.67 ON 24-24 TO 1/4 MILE OR LESS
LOWEST: 15 ON 31 3 = THUNDER
SNOW, ICE PELLETS, HAIL 4 = ICE PELLETS
TOTAL MONTH: T 5 = HAIL
GRTST 24HR T ON 22-22 6 = FREEZING RAIN OR DRIZZLE
GRTST DEPTH: 0 7 = DUSTSTORM OR SANDSTORM:
VSBY 1/2 MILE OR LESS
8 = SMOKE OR HAZE
[NO. OF DAYS WITH] [WEATHER - DAYS WITH] 9 = BLOWING SNOW
X = TORNADO
MAX 32 OR BELOW: 3 0.01 INCH OR MORE: 4
MAX 90 OR ABOVE: 0 0.10 INCH OR MORE: 3
MIN 32 OR BELOW: 24 0.50 INCH OR MORE: 1
MIN 0 OR BELOW: 0 1.00 INCH OR MORE: 0
[HDD (BASE 65) ]
TOTAL THIS MO. 787 CLEAR (SCALE 0-3) 22
DPTR FM NORMAL -115 PTCLDY (SCALE 4-7) 6
TOTAL FM JUL 1 2317 CLOUDY (SCALE 8-10) 3
DPTR FM NORMAL -152
[CDD (BASE 65) ]
TOTAL THIS MO. 0
DPTR FM NORMAL 0 [PRESSURE DATA]
TOTAL FM JAN 1 0 HIGHEST SLP 30.52 ON 31
DPTR FM NORMAL 0 LOWEST SLP 29.43 ON 16
[REMARKS]
#FINAL-01-23#