000
CXUS54 KMOB 010629
CF6PNS
PRELIMINARY LOCAL CLIMATOLOGICAL DATA (WS FORM: F-6)
STATION: PENSACOLA
MONTH: JUNE
YEAR: 2023
LATITUDE: 30 28 N
LONGITUDE: 87 12 W
TEMPERATURE IN F: :PCPN: SNOW: WIND :SUNSHINE: SKY :PK WND
================================================================================
1 2 3 4 5 6A 6B 7 8 9 10 11 12 13 14 15 16 17 18
12Z AVG MX 2MIN
DY MAX MIN AVG DEP HDD CDD WTR SNW DPTH SPD SPD DIR MIN PSBL S-S WX SPD DR
================================================================================
1 88 71 80 0 0 15 0.03 0.0 0 7.6 16 90 M M 3 24 70
2 92 71 82 2 0 17 0.00 0.0 0 5.9 14 70 M M 1 8 22 70
3 91 71 81 1 0 16 0.01 0.0 0 7.1 14 180 M M 1 20 20
4 89 71 80 0 0 15 0.18 0.0 0 6.2 24 170 M M 1 3 31 170
5 83 71 77 -3 0 12 0.00 0.0 0 7.7 16 150 M M 0 23 160
6 85 70 78 -3 0 13 0.00 0.0 0 5.9 14 150 M M 1 21 150
7 85 71 78 -3 0 13 T 0.0 0 6.9 16 190 M M 2 3 21 170
8 90 70 80 -1 0 15 0.88 0.0 0 8.0 35 280 M M 2 3 45 260
9 91 72 82 1 0 17 0.23 0.0 0 6.2 32 270 M M 2 38 46 280
10 87 74 81 0 0 16 0.01 0.0 0 6.9 14 210 M M 2 13 20 160
11 89 77 83 2 0 18 0.22 0.0 0 10.9 21 220 M M 5 38 28 220
12 93 74 84 2 0 19 0.04 0.0 0 10.9 20 250 M M 1 3 29 260
13 93 72 83 1 0 18 0.00 0.0 0 9.2 20 230 M M 4 3 28 230
14 92 72 82 0 0 17 0.08 0.0 0 15.1 29 230 M M 6 13 40 240
15 90 72 81 -1 0 16 9.30 0.0 0 15.3 26 140 M M 8 138 38 220
16 89 68 79 -3 0 14 1.18 0.0 0 10.0 30 350 M M 4 138 43 340
17 93 71 82 0 0 17 0.26 0.0 0 8.1 22 240 M M 3 13 27 240
18 84 70 77 -5 0 12 0.39 0.0 0 6.7 39 340 M M 3 13 51 340
19 86 74 80 -2 0 15 T 0.0 0 10.0 25 270 M M 3 3 36 250
20 89 71 80 -2 0 15 0.00 0.0 0 8.5 18 250 M M 2 23 240
21 87 74 81 -1 0 16 0.39 0.0 0 8.1 18 220 M M 5 13 25 210
22 89 73 81 -2 0 16 0.17 0.0 0 6.0 16 210 M M 4 13 24 220
23 92 74 83 0 0 18 0.08 0.0 0 5.0 17 240 M M 4 13 22 210
24 89 70 80 -3 0 15 0.00 0.0 0 5.1 13 240 M M 0 18 200
25 91 73 82 -1 0 17 0.00 0.0 0 7.2 17 170 M M 2 13 23 170
26 95 73 84 1 0 19 0.37 0.0 0 10.8 24 270 M M 2 138 32 280
27 96 79 88 5 0 23 T 0.0 0 7.4 16 240 M M 4 3 22 250
28 97 81 89 6 0 24 0.00 0.0 0 5.6 13 210 M M 2 17 200
29 94 78 86 3 0 21 0.00 0.0 0 5.4 13 190 M M 0 18 190
30 98 78 88 5 0 23 0.00 0.0 0 5.2 12 200 M M 0 16 120
================================================================================
SM 2707 2186 0 502 13.82 0.0 238.9 M 77
================================================================================
AV 90.2 72.9 8.0 FASTST M M 3 MAX(MPH)
MISC ----> 39 340 51 340
================================================================================
NOTES:
# LAST OF SEVERAL OCCURRENCES
COLUMN 17 PEAK WIND IN M.P.H.
PRELIMINARY LOCAL CLIMATOLOGICAL DATA (WS FORM: F-6) , PAGE 2
STATION: PENSACOLA
MONTH: JUNE
YEAR: 2023
LATITUDE: 30 28 N
LONGITUDE: 87 12 W
[TEMPERATURE DATA] [PRECIPITATION DATA] SYMBOLS USED IN COLUMN 16
AVERAGE MONTHLY: 81.6 TOTAL FOR MONTH: 13.82 1 = FOG OR MIST
DPTR FM NORMAL: -0.1 DPTR FM NORMAL: 6.50 2 = FOG REDUCING VISIBILITY
HIGHEST: 98 ON 30 GRTST 24HR 10.06 ON 15-16 TO 1/4 MILE OR LESS
LOWEST: 68 ON 16 3 = THUNDER
SNOW, ICE PELLETS, HAIL 4 = ICE PELLETS
TOTAL MONTH: 0.0 INCH 5 = HAIL
GRTST 24HR 0.0 6 = FREEZING RAIN OR DRIZZLE
GRTST DEPTH: 0 7 = DUSTSTORM OR SANDSTORM:
VSBY 1/2 MILE OR LESS
8 = SMOKE OR HAZE
[NO. OF DAYS WITH] [WEATHER - DAYS WITH] 9 = BLOWING SNOW
X = TORNADO
MAX 32 OR BELOW: 0 0.01 INCH OR MORE: 17
MAX 90 OR ABOVE: 16 0.10 INCH OR MORE: 11
MIN 32 OR BELOW: 0 0.50 INCH OR MORE: 3
MIN 0 OR BELOW: 0 1.00 INCH OR MORE: 2
[HDD (BASE 65) ]
TOTAL THIS MO. 0 CLEAR (SCALE 0-3) 18
DPTR FM NORMAL 0 PTCLDY (SCALE 4-7) 11
TOTAL FM JUL 1 853 CLOUDY (SCALE 8-10) 1
DPTR FM NORMAL -451
[CDD (BASE 65) ]
TOTAL THIS MO. 502
DPTR FM NORMAL 0 [PRESSURE DATA]
TOTAL FM JAN 1 1366 HIGHEST SLP M ON M
DPTR FM NORMAL 302 LOWEST SLP 29.72 ON 3
[REMARKS]
#FINAL-06-23#