000
CXUS54 KMOB 010638
CF6PNS
PRELIMINARY LOCAL CLIMATOLOGICAL DATA (WS FORM: F-6)
STATION: PENSACOLA
MONTH: JULY
YEAR: 2022
LATITUDE: 30 28 N
LONGITUDE: 87 12 W
TEMPERATURE IN F: :PCPN: SNOW: WIND :SUNSHINE: SKY :PK WND
================================================================================
1 2 3 4 5 6A 6B 7 8 9 10 11 12 13 14 15 16 17 18
12Z AVG MX 2MIN
DY MAX MIN AVG DEP HDD CDD WTR SNW DPTH SPD SPD DIR MIN PSBL S-S WX SPD DR
================================================================================
1 84 74 79 -4 0 14 1.41 0.0 0 6.5 17 150 M M 4 13 26 220
2 86 77 82 -1 0 17 0.33 0.0 0 2.5 16 220 M M 3 13 22 210
3 87 77 82 -1 0 17 0.36 0.0 0 2.0 13 180 M M 2 13 16 50
4 88 77 83 0 0 18 1.06 0.0 0 3.5 17 260 M M 2 138 25 360
5 89 77 83 0 0 18 0.22 0.0 0 4.8 14 280 M M 2 138 18 280
6 91 77 84 1 0 19 0.00 0.0 0 5.9 16 200 M M 1 21 190
7 92 79 86 3 0 21 0.08 0.0 0 5.5 16 200 M M 3 3 22 200
8 93 80 87 4 0 22 T 0.0 0 5.9 17 190 M M 2 23 210
9 94 77 86 3 0 21 0.30 0.0 0 8.3 22 350 M M 2 138 40 10
10 94 75 85 2 0 20 1.20 0.0 0 8.0 22 230 M M 6 13 31 360
11 90 77 84 0 0 19 0.28 0.0 0 6.0 18 190 M M 4 13 23 230
12 88 76 82 -2 0 17 0.18 0.0 0 6.1 16 100 M M 5 13 21 100
13 86 76 81 -3 0 16 0.30 0.0 0 4.8 14 200 M M 4 13 17 150
14 89 75 82 -2 0 17 0.79 0.0 0 4.9 18 240 M M 5 138 26 240
15 89 75 82 -2 0 17 0.87 0.0 0 4.7 24 90 M M 3 123 32 100
16 88 75 82 -2 0 17 0.00 0.0 0 6.2 14 150 M M 1 1 20 150
17 91 77 84 0 0 19 0.00 0.0 0 7.3 15 160 M M 1 20 170
18 91 78 85 1 0 20 T 0.0 0 7.3 18 190 M M 2 23 190
19 90 82 86 2 0 21 T 0.0 0 6.8 20 280 M M 2 3 28 270
20 93 80 87 3 0 22 T 0.0 0 8.7 20 190 M M 2 3 25 190
21 92 81 87 3 0 22 0.24 0.0 0 8.8 23 230 M M 1 3 29 230
22 88 75 82 -2 0 17 0.50 0.0 0 4.9 23 260 M M 2 138 40 250
23 89 77 83 -1 0 18 T 0.0 0 4.7 15 280 M M 1 3 21 300
24 91 78 85 1 0 20 T 0.0 0 5.8 14 160 M M 2 3 21 160
25 88 77 83 -1 0 18 T 0.0 0 4.7 20 280 M M 2 3 28 230
26 91 75 83 -1 0 18 1.84 0.0 0 7.2 18 290 M M 1 1 23 60
27 91 77 84 0 0 19 0.47 0.0 0 6.1 20 120 M M 1 1 23 100
28 90 78 84 0 0 19 0.25 0.0 0 5.7 20 190 M M 3 13 24 190
29 90 77 84 0 0 19 0.11 0.0 0 7.0 20 280 M M 3 13 27 280
30 91 78 85 1 0 20 0.38 0.0 0 4.2 17 170 M M 1 25 180
31 92 77 85 1 0 20 T 0.0 0 6.8 14 180 M M 1 19 190
================================================================================
SM 2786 2391 0 582 11.17 0.0 181.6 M 74
================================================================================
AV 89.9 77.1 5.9 FASTST M M 2 MAX(MPH)
MISC ----> 24 90 # 40 10
================================================================================
NOTES:
# LAST OF SEVERAL OCCURRENCES
COLUMN 17 PEAK WIND IN M.P.H.
PRELIMINARY LOCAL CLIMATOLOGICAL DATA (WS FORM: F-6) , PAGE 2
STATION: PENSACOLA
MONTH: JULY
YEAR: 2022
LATITUDE: 30 28 N
LONGITUDE: 87 12 W
[TEMPERATURE DATA] [PRECIPITATION DATA] SYMBOLS USED IN COLUMN 16
AVERAGE MONTHLY: 83.5 TOTAL FOR MONTH: 11.17 1 = FOG OR MIST
DPTR FM NORMAL: 0.0 DPTR FM NORMAL: 3.28 2 = FOG REDUCING VISIBILITY
HIGHEST: 94 ON 10, 9 GRTST 24HR 1.84 ON 26-26 TO 1/4 MILE OR LESS
LOWEST: 74 ON 1 3 = THUNDER
SNOW, ICE PELLETS, HAIL 4 = ICE PELLETS
TOTAL MONTH: 0.0 INCH 5 = HAIL
GRTST 24HR 0.0 6 = FREEZING RAIN OR DRIZZLE
GRTST DEPTH: 0 7 = DUSTSTORM OR SANDSTORM:
VSBY 1/2 MILE OR LESS
8 = SMOKE OR HAZE
[NO. OF DAYS WITH] [WEATHER - DAYS WITH] 9 = BLOWING SNOW
X = TORNADO
MAX 32 OR BELOW: 0 0.01 INCH OR MORE: 20
MAX 90 OR ABOVE: 18 0.10 INCH OR MORE: 19
MIN 32 OR BELOW: 0 0.50 INCH OR MORE: 7
MIN 0 OR BELOW: 0 1.00 INCH OR MORE: 4
[HDD (BASE 65) ]
TOTAL THIS MO. 0 CLEAR (SCALE 0-3) 23
DPTR FM NORMAL 0 PTCLDY (SCALE 4-7) 8
TOTAL FM JUL 1 0 CLOUDY (SCALE 8-10) 0
DPTR FM NORMAL 0
[CDD (BASE 65) ]
TOTAL THIS MO. 582
DPTR FM NORMAL 10 [PRESSURE DATA]
TOTAL FM JAN 1 1883 HIGHEST SLP M ON M
DPTR FM NORMAL 247 LOWEST SLP 29.83 ON 11
[REMARKS]
#FINAL-07-22#