000
CXUS53 KPAH 010700
CF6POF
PRELIMINARY LOCAL CLIMATOLOGICAL DATA (WS FORM: F-6)
STATION: POPLAR BLUFF MO
MONTH: AUGUST
YEAR: 2021
LATITUDE: 36 46 N
LONGITUDE: 90 19 W
TEMPERATURE IN F: :PCPN: SNOW: WIND :SUNSHINE: SKY :PK WND
================================================================================
1 2 3 4 5 6A 6B 7 8 9 10 11 12 13 14 15 16 17 18
12Z AVG MX 2MIN
DY MAX MIN AVG DEP HDD CDD WTR SNW DPTH SPD SPD DIR MIN PSBL S-S WX SPD DR
================================================================================
1 84 71 78 -1 0 13 0.02 M M 2.8 14 30 M M 4 138 20 30
2 82 66 74 -5 0 9 0.00 M M 4.9 10 50 M M 1 18 16 20
3 82 63 73 -6 0 8 0.00 M M 3.7 10 20 M M 2 18 17 90
4 83 61 72 -7 0 7 0.00 M M 4.4 10 50 M M 0 1 14 30
5 83 58 71 -8 0 6 0.00 M M 1.7 7 190 M M 0 18 11 200
6 85 63 74 -5 0 9 0.00 M M 3.5 12 200 M M 2 18 17 210
7 87 65 76 -3 0 11 0.00 M M 4.7 10 160 M M 0 128 17 150
8 89 68 79 0 0 14 1.08 M M 6.6 24 190 M M 3 138 40 190
9 91 71 81 2 0 16 0.00 M M 7.6 16 200 M M 3 13 24 200
10 92 77 85 6 0 20 0.00 M M 7.8 15 200 M M 2 24 200
11 92 74 83 4 0 18 0.00 M M 7.7 14 200 M M 0 21 190
12 93 70 82 4 0 17 0.32 M M 7.4 23 360 M M 1 13 36 350
13 80 70 75 -3 0 10 2.16 M M 3.2 15 170 M M 4 123 22 170
14 87 68 78 0 0 13 0.20 M M 5.3 12 10 M M 2 1 19 20
15 85 65 75 -3 0 10 0.00 M M 3.8 10 80 M M 0 16 80
16 85 65 75 -3 0 10 0.00 M M 1.9 8 80 M M 1 1 12 90
17 87 64 76 -2 0 11 0.00 M M 1.8 9 30 M M 0 18 12 30
18 77 70 74 -4 0 9 0.11 M M 1.1 7 160 M M 5 12 10 170
19 86 71 79 1 0 14 0.29 M M 1.7 8 190 M M 5 1 14 200
20 83 72 78 1 0 13 0.25 M M 3.5 10 200 M M 6 18 15 200
21 89 73 81 4 0 16 0.01 M M 4.1 12 300 M M 3 12 16 290
22 91 70 81 4 0 16 0.00 M M 2.0 7 360 M M 0 1 11 330
23 91 69 80 3 0 15 0.00 M M 2.1 8 190 M M 0 128 13 220
24 92 73 83 6 0 18 0.00 M M 3.0 10 160 M M 3 128 14 150
25 92 71 82 6 0 17 0.00 M M 2.2 8 190 M M 1 18 12 230
26 93 70 82 6 0 17 0.00 M M 1.5 7 220 M M 0 18 10 230
27 91 72 82 6 0 17 0.00 M M 3.5 12 230 M M 1 18 17 220
28 89 70 80 4 0 15 0.51 M M 1.8 18 220 M M 1 13 27 220
29 92 71 82 6 0 17 0.20 M M 2.2 22 140 M M 2 123 29 140
30 84 71 78 3 0 13 T M M 3.0 10 150 M M 0 1 17 160
31 88 69 79 4 0 14 0.48 M M 6.2 21 340 M M 2 13 32 350
================================================================================
SM 2705 2131 0 413 5.63 M 116.7 M 54
================================================================================
AV 87.3 68.7 3.8 FASTST M M 2 MAX(MPH)
MISC ----> 24 190 40 190
================================================================================
NOTES:
# LAST OF SEVERAL OCCURRENCES
COLUMN 17 PEAK WIND IN M.P.H.
PRELIMINARY LOCAL CLIMATOLOGICAL DATA (WS FORM: F-6) , PAGE 2
STATION: POPLAR BLUFF MO
MONTH: AUGUST
YEAR: 2021
LATITUDE: 36 46 N
LONGITUDE: 90 19 W
[TEMPERATURE DATA] [PRECIPITATION DATA] SYMBOLS USED IN COLUMN 16
AVERAGE MONTHLY: 78.0 TOTAL FOR MONTH: 5.63 1 = FOG OR MIST
DPTR FM NORMAL: 0.3 DPTR FM NORMAL: 2.19 2 = FOG REDUCING VISIBILITY
HIGHEST: 93 ON 26,12 GRTST 24HR 2.48 ON 12-13 TO 1/4 MILE OR LESS
LOWEST: 58 ON 5 3 = THUNDER
SNOW, ICE PELLETS, HAIL 4 = ICE PELLETS
TOTAL MONTH: M 5 = HAIL
GRTST 24HR M ON M 6 = FREEZING RAIN OR DRIZZLE
GRTST DEPTH: M ON M 7 = DUSTSTORM OR SANDSTORM:
VSBY 1/2 MILE OR LESS
8 = SMOKE OR HAZE
[NO. OF DAYS WITH] [WEATHER - DAYS WITH] 9 = BLOWING SNOW
X = TORNADO
MAX 32 OR BELOW: 0 0.01 INCH OR MORE: 12
MAX 90 OR ABOVE: 11 0.10 INCH OR MORE: 10
MIN 32 OR BELOW: 0 0.50 INCH OR MORE: 3
MIN 0 OR BELOW: 0 1.00 INCH OR MORE: 2
[HDD (BASE 65) ]
TOTAL THIS MO. 0 CLEAR (SCALE 0-3) 26
DPTR FM NORMAL 0 PTCLDY (SCALE 4-7) 5
TOTAL FM JUL 1 0 CLOUDY (SCALE 8-10) 0
DPTR FM NORMAL 0
[CDD (BASE 65) ]
TOTAL THIS MO. 413
DPTR FM NORMAL 18 [PRESSURE DATA]
TOTAL FM JAN 1 1315 HIGHEST SLP M ON M
DPTR FM NORMAL -76 LOWEST SLP 29.65 ON 31
[REMARKS]
#FINAL-08-21#