000
CXUS56 KFGZ 010910
CF6PRC
PRELIMINARY LOCAL CLIMATOLOGICAL DATA (WS FORM: F-6)
STATION: PRESCOTT AZ AIRPORT
MONTH: DECEMBER
YEAR: 2021
LATITUDE: 34 39 N
LONGITUDE: 112 26 W
TEMPERATURE IN F: :PCPN: SNOW: WIND :SUNSHINE: SKY :PK WND
================================================================================
1 2 3 4 5 6A 6B 7 8 9 10 11 12 13 14 15 16 17 18
12Z AVG MX 2MIN
DY MAX MIN AVG DEP HDD CDD WTR SNW DPTH SPD SPD DIR MIN PSBL S-S WX SPD DR
================================================================================
1 69 30 50 9 15 0 0.00 M M 5.0 13 200 M M 0 14 200
2 68 33 51 10 14 0 0.00 M M 3.9 12 250 M M 0 15 280
3 65 33 49 8 16 0 0.00 M M 5.1 12 310 M M 0 14 310
4 63 31 47 7 18 0 0.00 M M 4.5 9 180 M M 0 12 140
5 66 31 49 9 16 0 0.00 M M 4.2 10 320 M M 0 12 320
6 66 30 48 8 17 0 0.00 M M 5.6 14 200 M M 0 18 240
7 51 41 46 6 19 0 0.00 M M 5.4 18 220 M M 6 24 220
8 55 38 47 7 18 0 T M M 5.2 18 200 M M 8 23 210
9 51 33 42 3 23 0 0.36 M M 10.9 26 210 M M 8 1 33 230
10 43 24 34 -5 31 0 0.08 M M 8.2 20 280 M M 2 1 25 280
11 47 18 33 -6 32 0 0.00 M M 3.5 9 190 M M 0 10 200
12 59 21 40 1 25 0 0.00 M M 4.5 14 150 M M 0 20 120
13 55 28 42 3 23 0 0.00 M M 8.2 21 140 M M 0 26 140
14 55 32 44 6 21 0 0.25 M M 15.8 36 230 M M 4 1 50 230
15 40 24 32 -6 33 0 T M M 7.7 32 230 M M 1 1 40 200
16 50 20 35 -3 30 0 0.00 M M 4.0 13 240 M M 1 19 160
17 47 23 35 -3 30 0 0.00 M M 7.1 15 310 M M 0 19 300
18 48 17 33 -5 32 0 0.00 M M 5.2 15 10 M M 0 18 360
19 52 18 35 -3 30 0 0.00 M M 4.1 12 190 M M 0 12 200
20 55 22 39 1 26 0 0.00 M M 3.8 10 200 M M 0 12 200
21 48 31 40 2 25 0 0.00 M M 2.2 10 240 M M 2 13 260
22 63 26 45 7 20 0 0.00 M M 3.8 13 220 M M 1 16 190
23 56 42 49 11 16 0 0.08 M M 8.5 18 200 M M 10 1 25 210
24 49 34 42 4 23 0 0.88 M M 11.8 30 240 M M 8 1 43 240
25 48 31 40 2 25 0 0.00 M M 7.5 23 200 M M 5 1 32 190
26 43 33 38 0 27 0 T M M 14.0 30 200 M M 4 18 41 210
27 42 29 36 -2 29 0 0.00 M M 10.5 23 210 M M 3 31 220
28 36 29 33 -5 32 0 0.04 M M 10.5 22 230 M M 9 18 31 210
29 37 32 35 -3 30 0 0.01 M M 7.3 18 190 M M 10 18 23 170
30 44 32 38 0 27 0 0.01 M M 6.5 14 230 M M 8 1 18 200
31 46 33 40 2 25 0 0.22 M M 8.3 23 240 M M 9 18 28 230
================================================================================
SM 1617 899 748 0 1.93 M 212.8 M 99
================================================================================
AV 52.2 29.0 6.9 FASTST M M 3 MAX(MPH)
MISC ----> 36 230 50 230
================================================================================
NOTES:
# LAST OF SEVERAL OCCURRENCES
COLUMN 17 PEAK WIND IN M.P.H.
PRELIMINARY LOCAL CLIMATOLOGICAL DATA (WS FORM: F-6) , PAGE 2
STATION: PRESCOTT AZ AIRPORT
MONTH: DECEMBER
YEAR: 2021
LATITUDE: 34 39 N
LONGITUDE: 112 26 W
[TEMPERATURE DATA] [PRECIPITATION DATA] SYMBOLS USED IN COLUMN 16
AVERAGE MONTHLY: 40.6 TOTAL FOR MONTH: 1.93 1 = FOG OR MIST
DPTR FM NORMAL: 1.7 DPTR FM NORMAL: 0.94 2 = FOG REDUCING VISIBILITY
HIGHEST: 69 ON 1 GRTST 24HR 0.96 ON 23-24 TO 1/4 MILE OR LESS
LOWEST: 17 ON 18 3 = THUNDER
SNOW, ICE PELLETS, HAIL 4 = ICE PELLETS
TOTAL MONTH: 0.0 INCH 5 = HAIL
GRTST 24HR M ON M 6 = FREEZING RAIN OR DRIZZLE
GRTST DEPTH: 0 7 = DUSTSTORM OR SANDSTORM:
VSBY 1/2 MILE OR LESS
8 = SMOKE OR HAZE
[NO. OF DAYS WITH] [WEATHER - DAYS WITH] 9 = BLOWING SNOW
X = TORNADO
MAX 32 OR BELOW: 0 0.01 INCH OR MORE: 9
MAX 90 OR ABOVE: 0 0.10 INCH OR MORE: 4
MIN 32 OR BELOW: 22 0.50 INCH OR MORE: 1
MIN 0 OR BELOW: 0 1.00 INCH OR MORE: 0
[HDD (BASE 65) ]
TOTAL THIS MO. 748 CLEAR (SCALE 0-3) 18
DPTR FM NORMAL -63 PTCLDY (SCALE 4-7) 8
TOTAL FM JUL 1 1529 CLOUDY (SCALE 8-10) 5
DPTR FM NORMAL -80
[CDD (BASE 65) ]
TOTAL THIS MO. 0
DPTR FM NORMAL 0 [PRESSURE DATA]
TOTAL FM JAN 1 1165 HIGHEST SLP M ON M
DPTR FM NORMAL 97 LOWEST SLP 29.49 ON 31
[REMARKS]
#FINAL-12-21#