000
CXUS56 KFGZ 010910
CF6PRC
PRELIMINARY LOCAL CLIMATOLOGICAL DATA (WS FORM: F-6)
STATION: PRESCOTT AZ AIRPORT
MONTH: FEBRUARY
YEAR: 2021
LATITUDE: 34 39 N
LONGITUDE: 112 26 W
TEMPERATURE IN F: :PCPN: SNOW: WIND :SUNSHINE: SKY :PK WND
================================================================================
1 2 3 4 5 6A 6B 7 8 9 10 11 12 13 14 15 16 17 18
12Z AVG MX 2MIN
DY MAX MIN AVG DEP HDD CDD WTR SNW DPTH SPD SPD DIR MIN PSBL S-S WX SPD DR
================================================================================
1 44 26 35 -5 30 0 T M M 2.5 8 190 M M 6 8 200
2 57 36 47 7 18 0 T M M 2.7 10 190 M M 6 12 200
3 61 39 50 10 15 0 0.00 M M 9.4 25 240 M M 3 33 240
4 53 31 42 2 23 0 0.00 M M 7.3 18 350 M M 0 23 350
5 58 27 43 3 22 0 0.00 M M 7.3 16 320 M M 0 20 290
6 59 26 43 3 22 0 0.00 M M 5.3 12 300 M M 0 8 13 300
7 62 25 44 4 21 0 0.00 M M 5.5 12 20 M M 0 14 20
8 62 28 45 4 20 0 0.00 M M 6.1 18 240 M M 0 29 260
9 59 29 44 3 21 0 0.00 M M 6.5 15 200 M M 1 20 230
10 57 36 47 6 18 0 0.00 M M 4.2 10 360 M M 5 14 10
11 61 28 45 4 20 0 0.00 M M 5.3 12 190 M M 0 14 190
12 52 32 42 1 23 0 T M M 6.8 21 10 M M 5 26 270
13 52 29 41 0 24 0 0.24 M M 12.1 38 230 M M 5 1 49 240
14 47 31 39 -2 26 0 0.01 M M 10.0 18 320 M M 5 1 23 330
15 51 25 38 -4 27 0 0.00 M M 10.2 29 230 M M 3 34 230
16 51 31 41 -1 24 0 0.00 M M 13.8 28 230 M M 5 36 350
17 44 24 34 -8 31 0 T M M 8.6 26 320 M M 2 58 34 320
18 47 21 34 -8 31 0 0.00 M M 5.9 14 360 M M 0 17 360
19 59 23 41 -1 24 0 0.00 M M 3.9 14 130 M M 0 17 130
20 60 30 45 3 20 0 T M M 13.6 36 230 M M 1 47 240
21 53 26 40 -2 25 0 0.00 M M 6.3 15 10 M M 0 19 360
22 62 22 42 -1 23 0 0.00 M M 5.1 13 190 M M 0 14 20
23 64 26 45 2 20 0 0.00 M M 7.3 18 230 M M 0 22 250
24 61 28 45 2 20 0 0.00 M M 7.7 23 230 M M 0 28 230
25 52 26 39 -4 26 0 0.00 M M 7.3 21 320 M M 0 30 350
26 61 23 42 -1 23 0 0.00 M M 6.6 18 220 M M 0 21 230
27 55 26 41 -3 24 0 0.00 M M 8.5 21 240 M M 0 26 240
28 44 19 32 -12 33 0 0.00 M M 13.1 30 20 M M 0 37 350
================================================================================
SM 1548 773 654 0 0.25 M 208.9 M 47
================================================================================
AV 55.3 27.6 7.5 FASTST M M 2 MAX(MPH)
MISC ----> 38 230 49 240
================================================================================
NOTES:
# LAST OF SEVERAL OCCURRENCES
COLUMN 17 PEAK WIND IN M.P.H.
PRELIMINARY LOCAL CLIMATOLOGICAL DATA (WS FORM: F-6) , PAGE 2
STATION: PRESCOTT AZ AIRPORT
MONTH: FEBRUARY
YEAR: 2021
LATITUDE: 34 39 N
LONGITUDE: 112 26 W
[TEMPERATURE DATA] [PRECIPITATION DATA] SYMBOLS USED IN COLUMN 16
AVERAGE MONTHLY: 41.4 TOTAL FOR MONTH: 0.25 1 = FOG OR MIST
DPTR FM NORMAL: -0.2 DPTR FM NORMAL: -1.14 2 = FOG REDUCING VISIBILITY
HIGHEST: 64 ON 23 GRTST 24HR 0.25 ON 13-14 TO 1/4 MILE OR LESS
LOWEST: 19 ON 28 3 = THUNDER
SNOW, ICE PELLETS, HAIL 4 = ICE PELLETS
TOTAL MONTH: M 5 = HAIL
GRTST 24HR M ON M 6 = FREEZING RAIN OR DRIZZLE
GRTST DEPTH: M ON M 7 = DUSTSTORM OR SANDSTORM:
VSBY 1/2 MILE OR LESS
8 = SMOKE OR HAZE
[NO. OF DAYS WITH] [WEATHER - DAYS WITH] 9 = BLOWING SNOW
X = TORNADO
MAX 32 OR BELOW: 0 0.01 INCH OR MORE: 2
MAX 90 OR ABOVE: 0 0.10 INCH OR MORE: 1
MIN 32 OR BELOW: 25 0.50 INCH OR MORE: 0
MIN 0 OR BELOW: 0 1.00 INCH OR MORE: 0
[HDD (BASE 65) ]
TOTAL THIS MO. 654 CLEAR (SCALE 0-3) 21
DPTR FM NORMAL -1 PTCLDY (SCALE 4-7) 7
TOTAL FM JUL 1 2976 CLOUDY (SCALE 8-10) 0
DPTR FM NORMAL -196
[CDD (BASE 65) ]
TOTAL THIS MO. 0
DPTR FM NORMAL 0 [PRESSURE DATA]
TOTAL FM JAN 1 0 HIGHEST SLP M ON M
DPTR FM NORMAL 0 LOWEST SLP 29.52 ON 13
[REMARKS]
#FINAL-02-21#