000
CXUS54 KFWD 010831
CF6PRX
PRELIMINARY LOCAL CLIMATOLOGICAL DATA (WS FORM: F-6)
STATION: PARIS
MONTH: FEBRUARY
YEAR: 2023
LATITUDE: 33 37 N
LONGITUDE: 95 27 W
TEMPERATURE IN F: :PCPN: SNOW: WIND :SUNSHINE: SKY :PK WND
================================================================================
1 2 3 4 5 6A 6B 7 8 9 10 11 12 13 14 15 16 17 18
12Z AVG MX 2MIN
DY MAX MIN AVG DEP HDD CDD WTR SNW DPTH SPD SPD DIR MIN PSBL S-S WX SPD DR
================================================================================
1 32 25 29 -15 36 0 0.41 M M 7.5 13 330 M M 10 16 M M
2 36 32 34 -11 31 0 0.26 M M 7.4 12 330 M M 10 16 M M
3 53 29 41 -4 24 0 T M M 5.0 10 340 M M 1 M M
4 58 31 45 0 20 0 0.00 M M 9.1 15 210 M M 1 22 220
5 67 37 52 7 13 0 0.00 M M 6.9 12 200 M M 0 M M
6 70 46 58 13 7 0 0.00 M M 12.8 21 180 M M 6 1 31 160
7 60 51 56 10 9 0 1.06 M M 9.5 15 20 M M 10 1 M M
8 58 38 48 2 17 0 2.92 M M 13.1 22 250 M M 10 13 30 250
9 60 34 47 1 18 0 0.00 M M 6.9 10 340 M M 1 1 M M
10 49 35 42 -4 23 0 0.01 M M 13.6 18 330 M M 10 24 340
11 50 36 43 -3 22 0 T M M 8.6 13 350 M M 6 M M
12 64 30 47 0 18 0 0.00 M M 5.5 12 190 M M 0 M M
13 65 38 52 5 13 0 T M M 7.2 14 150 M M 0 M M
14 69 51 60 13 5 0 0.65 M M 14.6 26 220 M M 4 1 39 230
15 77 43 60 13 5 0 0.00 M M 10.0 18 160 M M 2 24 160
16 68 32 50 2 15 0 T M M 17.5 26 310 M M 6 3 33 310
17 50 29 40 -8 25 0 0.00 M M 8.0 20 330 M M 2 25 350
18 54 26 40 -8 25 0 T M M 7.0 15 200 M M 0 18 200
19 70 40 55 7 10 0 T M M 11.7 16 210 M M 0 25 210
20 78 57 68 19 0 3 0.00 M M 12.1 18 230 M M 0 30 240
21 83 57 70 21 0 5 0.00 M M 12.4 23 190 M M 0 35 190
22 75 58 67 18 0 2 0.42 M M 14.7 26 190 M M 5 1 49 210
23 63 44 54 4 11 0 0.09 M M 13.8 20 340 M M 3 18 30 340
24 49 40 45 -5 20 0 0.55 M M 9.6 14 60 M M 10 1 21 70
25 48 40 44 -6 21 0 0.23 M M 4.1 9 320 M M 10 12 M M
26 69 48 59 9 6 0 0.01 M M 8.9 26 180 M M 8 12 40 180
27 75 52 64 13 1 0 0.04 M M 11.0 30 180 M M 2 18 46 280
28 80 47 64 13 1 0 0.00 M M 7.5 14 210 M M 0 M M
================================================================================
SM 1730 1126 396 10 6.65 M 276.1 M 117
================================================================================
AV 61.8 40.2 9.9 FASTST M M 4 MAX(MPH)
MISC ----> 30 180 49 210
================================================================================
NOTES:
# LAST OF SEVERAL OCCURRENCES
COLUMN 17 PEAK WIND IN M.P.H.
PRELIMINARY LOCAL CLIMATOLOGICAL DATA (WS FORM: F-6) , PAGE 2
STATION: PARIS
MONTH: FEBRUARY
YEAR: 2023
LATITUDE: 33 37 N
LONGITUDE: 95 27 W
[TEMPERATURE DATA] [PRECIPITATION DATA] SYMBOLS USED IN COLUMN 16
AVERAGE MONTHLY: 51.0 TOTAL FOR MONTH: 6.65 1 = FOG OR MIST
DPTR FM NORMAL: 3.6 DPTR FM NORMAL: 3.37 2 = FOG REDUCING VISIBILITY
HIGHEST: 83 ON 21 GRTST 24HR 3.93 ON 7- 8 TO 1/4 MILE OR LESS
LOWEST: 25 ON 1 3 = THUNDER
SNOW, ICE PELLETS, HAIL 4 = ICE PELLETS
TOTAL MONTH: M 5 = HAIL
GRTST 24HR M ON M 6 = FREEZING RAIN OR DRIZZLE
GRTST DEPTH: M ON M 7 = DUSTSTORM OR SANDSTORM:
VSBY 1/2 MILE OR LESS
8 = SMOKE OR HAZE
[NO. OF DAYS WITH] [WEATHER - DAYS WITH] 9 = BLOWING SNOW
X = TORNADO
MAX 32 OR BELOW: 1 0.01 INCH OR MORE: 12
MAX 90 OR ABOVE: 0 0.10 INCH OR MORE: 8
MIN 32 OR BELOW: 8 0.50 INCH OR MORE: 4
MIN 0 OR BELOW: 0 1.00 INCH OR MORE: 2
[HDD (BASE 65) ]
TOTAL THIS MO. 396 CLEAR (SCALE 0-3) 14
DPTR FM NORMAL -98 PTCLDY (SCALE 4-7) 7
TOTAL FM JUL 1 1929 CLOUDY (SCALE 8-10) 7
DPTR FM NORMAL -310
[CDD (BASE 65) ]
TOTAL THIS MO. 10
DPTR FM NORMAL 8 [PRESSURE DATA]
TOTAL FM JAN 1 12 HIGHEST SLP 30.62 ON 3
DPTR FM NORMAL 11 LOWEST SLP 29.48 ON 22
[REMARKS]
#FINAL-02-23#