000
CXUS54 KFWD 010731
CF6PRX
PRELIMINARY LOCAL CLIMATOLOGICAL DATA (WS FORM: F-6)
STATION: PARIS
MONTH: SEPTEMBER
YEAR: 2021
LATITUDE: 33 37 N
LONGITUDE: 95 27 W
TEMPERATURE IN F: :PCPN: SNOW: WIND :SUNSHINE: SKY :PK WND
================================================================================
1 2 3 4 5 6A 6B 7 8 9 10 11 12 13 14 15 16 17 18
12Z AVG MX 2MIN
DY MAX MIN AVG DEP HDD CDD WTR SNW DPTH SPD SPD DIR MIN PSBL S-S WX SPD DR
================================================================================
1 99 74 87 5 0 22 0.00 M M 4.2 7 150 M M 0 M M
2 94 73 84 2 0 19 0.00 M M 7.2 10 90 M M 1 M M
3 96 73 85 4 0 20 0.00 M M 7.2 13 180 M M 1 16 220
4 96 73 85 4 0 20 0.00 M M 6.7 13 210 M M 0 1 M M
5 88 74 81 0 0 16 0.06 M M 5.1 12 70 M M 3 18 M M
6 90 68 79 -1 0 14 0.00 M M 6.4 10 90 M M 0 8 17 130
7 94 63 79 -1 0 14 0.00 M M 4.0 8 100 M M 0 8 M M
8 89 67 78 -2 0 13 0.00 M M 7.9 16 360 M M 1 25 290
9 89 62 76 -3 0 11 0.00 M M 6.3 10 80 M M 0 M M
10 93 63 78 -1 0 13 0.00 M M 5.7 12 170 M M 0 M M
11 91 63 77 -1 0 12 0.00 M M 6.6 12 170 M M 0 M M
12 91 61 76 -2 0 11 0.00 M M 6.5 13 130 M M 0 M M
13 90 69 80 2 0 15 0.00 M M 8.0 13 170 M M 4 17 200
14 M 68 M M M M 0.00 M M 7.8 15 140 M M 5 12 17 160
15 M M M M M M 0.00 M M 7.1 14 40 M M 3 18 60
16 M M M M M M 0.00 M M 7.2 12 60 M M 2 M M
17 90 72 81 5 0 16 0.00 M M 4.7 9 30 M M 3 8 M M
18 92 70 81 5 0 16 0.00 M M 6.2 15 90 M M 3 23 90
19 91 68 80 5 0 15 0.00 M M 5.6 13 150 M M 3 M M
20 98 70 84 9 0 19 0.00 M M 9.1 15 200 M M 0 1 20 200
21 84 62 73 -2 0 8 0.00 M M 11.5 22 360 M M 3 35 350
22 81 52 67 -7 0 2 M M M 9.7 22 360 M M 0 31 340
23 84 52 68 -6 0 3 0.00 M M 5.0 9 50 M M 0 8 M M
24 86 52 69 -4 0 4 0.00 M M 4.2 8 200 M M 0 M M
25 91 55 73 0 0 8 0.00 M M 3.9 7 99 M M 0 M M
26 91 58 75 2 0 10 0.00 M M 6.2 13 170 M M 0 25 170
27 90 60 75 3 0 10 0.00 M M 6.8 13 190 M M 0 20 190
28 93 64 79 7 0 14 0.00 M M 6.5 12 130 M M 2 22 170
29 89 70 80 8 0 15 0.00 M M 8.8 14 140 M M 4 21 140
30 88 66 77 6 0 12 0.00 M M 7.4 29 290 M M 5 128 37 290
================================================================================
SM 2448 1822 0 352 0.06 M 199.7 M 43
================================================================================
AV 90.7 65.1 6.7 FASTST M M 1 MAX(MPH)
MISC ----> 29 290 37 290
================================================================================
NOTES:
# LAST OF SEVERAL OCCURRENCES
COLUMN 17 PEAK WIND IN M.P.H.
PRELIMINARY LOCAL CLIMATOLOGICAL DATA (WS FORM: F-6) , PAGE 2
STATION: PARIS
MONTH: SEPTEMBER
YEAR: 2021
LATITUDE: 33 37 N
LONGITUDE: 95 27 W
[TEMPERATURE DATA] [PRECIPITATION DATA] SYMBOLS USED IN COLUMN 16
AVERAGE MONTHLY: 77.9 TOTAL FOR MONTH: 0.06 1 = FOG OR MIST
DPTR FM NORMAL: 1.2 DPTR FM NORMAL: -3.78 2 = FOG REDUCING VISIBILITY
HIGHEST: 99 ON 1 GRTST 24HR 0.06 ON 5- 5 TO 1/4 MILE OR LESS
LOWEST: 52 ON 24,23 3 = THUNDER
SNOW, ICE PELLETS, HAIL 4 = ICE PELLETS
TOTAL MONTH: M 5 = HAIL
GRTST 24HR M ON M 6 = FREEZING RAIN OR DRIZZLE
GRTST DEPTH: M ON M 7 = DUSTSTORM OR SANDSTORM:
VSBY 1/2 MILE OR LESS
8 = SMOKE OR HAZE
[NO. OF DAYS WITH] [WEATHER - DAYS WITH] 9 = BLOWING SNOW
X = TORNADO
MAX 32 OR BELOW: 0 0.01 INCH OR MORE: 1
MAX 90 OR ABOVE: 18 0.10 INCH OR MORE: 0
MIN 32 OR BELOW: 0 0.50 INCH OR MORE: 0
MIN 0 OR BELOW: 0 1.00 INCH OR MORE: 0
[HDD (BASE 65) ]
TOTAL THIS MO. 0 CLEAR (SCALE 0-3) 24
DPTR FM NORMAL -11 PTCLDY (SCALE 4-7) 6
TOTAL FM JUL 1 0 CLOUDY (SCALE 8-10) 0
DPTR FM NORMAL -10
[CDD (BASE 65) ]
TOTAL THIS MO. 352
DPTR FM NORMAL -10 [PRESSURE DATA]
TOTAL FM JAN 1 1772 HIGHEST SLP 30.36 ON 22
DPTR FM NORMAL -629 LOWEST SLP 29.81 ON 28
[REMARKS]
#FINAL-09-21#