000
CXUS51 KALY 012349
CLSPSF
CLIMATE REPORT
NATIONAL WEATHER SERVICE ALBANY NY
649 PM EST FRI MAR 01 2024
...................................
...THE PITTSFIELD MA CLIMATE SUMMARY FOR THE SEASON, FROM
12/1/2023 TO 2/29/2024...
CLIMATE NORMAL PERIOD: 1991 TO 2020
CLIMATE RECORD PERIOD: 9999 TO 9999
WEATHER OBSERVED NORMAL DEPART LAST YEAR`S
VALUE DATE(S) VALUE FROM VALUE DATE(S)
NORMAL
................................................................
TEMPERATURE (F)
HIGHEST 61 02/27 59 02/15
LOWEST 3 01/20 -17 02/04
AVG. MAXIMUM 37.8 32.9 4.9 37.4
AVG. MINIMUM 23.7 16.6 7.1 21.3
MEAN 30.8 24.7 6.1 29.3
DAYS MAX >= 90 0 0.0 0.0 0
DAYS MAX <= 32 25 43.3 -18.3 29
DAYS MIN <= 32 76 83.5 -7.5 84
DAYS MIN <= 0 0 8.3 -8.3 3
PRECIPITATION (INCHES)
TOTALS 11.22 8.82 2.40 9.50
DAILY AVG. 0.12 0.10
DAYS >= .01 35 36
DAYS >= .10 20 23
DAYS >= .50 8 7
DAYS >= 1.00 3 0
GREATEST
24 HR. TOTAL 2.55 12/17 TO 12/18
DEGREE DAYS
HEATING TOTAL 3092 3620 -528 3183
SINCE 7/1 4527 5277 -750 MM
COOLING TOTAL 0 0 0 0
SINCE 1/1 0 0 0 MM
................................................................
WIND (MPH)
AVERAGE WIND SPEED 6.6
HIGHEST WIND SPEED/DIRECTION 38/300 DATE 02/28
HIGHEST GUST SPEED/DIRECTION 63/300 DATE 02/28
WEATHER CONDITIONS. NUMBER OF DAYS WITH
THUNDERSTORM 0 MIXED PRECIP 0
HEAVY RAIN 6 RAIN 13
LIGHT RAIN 23 FREEZING RAIN 1
LT FREEZING RAIN 2 HAIL 0
HEAVY SNOW 1 SNOW 6
LIGHT SNOW 35 SLEET 0
FOG 47 FOG W/VIS <= 1/4 MILE 12
HAZE 19
- INDICATES NEGATIVE NUMBERS.
R INDICATES RECORD WAS SET OR TIED.
MM INDICATES DATA IS MISSING.
T INDICATES TRACE AMOUNT.
$$