000
CXUS55 KPUB 011955
CLMPUB
CLIMATE REPORT
NATIONAL WEATHER SERVICE
155 PM MDT THU JUN 01 2023
...................................
...THE PUEBLO CO CLIMATE SUMMARY FOR THE MONTH OF MAY 2023...
CLIMATE NORMAL PERIOD 1991 TO 2020
CLIMATE RECORD PERIOD 1888 TO 2023
WEATHER OBSERVED NORMAL DEPART LAST YEAR`S
VALUE DATE(S) VALUE FROM VALUE DATE(S)
NORMAL
................................................................
TEMPERATURE (F)
RECORD
HIGH 102 05/31/2002
05/30/2000
05/29/2000
LOW 23 05/03/2013
05/03/2011
HIGHEST 90 05/09 80 10 95 05/17
LOWEST 41 05/01 40 1 31 05/03
AVG. MAXIMUM 78.4 77.2 1.2 78.1
AVG. MINIMUM 49.4 45.6 3.8 44.2
MEAN 63.9 61.4 2.5 61.1
DAYS MAX >= 90 1 3.8 -2.8
DAYS MAX <= 32 0 0.0 0.0
DAYS MIN <= 32 0 1.5 -1.5
DAYS MIN <= 0 0 0.0 0.0
PRECIPITATION (INCHES)
RECORD
MAXIMUM 5.55 2015
MINIMUM T 2004
TOTALS 1.14 1.57 -0.43 2.41
DAILY AVG. 0.04 0.05 -0.01
DAYS >= .01 9 7.9 1.1
DAYS >= .10 3 3.4 -0.4
DAYS >= .50 1 0.8 0.2
DAYS >= 1.00 0 0.4 -0.4
GREATEST
24 HR. TOTAL 0.69 05/11 TO 05/12
SNOWFALL (INCHES)
RECORDS
TOTAL 10.6 1990
TOTALS T 0.0 0.0 3.2
SINCE 7/1 19.1 28.3 -9.2 MM
SNOWDEPTH AVG. 0
DAYS >= 1.0 0 0.0 0.0
GREATEST
SNOW DEPTH 0 2
24 HR TOTAL T 05/11 TO 05/11 3.2
DEGREE DAYS
HEATING TOTAL 62 158 -96 175
SINCE 7/1 5476 5318 158 MM
COOLING TOTAL 34 47 -13 62
SINCE 1/1 35 49 -14 MM
................................................................
WIND (MPH)
AVERAGE WIND SPEED 8.4
HIGHEST WIND SPEED/DIRECTION 37/140 DATE 05/10
HIGHEST GUST SPEED/DIRECTION 54/140 DATE 05/14
SKY COVER
POSSIBLE SUNSHINE (PERCENT) MM
AVERAGE SKY COVER 0.28
NUMBER OF DAYS FAIR 21
NUMBER OF DAYS PC 7
NUMBER OF DAYS CLOUDY 3
AVERAGE RH (PERCENT) 53
WEATHER CONDITIONS. NUMBER OF DAYS WITH
THUNDERSTORM 10 MIXED PRECIP 0
HEAVY RAIN 3 RAIN 4
LIGHT RAIN 16 FREEZING RAIN 0
LT FREEZING RAIN 0 HAIL 1
HEAVY SNOW 0 SNOW 0
LIGHT SNOW 0 SLEET 0
FOG 7 FOG W/VIS <= 1/4 MILE 0
HAZE 7
- INDICATES NEGATIVE NUMBERS.
R INDICATES RECORD WAS SET OR TIED.
MM INDICATES DATA IS MISSING.
T INDICATES TRACE AMOUNT.
$$