000
CXUS56 KOTX 011010
CF6PUW
PRELIMINARY LOCAL CLIMATOLOGICAL DATA (WS FORM: F-6)
STATION: PULLMAN_MOSCOW AIRPORT
MONTH: JANUARY
YEAR: 2024
LATITUDE: 46 44 N
LONGITUDE: 117 7 W
TEMPERATURE IN F: :PCPN: SNOW: WIND :SUNSHINE: SKY :PK WND
================================================================================
1 2 3 4 5 6A 6B 7 8 9 10 11 12 13 14 15 16 17 18
12Z AVG MX 2MIN
DY MAX MIN AVG DEP HDD CDD WTR SNW DPTH SPD SPD DIR MIN PSBL S-S WX SPD DR
================================================================================
1 42 27 35 4 30 0 0.00 M M 3.8 14 110 M M 5 12 16 120
2 38 30 34 3 31 0 0.00 M M 10.0 21 100 M M 1 24 100
3 36 30 33 2 32 0 0.01 M M 1.7 7 240 M M 10 12 9 40
4 39 33 36 4 29 0 0.04 M M 4.9 18 230 M M 10 12 21 240
5 39 31 35 3 30 0 0.00 M M 11.0 21 280 M M 6 1 27 250
6 36 30 33 1 32 0 0.15 M M 12.1 21 240 M M 8 12 27 240
7 32 10 21 -11 44 0 T M M 5.2 13 250 M M 6 1 17 250
8 32 20 26 -6 39 0 0.03 M M 9.0 23 140 M M 10 16 27 130
9 39 31 35 3 30 0 0.18 M M 25.6 43 250 M M 8 16 56 250
10 32 28 30 -2 35 0 0.05 M M 8.1 17 260 M M 9 1 24 250
11 31 16 24 -8 41 0 0.12 M M 13.8 30 240 M M 10 128 42 250
12 16 -19 -1 -33 66 0 0.03 M M 8.0 16 280 M M 5 1 21 270
13 4 -21 -8 -40 73 0 T M M 6.3 17 100 M M 0 22 100
14 4 -10 -3 -36 68 0 T T M 2.6 10 300 M M 9 18 11 300
15 8 -11 -1 -34 66 0 0.00 M M 2.0 10 100 M M 1 18 12 100
16 20 7 14 -19 51 0 T M M 8.7 18 100 M M 1 18 23 90
17 28 1 15 -18 50 0 0.25 M M 9.8 24 150 M M 9 1289 31 140
18 M M M M M M M M M M M M M M M 12 M M
19 27 M M M M M M M M 2.3 9 250 M M 5 1 10 250
20 37 20 29 -4 36 0 0.02 M M 8.0 18 90 M M 9 126 21 90
21 40 35 38 5 27 0 0.14 M M 10.4 14 100 M M 10 1 16 90
22 43 36 40 7 25 0 0.17 M M 7.4 14 90 M M 10 1 16 90
23 45 34 40 7 25 0 0.05 M M 5.5 13 130 M M 8 1 16 130
24 39 34 37 3 28 0 0.15 M M 9.1 16 100 M M 5 1 20 90
25 45 34 40 6 25 0 T M M 3.0 14 220 M M 9 19 250
26 46 34 40 6 25 0 0.02 M M 9.5 17 150 M M 4 22 150
27 46 38 42 8 23 0 0.33 M M 13.2 20 130 M M 9 1 23 110
28 49 43 46 12 19 0 0.01 M M 10.3 16 130 M M 7 21 100
29 57 41 49 15 16 0 0.00 M M 14.1 21 130 M M 1 25 100
30 50 42 46 12 19 0 0.00 M M 10.4 17 100 M M 0 20 100
31 54 43 49 15 16 0 0.00 M M 11.1 22 100 M M 3 25 100
================================================================================
SM 1054 667 1031 0 1.75 T 256.9 M 188
================================================================================
AV 35.1 23.0 8.6 FASTST M M 6 MAX(MPH)
MISC ----> 43 250 56 250
================================================================================
NOTES:
# LAST OF SEVERAL OCCURRENCES
COLUMN 17 PEAK WIND IN M.P.H.
PRELIMINARY LOCAL CLIMATOLOGICAL DATA (WS FORM: F-6) , PAGE 2
STATION: PULLMAN_MOSCOW AIRPORT
MONTH: JANUARY
YEAR: 2024
LATITUDE: 46 44 N
LONGITUDE: 117 7 W
[TEMPERATURE DATA] [PRECIPITATION DATA] SYMBOLS USED IN COLUMN 16
AVERAGE MONTHLY: 29.1 TOTAL FOR MONTH: 1.75 1 = FOG OR MIST
DPTR FM NORMAL: -3.6 DPTR FM NORMAL: -0.40 2 = FOG REDUCING VISIBILITY
HIGHEST: 57 ON 29 GRTST 24HR 0.42 ON 27-28 TO 1/4 MILE OR LESS
LOWEST: -21 ON 13 3 = THUNDER
SNOW, ICE PELLETS, HAIL 4 = ICE PELLETS
TOTAL MONTH: T 5 = HAIL
GRTST 24HR T ON 14-14 6 = FREEZING RAIN OR DRIZZLE
GRTST DEPTH: M ON M 7 = DUSTSTORM OR SANDSTORM:
VSBY 1/2 MILE OR LESS
8 = SMOKE OR HAZE
[NO. OF DAYS WITH] [WEATHER - DAYS WITH] 9 = BLOWING SNOW
X = TORNADO
MAX 32 OR BELOW: 11 0.01 INCH OR MORE: 17
MAX 90 OR ABOVE: 0 0.10 INCH OR MORE: 8
MIN 32 OR BELOW: 17 0.50 INCH OR MORE: 0
MIN 0 OR BELOW: 4 1.00 INCH OR MORE: 0
[HDD (BASE 65) ]
TOTAL THIS MO. 1031 CLEAR (SCALE 0-3) 6
DPTR FM NORMAL 30 PTCLDY (SCALE 4-7) 9
TOTAL FM JUL 1 3370 CLOUDY (SCALE 8-10) 16
DPTR FM NORMAL -257
[CDD (BASE 65) ]
TOTAL THIS MO. 0
DPTR FM NORMAL 0 [PRESSURE DATA]
TOTAL FM JAN 1 0 HIGHEST SLP M ON M
DPTR FM NORMAL 0 LOWEST SLP 29.52 ON 10
[REMARKS]
#FINAL-01-24#