000
CXUS54 KOUN 010810
CF6PWA
PRELIMINARY LOCAL CLIMATOLOGICAL DATA (WS FORM: F-6)
STATION: BETHANY/WILEY POST
MONTH: OCTOBER
YEAR: 2021
LATITUDE: 35 31 N
LONGITUDE: 97 38 W
TEMPERATURE IN F: :PCPN: SNOW: WIND :SUNSHINE: SKY :PK WND
================================================================================
1 2 3 4 5 6A 6B 7 8 9 10 11 12 13 14 15 16 17 18
12Z AVG MX 2MIN
DY MAX MIN AVG DEP HDD CDD WTR SNW DPTH SPD SPD DIR MIN PSBL S-S WX SPD DR
================================================================================
1 78 62 70 2 0 5 0.00 M M 3.7 10 20 M M 4 18 13 340
2 80 63 72 4 0 7 0.98 M M 4.5 18 260 M M 7 138 22 250
3 83 58 71 3 0 6 0.00 M M 6.6 20 360 M M 0 18 27 360
4 87 53 70 3 0 5 0.00 M M 4.1 12 90 M M 0 15 90
5 83 55 69 2 0 4 0.00 M M 4.3 16 80 M M 0 22 80
6 83 55 69 3 0 4 0.00 M M 4.7 14 10 M M 0 19 360
7 90 57 74 8 0 9 T M M 11.5 21 160 M M 1 26 160
8 94 69 82 16 0 17 0.00 M M 16.5 23 190 M M 0 29 200
9 92 72 82 17 0 17 T M M 19.3 28 190 M M 0 35 190
10 85 58 72 7 0 7 1.11 M M 18.5 53 290 M M 4 123 65 280
11 78 56 67 3 0 2 0.02 M M 8.6 23 300 M M 2 1 30 300
12 78 60 69 5 0 4 0.00 M M 17.3 37 170 M M 4 3 48 160
13 78 60 69 5 0 4 0.57 M M 11.5 33 180 M M 4 138 43 190
14 77 52 65 2 0 0 0.35 0.0 M 6.3 14 210 M M 5 13 19 160
15 69 46 58 -5 7 0 0.04 M M 13.8 25 340 M M 4 1 31 360
16 72 41 57 -5 8 0 0.00 M M 4.6 13 340 M M 0 18 300
17 77 47 62 0 3 0 0.00 M M 10.4 17 210 M M 0 24 210
18 74 43 59 -3 6 0 0.00 0.0 M 13.5 22 150 M M 0 29 170
19 80 58 69 8 0 4 0.00 0.0 M 19.7 30 170 M M 0 37 160
20 75 55 65 4 0 0 0.00 0.0 M 9.8 21 180 M M 0 27 180
21 74 43 59 -1 6 0 0.00 M M 4.8 14 10 M M 2 17 30
22 79 51 65 5 0 0 0.07 M M 10.9 21 190 M M 3 3 26 180
23 86 64 75 15 0 10 0.00 M M 18.4 26 170 M M 0 33 190
24 78 54 66 7 0 1 0.00 M M 14.0 28 200 M M 1 36 200
25 75 50 63 4 2 0 0.00 M M 7.3 16 110 M M 0 20 110
26 80 59 70 12 0 5 0.10 M M 21.5 38 210 M M 3 138 54 220
27 64 55 60 2 5 0 0.14 M M 16.5 31 340 M M 9 13 44 330
28 68 52 60 2 5 0 T M M 23.7 40 330 M M 1 52 340
29 67 41 54 -3 11 0 0.00 M M 16.0 31 350 M M 0 40 350
30 74 35 55 -2 10 0 0.00 M M 5.0 13 210 M M 0 16 210
31 65 42 54 -2 11 0 0.00 M M 11.8 20 30 M M 0 8 24 10
================================================================================
SM 2423 1666 74 111 3.38 0.0 359.1 M 54
================================================================================
AV 78.2 53.7 11.6 FASTST M M 2 MAX(MPH)
MISC ----> 53 290 65 280
================================================================================
NOTES:
# LAST OF SEVERAL OCCURRENCES
COLUMN 17 PEAK WIND IN M.P.H.
PRELIMINARY LOCAL CLIMATOLOGICAL DATA (WS FORM: F-6) , PAGE 2
STATION: BETHANY/WILEY POST
MONTH: OCTOBER
YEAR: 2021
LATITUDE: 35 31 N
LONGITUDE: 97 38 W
[TEMPERATURE DATA] [PRECIPITATION DATA] SYMBOLS USED IN COLUMN 16
AVERAGE MONTHLY: 66.0 TOTAL FOR MONTH: 3.38 1 = FOG OR MIST
DPTR FM NORMAL: 3.6 DPTR FM NORMAL: 0.66 2 = FOG REDUCING VISIBILITY
HIGHEST: 94 ON 8 GRTST 24HR 1.13 ON 10-11 TO 1/4 MILE OR LESS
LOWEST: 35 ON 30 3 = THUNDER
SNOW, ICE PELLETS, HAIL 4 = ICE PELLETS
TOTAL MONTH: 0.0 INCH 5 = HAIL
GRTST 24HR 0.0 6 = FREEZING RAIN OR DRIZZLE
GRTST DEPTH: M ON M 7 = DUSTSTORM OR SANDSTORM:
VSBY 1/2 MILE OR LESS
8 = SMOKE OR HAZE
[NO. OF DAYS WITH] [WEATHER - DAYS WITH] 9 = BLOWING SNOW
X = TORNADO
MAX 32 OR BELOW: 0 0.01 INCH OR MORE: 9
MAX 90 OR ABOVE: 3 0.10 INCH OR MORE: 6
MIN 32 OR BELOW: 0 0.50 INCH OR MORE: 3
MIN 0 OR BELOW: 0 1.00 INCH OR MORE: 1
[HDD (BASE 65) ]
TOTAL THIS MO. 74 CLEAR (SCALE 0-3) 22
DPTR FM NORMAL -87 PTCLDY (SCALE 4-7) 8
TOTAL FM JUL 1 74 CLOUDY (SCALE 8-10) 1
DPTR FM NORMAL -102
[CDD (BASE 65) ]
TOTAL THIS MO. 111
DPTR FM NORMAL 32 [PRESSURE DATA]
TOTAL FM JAN 1 2235 HIGHEST SLP M ON M
DPTR FM NORMAL 74 LOWEST SLP 29.39 ON 27
[REMARKS]
#FINAL-10-21#