000
CXUS54 KFWD 010831
CF6PWG
PRELIMINARY LOCAL CLIMATOLOGICAL DATA (WS FORM: F-6)
STATION: WACO MCGREGOR
MONTH: NOVEMBER
YEAR: 2022
LATITUDE: 31 28 N
LONGITUDE: 97 19 W
TEMPERATURE IN F: :PCPN: SNOW: WIND :SUNSHINE: SKY :PK WND
================================================================================
1 2 3 4 5 6A 6B 7 8 9 10 11 12 13 14 15 16 17 18
12Z AVG MX 2MIN
DY MAX MIN AVG DEP HDD CDD WTR SNW DPTH SPD SPD DIR MIN PSBL S-S WX SPD DR
================================================================================
1 75 57 66 4 0 1 0.00 M M 6.4 13 100 M M 2 1 M M
2 78 56 67 5 0 2 0.00 M M 5.9 12 130 M M 4 12 M M
3 M M M M M M 0.00 M M M M M M M 0 M M
4 84 52 68 7 0 3 0.53 M M 13.8 25 170 M M 2 13 36 190
5 68 47 58 -3 7 0 0.00 M M 7.4 15 170 M M 0 M M
6 84 50 67 7 0 2 0.00 M M 9.3 15 170 M M 0 22 180
7 76 69 73 13 0 8 0.02 M M 5.5 9 110 M M 6 12 M M
8 80 63 72 12 0 7 0.00 M M 5.1 16 150 M M 5 12 M M
9 81 64 73 14 0 8 0.00 M M 8.2 16 140 M M 3 1 M M
10 78 62 70 11 0 5 0.00 M M 8.8 14 140 M M 7 1 M M
11 69 40 55 -3 10 0 0.78 M M 13.5 26 10 M M 7 13 30 350
12 53 34 44 -14 21 0 0.00 M M 9.6 17 360 M M 0 22 330
13 56 28 42 -16 23 0 0.00 M M 4.6 10 120 M M 0 M M
14 48 43 46 -11 19 0 0.26 M M 10.2 18 340 M M 10 1 23 340
15 49 37 43 -14 22 0 0.00 M M 9.9 18 340 M M 5 22 340
16 52 37 45 -11 20 0 0.00 M M 2.9 8 60 M M 3 1 M M
17 62 37 50 -6 15 0 0.00 M M 3.4 8 180 M M 2 M M
18 55 38 47 -9 18 0 0.00 M M 6.0 14 360 M M 7 M M
19 44 35 40 -15 25 0 T M M 10.0 16 360 M M 7 M M
20 49 29 39 -16 26 0 0.09 M M 3.9 7 290 M M 3 M M
21 45 41 43 -11 22 0 0.11 M M 2.5 7 170 M M 9 M M
22 59 43 51 -3 14 0 T M M 1.6 8 140 M M 9 1 M M
23 61 52 57 3 8 0 0.12 M M 2.9 8 150 M M 10 M M
24 64 56 60 7 5 0 2.37 M M 6.3 13 350 M M 9 13 M M
25 56 53 55 2 10 0 0.05 M M 10.3 17 10 M M 10 1 23 10
26 56 46 51 -1 14 0 0.56 M M 7.9 17 240 M M 7 1 26 240
27 65 39 52 0 13 0 0.00 M M 4.3 9 330 M M 0 M M
28 71 39 55 3 10 0 0.00 M M 8.2 17 160 M M 1 21 170
29 84 47 66 15 0 1 T M M 10.8 23 340 M M 4 1 37 350
30 52 35 44 -7 21 0 0.00 M M 12.3 26 340 M M 0 35 340
================================================================================
SM 1854 1329 323 37 4.89 M 211.5 M 132
================================================================================
AV 63.9 45.8 7.3 FASTST M M 4 MAX(MPH)
MISC ----> # 26 10 37 350
================================================================================
NOTES:
# LAST OF SEVERAL OCCURRENCES
COLUMN 17 PEAK WIND IN M.P.H.
PRELIMINARY LOCAL CLIMATOLOGICAL DATA (WS FORM: F-6) , PAGE 2
STATION: WACO MCGREGOR
MONTH: NOVEMBER
YEAR: 2022
LATITUDE: 31 28 N
LONGITUDE: 97 19 W
[TEMPERATURE DATA] [PRECIPITATION DATA] SYMBOLS USED IN COLUMN 16
AVERAGE MONTHLY: 54.9 TOTAL FOR MONTH: 4.89 1 = FOG OR MIST
DPTR FM NORMAL: -1.7 DPTR FM NORMAL: 2.01 2 = FOG REDUCING VISIBILITY
HIGHEST: 84 ON 29, 6 GRTST 24HR 2.37 ON 24-24 TO 1/4 MILE OR LESS
LOWEST: 28 ON 13 3 = THUNDER
SNOW, ICE PELLETS, HAIL 4 = ICE PELLETS
TOTAL MONTH: M 5 = HAIL
GRTST 24HR M ON M 6 = FREEZING RAIN OR DRIZZLE
GRTST DEPTH: M ON M 7 = DUSTSTORM OR SANDSTORM:
VSBY 1/2 MILE OR LESS
8 = SMOKE OR HAZE
[NO. OF DAYS WITH] [WEATHER - DAYS WITH] 9 = BLOWING SNOW
X = TORNADO
MAX 32 OR BELOW: 0 0.01 INCH OR MORE: 10
MAX 90 OR ABOVE: 0 0.10 INCH OR MORE: 7
MIN 32 OR BELOW: 2 0.50 INCH OR MORE: 4
MIN 0 OR BELOW: 0 1.00 INCH OR MORE: 1
[HDD (BASE 65) ]
TOTAL THIS MO. 323 CLEAR (SCALE 0-3) 12
DPTR FM NORMAL 46 PTCLDY (SCALE 4-7) 12
TOTAL FM JUL 1 367 CLOUDY (SCALE 8-10) 6
DPTR FM NORMAL 12
[CDD (BASE 65) ]
TOTAL THIS MO. 37
DPTR FM NORMAL 12 [PRESSURE DATA]
TOTAL FM JAN 1 3478 HIGHEST SLP 30.54 ON 16
DPTR FM NORMAL 1014 LOWEST SLP 29.67 ON 29
[REMARKS]
#FINAL-11-22#