000
CXUS53 KMKX 240810
CF6RAC
PRELIMINARY LOCAL CLIMATOLOGICAL DATA (WS FORM: F-6)
STATION: RACINE WI
MONTH: APRIL
YEAR: 2024
LATITUDE: 42 45 N
LONGITUDE: 87 49 W
TEMPERATURE IN F: :PCPN: SNOW: WIND :SUNSHINE: SKY :PK WND
================================================================================
1 2 3 4 5 6A 6B 7 8 9 10 11 12 13 14 15 16 17 18
12Z AVG MX 2MIN
DY MAX MIN AVG DEP HDD CDD WTR SNW DPTH SPD SPD DIR MIN PSBL S-S WX SPD DR
================================================================================
1 47 39 43 3 22 0 0.42 M M 14.5 23 90 M M 7 1 33 20
2 41 35 38 -3 27 0 0.90 M M 15.4 25 40 M M 10 18 35 330
3 41 34 38 -3 27 0 0.23 M M 12.8 23 20 M M 10 18 35 20
4 43 35 39 -2 26 0 0.06 M M 14.1 26 360 M M 10 1 41 10
5 50 33 42 0 23 0 0.00 M M 9.4 20 40 M M 5 28 20
6 50 29 40 -2 25 0 0.00 M M 6.4 12 50 M M 0 20 40
7 46 32 39 -3 26 0 0.30 M M 10.4 18 120 M M 6 8 26 130
8 68 43 56 13 9 0 0.00 M M 9.4 24 220 M M 1 34 210
9 63 46 55 12 10 0 0.00 M M 6.7 22 260 M M 1 33 270
10 65 45 55 12 10 0 0.00 M M 6.4 17 170 M M 1 24 170
11 57 47 52 8 13 0 0.01 M M 6.2 14 10 M M 8 20 330
12 65 46 56 12 9 0 0.02 M M 12.3 28 300 M M 5 43 310
13 67 42 55 11 10 0 0.00 M M 9.0 22 220 M M 0 34 210
14 77 48 63 18 2 0 0.00 M M 10.0 21 220 M M 0 33 220
15 69 45 57 12 8 0 0.00 M M 6.5 16 20 M M 0 21 20
16 61 45 53 8 12 0 0.75 M M 14.0 25 120 M M 5 13 36 140
17 66 51 59 13 6 0 0.31 M M 14.5 26 260 M M 10 13 41 270
18 54 45 50 4 15 0 0.11 M M 3.9 15 310 M M 7 1 22 330
19 56 39 48 2 17 0 0.00 M M 14.4 28 270 M M 2 41 240
20 45 34 40 -7 25 0 0.00 M M 9.8 20 270 M M 7 33 260
21 58 32 45 -2 20 0 0.00 M M 7.1 15 300 M M 1 25 340
22 68 42 55 8 10 0 0.01 M M 12.0 25 200 M M 1 38 210
23 71 39 55 7 10 0 T M M 15.5 29 20 M M 4 41 20
================================================================================
SM 1328 926 362 0 3.12 M 240.7 M 101
================================================================================
AV 57.7 40.3 10.5 FASTST M M 4 MAX(MPH)
MISC ----> 29 20 43 310
================================================================================
NOTES:
# LAST OF SEVERAL OCCURRENCES
COLUMN 17 PEAK WIND IN M.P.H.
PRELIMINARY LOCAL CLIMATOLOGICAL DATA (WS FORM: F-6) , PAGE 2
STATION: RACINE WI
MONTH: APRIL
YEAR: 2024
LATITUDE: 42 45 N
LONGITUDE: 87 49 W
[TEMPERATURE DATA] [PRECIPITATION DATA] SYMBOLS USED IN COLUMN 16
AVERAGE MONTHLY: 49.0 TOTAL FOR MONTH: 3.12 1 = FOG OR MIST
DPTR FM NORMAL: 5.0 DPTR FM NORMAL: 0.28 2 = FOG REDUCING VISIBILITY
HIGHEST: 77 ON 14 GRTST 24HR 1.13 ON 1- 2 TO 1/4 MILE OR LESS
LOWEST: 29 ON 6 3 = THUNDER
SNOW, ICE PELLETS, HAIL 4 = ICE PELLETS
TOTAL MONTH: M 5 = HAIL
GRTST 24HR M ON M 6 = FREEZING RAIN OR DRIZZLE
GRTST DEPTH: M ON M 7 = DUSTSTORM OR SANDSTORM:
VSBY 1/2 MILE OR LESS
8 = SMOKE OR HAZE
[NO. OF DAYS WITH] [WEATHER - DAYS WITH] 9 = BLOWING SNOW
X = TORNADO
MAX 32 OR BELOW: 0 0.01 INCH OR MORE: 11
MAX 90 OR ABOVE: 0 0.10 INCH OR MORE: 7
MIN 32 OR BELOW: 3 0.50 INCH OR MORE: 2
MIN 0 OR BELOW: 0 1.00 INCH OR MORE: 0
[HDD (BASE 65) ]
TOTAL THIS MO. 362 CLEAR (SCALE 0-3) 10
DPTR FM NORMAL -120 PTCLDY (SCALE 4-7) 8
TOTAL FM JUL 1 4972 CLOUDY (SCALE 8-10) 5
DPTR FM NORMAL -1225
[CDD (BASE 65) ]
TOTAL THIS MO. 0
DPTR FM NORMAL 0 [PRESSURE DATA]
TOTAL FM JAN 1 0 HIGHEST SLP M ON M
DPTR FM NORMAL 0 LOWEST SLP 29.09 ON 3
[REMARKS]