000
CXUS56 KMFR 010930
CF6RBG
PRELIMINARY LOCAL CLIMATOLOGICAL DATA (WS FORM: F-6)
STATION: ROSEBURG OR
MONTH: SEPTEMBER
YEAR: 2023
LATITUDE: 43 13 N
LONGITUDE: 123 22 W
TEMPERATURE IN F: :PCPN: SNOW: WIND :SUNSHINE: SKY :PK WND
================================================================================
1 2 3 4 5 6A 6B 7 8 9 10 11 12 13 14 15 16 17 18
12Z AVG MX 2MIN
DY MAX MIN AVG DEP HDD CDD WTR SNW DPTH SPD SPD DIR MIN PSBL S-S WX SPD DR
================================================================================
1 75 63 69 -1 0 4 0.05 M M 4.4 15 10 M M 9 1 21 20
2 85 60 73 4 0 8 0.00 M M 3.9 16 330 M M 3 1238 25 340
3 80 59 70 1 0 5 0.08 M M 3.0 14 290 M M 6 18 25 310
4 75 57 66 -3 0 1 0.04 M M 3.7 13 360 M M 6 1 19 310
5 80 49 65 -4 0 0 0.00 M M 3.3 14 10 M M 0 20 360
6 84 50 67 -2 0 2 0.00 M M 3.0 14 330 M M 0 8 21 330
7 80 53 67 -1 0 2 0.00 M M 3.1 13 340 M M 3 8 20 330
8 86 50 68 0 0 3 0.00 M M 3.0 14 360 M M 0 8 18 360
9 90 56 73 5 0 8 0.00 M M 2.4 14 10 M M 0 21 340
10 86 55 71 3 0 6 0.00 M M 2.2 14 20 M M 0 20 320
11 80 54 67 -1 0 2 0.00 M M 3.8 14 330 M M 2 20 340
12 85 52 69 2 0 4 0.00 M M 2.7 15 10 M M 0 20 30
13 86 57 72 5 0 7 0.00 M M 5.0 17 10 M M 3 24 10
14 96 53 75 8 0 10 0.00 M M 2.8 9 350 M M 0 M M
15 97 55 76 9 0 11 0.00 M M 2.2 10 360 M M 0 15 330
16 92 57 75 9 0 10 0.00 M M 3.3 14 20 M M 0 19 20
17 90 54 72 6 0 7 0.00 M M 3.3 15 20 M M 0 22 20
18 83 57 70 4 0 5 0.00 M M 4.3 17 360 M M 0 24 360
19 77 51 64 -2 1 0 0.00 M M 5.7 15 10 M M 0 24 360
20 72 49 61 -4 4 0 0.04 M M 3.8 17 20 M M 4 1 23 20
21 75 45 60 -5 5 0 0.00 M M 4.3 18 360 M M 0 26 20
22 81 46 64 0 1 0 0.00 M M 1.8 12 320 M M 1 8 18 310
23 72 50 61 -3 4 0 0.00 M M 2.5 12 320 M M 2 8 20 310
24 60 53 57 -7 8 0 0.20 M M 0.9 7 20 M M 8 18 8 10
25 64 57 61 -3 4 0 0.75 M M 4.8 20 140 M M 9 1 33 140
26 70 54 62 -1 3 0 0.02 M M 3.6 15 160 M M 5 22 190
27 67 49 58 -5 7 0 0.09 M M 2.7 13 320 M M 6 1 22 310
28 71 47 59 -3 6 0 T M M 1.5 7 360 M M 6 11 20
29 61 56 59 -3 6 0 0.96 M M 1.8 8 360 M M 10 1 12 360
30 68 48 58 -4 7 0 0.00 M M 3.3 17 20 M M 6 26 20
================================================================================
SM 2368 1596 56 95 2.23 M 96.1 M 89
================================================================================
AV 78.9 53.2 3.2 FASTST M M 3 MAX(MPH)
MISC ----> 20 140 33 140
================================================================================
NOTES:
# LAST OF SEVERAL OCCURRENCES
COLUMN 17 PEAK WIND IN M.P.H.
PRELIMINARY LOCAL CLIMATOLOGICAL DATA (WS FORM: F-6) , PAGE 2
STATION: ROSEBURG OR
MONTH: SEPTEMBER
YEAR: 2023
LATITUDE: 43 13 N
LONGITUDE: 123 22 W
[TEMPERATURE DATA] [PRECIPITATION DATA] SYMBOLS USED IN COLUMN 16
AVERAGE MONTHLY: 66.1 TOTAL FOR MONTH: 2.23 1 = FOG OR MIST
DPTR FM NORMAL: 0.0 DPTR FM NORMAL: 1.38 2 = FOG REDUCING VISIBILITY
HIGHEST: 97 ON 15 GRTST 24HR 0.96 ON 28-29 TO 1/4 MILE OR LESS
LOWEST: 45 ON 21 3 = THUNDER
SNOW, ICE PELLETS, HAIL 4 = ICE PELLETS
TOTAL MONTH: M 5 = HAIL
GRTST 24HR M ON M 6 = FREEZING RAIN OR DRIZZLE
GRTST DEPTH: M ON M 7 = DUSTSTORM OR SANDSTORM:
VSBY 1/2 MILE OR LESS
8 = SMOKE OR HAZE
[NO. OF DAYS WITH] [WEATHER - DAYS WITH] 9 = BLOWING SNOW
X = TORNADO
MAX 32 OR BELOW: 0 0.01 INCH OR MORE: 9
MAX 90 OR ABOVE: 5 0.10 INCH OR MORE: 3
MIN 32 OR BELOW: 0 0.50 INCH OR MORE: 2
MIN 0 OR BELOW: 0 1.00 INCH OR MORE: 0
[HDD (BASE 65) ]
TOTAL THIS MO. 56 CLEAR (SCALE 0-3) 18
DPTR FM NORMAL 3 PTCLDY (SCALE 4-7) 9
TOTAL FM JUL 1 60 CLOUDY (SCALE 8-10) 3
DPTR FM NORMAL -7
[CDD (BASE 65) ]
TOTAL THIS MO. 95
DPTR FM NORMAL 7 [PRESSURE DATA]
TOTAL FM JAN 1 898 HIGHEST SLP M ON M
DPTR FM NORMAL 298 LOWEST SLP 29.74 ON 1
[REMARKS]
#FINAL-09-23#