000
CXUS56 KSTO 070032
CF6RBL
PRELIMINARY LOCAL CLIMATOLOGICAL DATA (WS FORM: F-6)
STATION: RED BLUFF
MONTH: DECEMBER
YEAR: 2021
LATITUDE: 40 8 N
LONGITUDE: 122-15 E
TEMPERATURE IN F: :PCPN: SNOW: WIND :SUNSHINE: SKY :PK WND
================================================================================
1 2 3 4 5 6A 6B 7 8 9 10 11 12 13 14 15 16 17 18
12Z AVG MX 2MIN
DY MAX MIN AVG DEP HDD CDD WTR SNW DPTH SPD SPD DIR MIN PSBL S-S WX SPD DR
================================================================================
1 81 41 61 12 4 0 0.00 M M 4.5 10 360 M M 0 8 13 320
2 73 42 58 10 7 0 0.00 0.0 M 5.6 12 330 M M 0 13 320
3 67 38 53 5 12 0 0.00 M M 3.3 7 310 M M 0 8 310
4 68 37 53 5 12 0 0.00 0.0 M 4.4 8 160 M M 1 12 10 330
5 71 39 55 7 10 0 0.00 M M 4.6 9 310 M M 3 12 11 320
6 48 46 47 -1 18 0 0.21 0.0 M 4.4 10 300 M M 10 12 13 300
7 68 43 56 8 9 0 0.00 0.0 M 6.9 16 150 M M 5 12 19 150
8 52 50 51 4 14 0 0.02 0.0 M 2.3 10 150 M M 10 1 11 150
9 58 40 49 2 16 0 T 0.0 M 8.3 20 360 M M 3 1 26 330
10 57 33 45 -2 20 0 0.00 M M 6.1 20 360 M M 0 24 350
11 46 33 40 -7 25 0 0.04 M M 2.2 13 190 M M 6 1 15 200
12 48 44 46 -1 19 0 0.83 M M 20.0 33 150 M M 10 1 42 160
13 50 44 47 0 18 0 0.38 M M 19.9 44 160 M M 10 1 55 150
14 50 34 42 -4 23 0 0.66 M M 2.8 10 120 M M 4 1 15 180
15 45 35 40 -6 25 0 0.76 M M 20.8 37 140 M M 10 1 47 140
16 48 37 43 -3 22 0 0.08 M M 6.1 20 150 M M 9 12 25 150
17 55 32 44 -2 21 0 0.00 M M 4.7 10 20 M M 0 14 30
18 51 31 41 -5 24 0 0.00 M M 3.6 8 140 M M 5 12 10 150
19 41 37 39 -7 26 0 0.00 M M 3.2 9 140 M M 10 1 11 150
20 49 36 43 -3 22 0 0.00 M M 3.9 8 330 M M 8 1 9 330
21 43 33 38 -8 27 0 0.32 M M 5.1 10 90 M M 5 1 12 330
22 45 42 44 -2 21 0 0.55 M M 3.9 9 160 M M 10 1 12 170
23 50 45 48 2 17 0 0.30 0.0 M 4.3 12 130 M M 10 1 13 120
24 56 44 50 4 15 0 0.00 0.0 M 11.2 25 170 M M 4 1 30 160
25 51 38 45 -1 20 0 0.50 0.0 M 12.7 28 160 M M 8 13 33 160
26 47 33 40 -6 25 0 T 0.0 M 17.8 32 160 M M 6 38 160
27 50 36 43 -3 22 0 T M M 10.5 24 170 M M 5 30 160
28 39 36 38 -8 27 0 0.11 M M 2.2 8 40 M M 10 18 9 40
29 44 34 39 -7 26 0 0.23 M M 3.7 10 160 M M 9 1 12 160
30 49 33 41 -5 24 0 0.00 0.0 M 4.5 9 330 M M 5 12 320
31 54 30 42 -4 23 0 0.00 0.0 M 6.8 12 320 M M 1 1 15 350
================================================================================
SM 1654 1176 594 0 4.99 0.0 220.3 M 177
================================================================================
AV 53.4 37.9 7.1 FASTST M M 6 MAX(MPH)
MISC ----> 44 160 55 150
================================================================================
NOTES:
# LAST OF SEVERAL OCCURRENCES
COLUMN 17 PEAK WIND IN M.P.H.
PRELIMINARY LOCAL CLIMATOLOGICAL DATA (WS FORM: F-6) , PAGE 2
STATION: RED BLUFF
MONTH: DECEMBER
YEAR: 2021
LATITUDE: 40 8 N
LONGITUDE: 122-15 E
[TEMPERATURE DATA] [PRECIPITATION DATA] SYMBOLS USED IN COLUMN 16
AVERAGE MONTHLY: 45.6 TOTAL FOR MONTH: 4.99 1 = FOG OR MIST
DPTR FM NORMAL: -1.2 DPTR FM NORMAL: 0.76 2 = FOG REDUCING VISIBILITY
HIGHEST: 81 ON 1 GRTST 24HR 1.04 ON 13-14 TO 1/4 MILE OR LESS
LOWEST: 30 ON 31 3 = THUNDER
SNOW, ICE PELLETS, HAIL 4 = ICE PELLETS
TOTAL MONTH: 0.0 INCH 5 = HAIL
GRTST 24HR 0.0 6 = FREEZING RAIN OR DRIZZLE
GRTST DEPTH: M ON M 7 = DUSTSTORM OR SANDSTORM:
VSBY 1/2 MILE OR LESS
8 = SMOKE OR HAZE
[NO. OF DAYS WITH] [WEATHER - DAYS WITH] 9 = BLOWING SNOW
X = TORNADO
MAX 32 OR BELOW: 0 0.01 INCH OR MORE: 14
MAX 90 OR ABOVE: 0 0.10 INCH OR MORE: 11
MIN 32 OR BELOW: 3 0.50 INCH OR MORE: 5
MIN 0 OR BELOW: 0 1.00 INCH OR MORE: 0
[HDD (BASE 65) ]
TOTAL THIS MO. 594 CLEAR (SCALE 0-3) 7
DPTR FM NORMAL 28 PTCLDY (SCALE 4-7) 12
TOTAL FM JUL 1 1010 CLOUDY (SCALE 8-10) 12
DPTR FM NORMAL 4
[CDD (BASE 65) ]
TOTAL THIS MO. 0
DPTR FM NORMAL 0 [PRESSURE DATA]
TOTAL FM JAN 1 2422 HIGHEST SLP 30.35 ON 18
DPTR FM NORMAL 497 LOWEST SLP 29.54 ON 13
[REMARKS]
#FINAL-12-21#