000
CXUS56 KSTO 250210
CF6RDD
PRELIMINARY LOCAL CLIMATOLOGICAL DATA (WS FORM: F-6)
STATION: REDDING CA AIRPORT AND CITY
MONTH: DECEMBER
YEAR: 2022
LATITUDE: 40 30 N
LONGITUDE: 122 18 W
TEMPERATURE IN F: :PCPN: SNOW: WIND :SUNSHINE: SKY :PK WND
================================================================================
1 2 3 4 5 6A 6B 7 8 9 10 11 12 13 14 15 16 17 18
12Z AVG MX 2MIN
DY MAX MIN AVG DEP HDD CDD WTR SNW DPTH SPD SPD DIR MIN PSBL S-S WX SPD DR
================================================================================
1 54 33 44 -4 21 0 0.52 M M 5.8 32 170 M M 5 1 45 190
2 53 28 41 -7 24 0 0.00 0.0 M 2.5 9 20 M M 0 18 12 10
3 46 32 39 -9 26 0 0.14 M M 2.0 7 20 M M 10 18 9 340
4 49 44 47 -1 18 0 0.20 M M 4.9 15 180 M M 10 18 18 190
5 54 43 49 1 16 0 0.28 M M 6.7 22 160 M M 9 1 26 160
6 59 36 48 1 17 0 0.00 0.0 M 4.0 10 10 M M 3 1 12 10
7 54 32 43 -4 22 0 0.00 0.0 M 2.2 10 160 M M 2 12 160
8 48 38 43 -4 22 0 0.63 M M 4.9 20 170 M M 9 18 25 160
9 46 33 40 -7 25 0 0.06 M M 2.5 10 180 M M 8 12 14 180
10 52 44 48 1 17 0 1.13 M M 10.8 32 180 M M 10 13 42 160
11 51 35 43 -4 22 0 T M M 4.3 14 170 M M 4 1 17 180
12 54 30 42 -4 23 0 0.00 0.0 M 2.5 7 330 M M 1 1 10 330
13 57 33 45 -1 20 0 0.00 0.0 M 6.1 21 30 M M 0 25 30
14 55 29 42 -4 23 0 0.00 0.0 M 1.5 8 250 M M 0 10 250
15 61 30 46 0 19 0 0.00 0.0 M 12.1 24 20 M M 0 31 20
16 59 30 45 -1 20 0 0.00 0.0 M 7.0 16 10 M M 0 20 10
17 59 29 44 -2 21 0 0.00 0.0 M 2.3 9 10 M M 0 12 360
18 55 27 41 -5 24 0 0.00 0.0 M 0.9 6 10 M M 0 6 190
19 40 27 34 -12 31 0 0.00 0.0 M 0.8 6 160 M M 5 128 8 140
20 55 33 44 -2 21 0 0.00 0.0 M 1.0 6 300 M M 10 18 9 300
21 55 38 47 1 18 0 0.00 0.0 M 0.7 6 270 M M 7 18 7 150
22 46 38 42 -4 23 0 0.01 M M 3.1 10 130 M M 6 12 11 120
23 57 42 50 4 15 0 0.03 M M 1.6 7 50 M M 7 18 9 320
24 63 38 51 5 14 0 0.00 0.0 M 2.3 8 320 M M 7 1 10 310
25 58 44 51 5 14 0 0.00 0.0 M 4.0 12 140 M M 0 128 14 150
26 51 45 48 2 17 0 1.33 M M 4.4 23 190 M M 10 12 32 180
27 59 41 50 4 15 0 0.75 M M 16.6 48 170 M M 7 1 60 170
28 52 42 47 1 18 0 0.02 M M 2.0 10 160 M M 6 1 11 160
29 46 43 45 -1 20 0 1.50 M M 4.0 10 200 M M 10 1 15 190
30 52 45 49 3 16 0 1.71 M M 2.4 12 130 M M 10 1 13 280
31 56 51 54 8 11 0 0.00 0.0 M 4.1 12 360 M M 5 1 17 340
================================================================================
SM 1656 1133 613 0 8.31 0.0 130.0 M 161
================================================================================
AV 53.4 36.5 4.2 FASTST M M 5 MAX(MPH)
MISC ----> 48 170 60 170
================================================================================
NOTES:
# LAST OF SEVERAL OCCURRENCES
COLUMN 17 PEAK WIND IN M.P.H.
PRELIMINARY LOCAL CLIMATOLOGICAL DATA (WS FORM: F-6) , PAGE 2
STATION: REDDING CA AIRPORT AND CITY
MONTH: DECEMBER
YEAR: 2022
LATITUDE: 40 30 N
LONGITUDE: 122 18 W
[TEMPERATURE DATA] [PRECIPITATION DATA] SYMBOLS USED IN COLUMN 16
AVERAGE MONTHLY: 45.0 TOTAL FOR MONTH: 8.31 1 = FOG OR MIST
DPTR FM NORMAL: -1.6 DPTR FM NORMAL: 2.00 2 = FOG REDUCING VISIBILITY
HIGHEST: 63 ON 24 GRTST 24HR 2.39 ON 29-30 TO 1/4 MILE OR LESS
LOWEST: 27 ON 19,18 3 = THUNDER
SNOW, ICE PELLETS, HAIL 4 = ICE PELLETS
TOTAL MONTH: 0.0 INCH 5 = HAIL
GRTST 24HR 0.0 6 = FREEZING RAIN OR DRIZZLE
GRTST DEPTH: M ON M 7 = DUSTSTORM OR SANDSTORM:
VSBY 1/2 MILE OR LESS
8 = SMOKE OR HAZE
[NO. OF DAYS WITH] [WEATHER - DAYS WITH] 9 = BLOWING SNOW
X = TORNADO
MAX 32 OR BELOW: 0 0.01 INCH OR MORE: 14
MAX 90 OR ABOVE: 0 0.10 INCH OR MORE: 10
MIN 32 OR BELOW: 10 0.50 INCH OR MORE: 7
MIN 0 OR BELOW: 0 1.00 INCH OR MORE: 4
[HDD (BASE 65) ]
TOTAL THIS MO. 613 CLEAR (SCALE 0-3) 11
DPTR FM NORMAL 43 PTCLDY (SCALE 4-7) 10
TOTAL FM JUL 1 1108 CLOUDY (SCALE 8-10) 10
DPTR FM NORMAL 73
[CDD (BASE 65) ]
TOTAL THIS MO. 0
DPTR FM NORMAL 0 [PRESSURE DATA]
TOTAL FM JAN 1 2497 HIGHEST SLP 30.44 ON 24
DPTR FM NORMAL 467 LOWEST SLP 29.48 ON 10
[REMARKS]
#FINAL-12-22#