000
CXUS51 KPHI 161217
CF6RDG
PRELIMINARY LOCAL CLIMATOLOGICAL DATA (WS FORM: F-6)
STATION: READING PA
MONTH: JANUARY
YEAR: 2021
LATITUDE: 40 22 N
LONGITUDE: 75 58 W
TEMPERATURE IN F: :PCPN: SNOW: WIND :SUNSHINE: SKY :PK WND
================================================================================
1 2 3 4 5 6A 6B 7 8 9 10 11 12 13 14 15 16 17 18
12Z AVG MX 2MIN
DY MAX MIN AVG DEP HDD CDD WTR SNW DPTH SPD SPD DIR MIN PSBL S-S WX SPD DR
================================================================================
1 38 22 30 -2 35 0 0.68 T 0 2.4 23 140 M M 5 16 33 130
2 50 29 40 8 25 0 0.02 T 0 6.7 20 300 M M 6 16 26 320
3 36 29 33 1 32 0 0.32 0.2 T 4.1 9 10 M M 8 1 12 10
4 44 31 38 6 27 0 T 0.0 0 1.4 7 10 M M 9 1 9 20
5 42 36 39 7 26 0 T 0.0 0 3.5 8 320 M M 10 1 10 360
6 42 35 39 8 26 0 0.00 0.0 0 12.2 22 320 M M 9 27 320
7 43 27 35 4 30 0 0.00 0.0 0 11.3 21 350 M M 2 26 330
8 38 24 31 0 34 0 0.00 0.0 0 5.3 13 360 M M 0 18 350
9 45 24 35 4 30 0 0.00 0.0 0 13.2 23 340 M M 0 29 350
10 46 25 36 5 29 0 0.00 0.0 0 5.4 16 350 M M 0 20 350
11 40 21 31 0 34 0 0.00 0.0 0 0.6 6 320 M M 2 6 320
12 42 20 31 0 34 0 0.00 0.0 0 2.6 12 260 M M 1 18 15 250
13 44 28 36 5 29 0 0.00 0.0 0 2.8 12 240 M M 6 15 230
14 51 28 40 9 25 0 0.00 0.0 0 1.0 7 280 M M 5 18 10 280
15 49 29 39 9 26 0 0.18 0.0 0 6.0 17 130 M M 5 18 23 140
16 47 35 41 11 24 0 0.16 0.0 0 8.3 17 280 M M 6 1 22 280
17 45 34 40 10 25 0 T T 0 10.0 23 280 M M 9 31 270
18 44 30 37 7 28 0 T T 0 7.7 23 290 M M 6 30 280
19 45 30 38 8 27 0 T T 0 7.2 20 270 M M 6 26 270
20 40 25 33 3 32 0 T T 0 11.1 30 310 M M 6 1 40 320
21 48 18 33 3 32 0 0.00 0.0 0 4.5 17 220 M M 2 23 240
22 46 33 40 10 25 0 T T 0 11.7 23 310 M M 7 29 270
23 34 25 30 0 35 0 T T 0 16.0 31 320 M M 7 38 320
24 35 20 28 -2 37 0 0.00 0.0 0 9.5 23 320 M M 3 29 330
25 37 28 33 3 32 0 0.00 0.0 0 1.7 8 30 M M 8 10 30
26 34 32 33 3 32 0 0.06 T 0 4.5 9 90 M M 10 16 16 100
27 39 30 35 5 30 0 T T 0 9.8 21 310 M M 10 1 25 330
28 32 22 27 -3 38 0 0.00 0.0 0 17.6 32 310 M M 3 42 310
29 27 21 24 -6 41 0 T T 0 18.2 36 340 M M 7 48 330
30 35 20 28 -3 37 0 0.00 0.0 0 6.7 16 320 M M 3 21 300
31 27 21 24 -7 41 0 0.50 4.7 0 4.8 13 50 M M 8 18 17 40
================================================================================
SM 1265 832 958 0 1.92 4.9 227.8 M 169
================================================================================
AV 40.8 26.8 7.3 FASTST M M 5 MAX(MPH)
MISC ----> 36 340 48 330
================================================================================
NOTES:
# LAST OF SEVERAL OCCURRENCES
COLUMN 17 PEAK WIND IN M.P.H.
PRELIMINARY LOCAL CLIMATOLOGICAL DATA (WS FORM: F-6) , PAGE 2
STATION: READING PA
MONTH: JANUARY
YEAR: 2021
LATITUDE: 40 22 N
LONGITUDE: 75 58 W
[TEMPERATURE DATA] [PRECIPITATION DATA] SYMBOLS USED IN COLUMN 16
AVERAGE MONTHLY: 33.8 TOTAL FOR MONTH: 1.92 1 = FOG OR MIST
DPTR FM NORMAL: 3.0 DPTR FM NORMAL: -1.05 2 = FOG REDUCING VISIBILITY
HIGHEST: 51 ON 14 GRTST 24HR 0.68 ON 1- 1 TO 1/4 MILE OR LESS
LOWEST: 18 ON 21 3 = THUNDER
SNOW, ICE PELLETS, HAIL 4 = ICE PELLETS
TOTAL MONTH: 4.9 INCHES 5 = HAIL
GRTST 24HR 4.7 ON 31-31 6 = FREEZING RAIN OR DRIZZLE
GRTST DEPTH: T 7 = DUSTSTORM OR SANDSTORM:
VSBY 1/2 MILE OR LESS
8 = SMOKE OR HAZE
[NO. OF DAYS WITH] [WEATHER - DAYS WITH] 9 = BLOWING SNOW
X = TORNADO
MAX 32 OR BELOW: 3 0.01 INCH OR MORE: 7
MAX 90 OR ABOVE: 0 0.10 INCH OR MORE: 5
MIN 32 OR BELOW: 26 0.50 INCH OR MORE: 2
MIN 0 OR BELOW: 0 1.00 INCH OR MORE: 0
[HDD (BASE 65) ]
TOTAL THIS MO. 958 CLEAR (SCALE 0-3) 9
DPTR FM NORMAL -102 PTCLDY (SCALE 4-7) 14
TOTAL FM JUL 1 2619 CLOUDY (SCALE 8-10) 8
DPTR FM NORMAL -345
[CDD (BASE 65) ]
TOTAL THIS MO. 0
DPTR FM NORMAL 0 [PRESSURE DATA]
TOTAL FM JAN 1 0 HIGHEST SLP M ON M
DPTR FM NORMAL 0 LOWEST SLP 29.43 ON 16
[REMARKS]
#FINAL-01-21#