000
CXUS51 KPHI 020243
CLMRDG
CLIMATE REPORT
NATIONAL WEATHER SERVICE MOUNT HOLLY NJ
1043 PM EDT SAT JUL 01 2023
...................................
...THE READING PA CLIMATE SUMMARY FOR THE MONTH OF JUNE 2023...
CLIMATE NORMAL PERIOD: 1991 TO 2020
CLIMATE RECORD PERIOD: 1869 TO 2023
WEATHER OBSERVED NORMAL DEPART LAST YEAR`S
VALUE DATE(S) VALUE FROM VALUE
NORMAL
..............................................................
TEMPERATURE (F)
RECORD
HIGH 102 06/26/1952
LOW 36 06/11/1972
HIGHEST 96 MM MM 93
LOWEST 45 MM MM 47
AVG. MAXIMUM 81.0 82.0 -1.0 82.3
AVG. MINIMUM 58.7 61.2 -2.5 60.6
MEAN 69.8 71.6 -1.8 71.5
DAYS MAX >= 90 2 4.2 -2.2 5
DAYS MAX <= 32 0 0.0 0.0 0
DAYS MIN <= 32 0 0.0 0.0 0
DAYS MIN <= 0 0 0.0 0.0 0
PRECIPITATION (INCHES)
RECORD
MAXIMUM 15.73 1972
MINIMUM 0.54 1923
TOTALS 3.76 4.77 -1.01 3.92
DAILY AVG. 0.13 0.16 -0.03 0.13
DAYS >= .01 11 12.4 -1.4 12
DAYS >= .10 8 7.8 0.2 9
DAYS >= .50 4 3.1 0.9 3
DAYS >= 1.00 0 1.2 -1.2 0
GREATEST
24 HR. TOTAL 1.27 06/26 TO 06/27 1.49
DEGREE DAYS
HEATING TOTAL 10 17 -7 2
SINCE 7/1 4326 5125 -799 MM
COOLING TOTAL 164 214 -50 203
SINCE 1/1 215 289 -74 MM
..............................................................
WIND (MPH)
AVERAGE WIND SPEED 5.6
HIGHEST WIND SPEED/DIRECTION 36/280 DATE 06/14
HIGHEST GUST SPEED/DIRECTION 47/270 DATE 06/14
SKY COVER
POSSIBLE SUNSHINE (PERCENT) MM
AVERAGE SKY COVER 0.47
NUMBER OF DAYS FAIR 11
NUMBER OF DAYS PC 13
NUMBER OF DAYS CLOUDY 6
AVERAGE RH (PERCENT) 64
WEATHER CONDITIONS. NUMBER OF DAYS WITH
THUNDERSTORM 9 MIXED PRECIP 0
HEAVY RAIN 7 RAIN 6
LIGHT RAIN 13 FREEZING RAIN 0
LT FREEZING RAIN 0 HEAVY SNOW 0
SNOW 0 LIGHT SNOW 0
SLEET 0 FOG 18
FOG W/VIS <= 1/4 MILE 2 HAZE 22
- INDICATES NEGATIVE NUMBERS.
R INDICATES RECORD WAS SET OR TIED.
MM INDICATES DATA IS MISSING.
T INDICATES TRACE AMOUNT.
$$