000
CXUS56 KPDT 011810
CF6RDM
PRELIMINARY LOCAL CLIMATOLOGICAL DATA (WS FORM: F-6)
STATION: REDMOND OR
MONTH: MARCH
YEAR: 2022
LATITUDE: 44 16 N
LONGITUDE: 121 9 W
TEMPERATURE IN F: :PCPN: SNOW: WIND :SUNSHINE: SKY :PK WND
================================================================================
1 2 3 4 5 6A 6B 7 8 9 10 11 12 13 14 15 16 17 18
12Z AVG MX 2MIN
DY MAX MIN AVG DEP HDD CDD WTR SNW DPTH SPD SPD DIR MIN PSBL S-S WX SPD DR
================================================================================
1 64 50 57 18 8 0 T M M 11.7 22 180 M M 8 29 230
2 57 41 49 10 16 0 0.10 M M 6.9 22 320 M M 8 12 26 320
3 50 28 39 0 26 0 0.11 M M 3.9 15 30 M M 7 18 30
4 45 22 34 -5 31 0 0.00 M M 5.8 18 20 M M 6 22 20
5 49 26 38 -2 27 0 0.00 M M 8.8 18 330 M M 5 24 350
6 50 21 36 -4 29 0 0.00 M M 4.9 16 360 M M 1 22 360
7 63 22 43 3 22 0 0.00 M M 7.5 23 290 M M 1 29 290
8 48 38 43 3 22 0 T M M 13.5 26 290 M M 9 39 290
9 38 12 25 -15 40 0 T M M 9.6 20 340 M M 8 1 24 340
10 54 5 30 -10 35 0 0.00 M M 4.1 13 140 M M 1 16 130
11 66 23 45 4 20 0 0.00 M M 4.1 10 340 M M 3 16 20
12 68 30 49 8 16 0 0.08 M M 11.5 26 240 M M 2 1 36 240
13 49 36 43 2 22 0 T M M 9.7 22 190 M M 7 29 210
14 61 39 50 9 15 0 0.02 M M 8.8 18 180 M M 10 26 180
15 56 36 46 5 19 0 0.02 M M 10.3 26 300 M M 7 34 300
16 56 24 40 -2 25 0 0.00 M M 3.5 9 160 M M 1 12 10
17 57 26 42 0 23 0 T M M 6.2 18 310 M M 3 24 300
18 63 24 44 2 21 0 0.00 M M 4.5 13 340 M M 0 17 210
19 51 32 42 0 23 0 0.01 M M 10.9 26 290 M M 6 31 290
20 48 20 34 -8 31 0 0.00 M M 5.1 17 310 M M 5 21 290
21 50 33 42 0 23 0 0.04 M M 4.2 10 60 M M 10 14 140
22 74 43 59 17 6 0 0.00 M M 4.4 13 110 M M 3 18 40
23 70 33 52 10 13 0 0.00 M M 6.6 22 320 M M 0 27 320
24 65 31 48 5 17 0 0.00 M M 5.6 17 330 M M 2 20 330
25 70 33 52 9 13 0 0.00 M M 5.7 16 330 M M 0 8 22 360
26 71 28 50 7 15 0 0.00 M M 5.1 14 320 M M 0 20 150
27 66 39 53 10 12 0 T M M 4.0 10 300 M M 1 14 230
28 61 37 49 6 16 0 0.03 M M 4.4 22 280 M M 8 1 24 280
29 68 31 50 7 15 0 0.00 M M 5.3 20 290 M M 0 1 24 300
30 54 32 43 0 22 0 0.00 M M 9.0 22 300 M M 3 27 330
31 53 23 38 -5 27 0 0.00 M M 5.4 15 360 M M 1 21 10
================================================================================
SM 1795 918 650 0 0.41 M 211.0 M 126
================================================================================
AV 57.9 29.6 6.8 FASTST M M 4 MAX(MPH)
MISC ----> # 26 300 39 290
================================================================================
NOTES:
# LAST OF SEVERAL OCCURRENCES
COLUMN 17 PEAK WIND IN M.P.H.
PRELIMINARY LOCAL CLIMATOLOGICAL DATA (WS FORM: F-6) , PAGE 2
STATION: REDMOND OR
MONTH: MARCH
YEAR: 2022
LATITUDE: 44 16 N
LONGITUDE: 121 9 W
[TEMPERATURE DATA] [PRECIPITATION DATA] SYMBOLS USED IN COLUMN 16
AVERAGE MONTHLY: 43.8 TOTAL FOR MONTH: 0.41 1 = FOG OR MIST
DPTR FM NORMAL: 2.5 DPTR FM NORMAL: -0.17 2 = FOG REDUCING VISIBILITY
HIGHEST: 74 ON 22 GRTST 24HR 0.11 ON 3- 3 TO 1/4 MILE OR LESS
LOWEST: 5 ON 10 3 = THUNDER
SNOW, ICE PELLETS, HAIL 4 = ICE PELLETS
TOTAL MONTH: M 5 = HAIL
GRTST 24HR M ON M 6 = FREEZING RAIN OR DRIZZLE
GRTST DEPTH: M ON M 7 = DUSTSTORM OR SANDSTORM:
VSBY 1/2 MILE OR LESS
8 = SMOKE OR HAZE
[NO. OF DAYS WITH] [WEATHER - DAYS WITH] 9 = BLOWING SNOW
X = TORNADO
MAX 32 OR BELOW: 0 0.01 INCH OR MORE: 8
MAX 90 OR ABOVE: 0 0.10 INCH OR MORE: 2
MIN 32 OR BELOW: 19 0.50 INCH OR MORE: 0
MIN 0 OR BELOW: 0 1.00 INCH OR MORE: 0
[HDD (BASE 65) ]
TOTAL THIS MO. 650 CLEAR (SCALE 0-3) 16
DPTR FM NORMAL -85 PTCLDY (SCALE 4-7) 10
TOTAL FM JUL 1 4524 CLOUDY (SCALE 8-10) 5
DPTR FM NORMAL -514
[CDD (BASE 65) ]
TOTAL THIS MO. 0
DPTR FM NORMAL 0 [PRESSURE DATA]
TOTAL FM JAN 1 0 HIGHEST SLP 30.52 ON 7
DPTR FM NORMAL 0 LOWEST SLP 29.60 ON 27
[REMARKS]
#FINAL-03-22#