000
CXUS52 KRAH 010845
CF6RDU
PRELIMINARY LOCAL CLIMATOLOGICAL DATA (WS FORM: F-6)
STATION: RALEIGH NC
MONTH: APRIL
YEAR: 2022
LATITUDE: 35 52 N
LONGITUDE: 78 47 W
TEMPERATURE IN F: :PCPN: SNOW: WIND :SUNSHINE: SKY :PK WND
================================================================================
1 2 3 4 5 6A 6B 7 8 9 10 11 12 13 14 15 16 17 18
12Z AVG MX 2MIN
DY MAX MIN AVG DEP HDD CDD WTR SNW DPTH SPD SPD DIR MIN PSBL S-S WX SPD DR
================================================================================
1 69 46 58 2 7 0 0.00 0.0 0 9.6 21 270 M M 2 32 270
2 66 35 51 -6 14 0 0.00 0.0 0 3.9 13 200 M M 4 16 230
3 70 46 58 1 7 0 0.00 0.0 0 5.8 17 270 M M 1 28 290
4 68 38 53 -4 12 0 0.00 0.0 0 6.3 16 210 M M 4 20 220
5 76 52 64 6 1 0 0.36 0.0 0 8.4 18 220 M M 8 1 25 140
6 81 61 71 13 0 6 T 0.0 0 9.2 17 230 M M 7 23 230
7 80 54 67 9 0 2 0.05 0.0 0 8.5 24 210 M M 9 13 30 210
8 68 49 59 0 6 0 0.16 T 0 7.3 23 230 M M 7 135 32 220
9 56 45 51 -8 14 0 0.00 0.0 0 6.9 21 290 M M 8 29 290
10 64 39 52 -7 13 0 0.00 0.0 0 7.9 18 270 M M 2 29 300
11 82 43 63 3 2 0 0.00 0.0 0 7.4 22 240 M M 6 26 240
12 83 60 72 12 0 7 T 0.0 0 8.2 17 240 M M 8 26 220
13 84 63 74 14 0 9 0.00 0.0 0 12.4 23 220 M M 7 28 230
14 82 67 75 15 0 10 0.00 0.0 0 12.2 24 220 M M 9 31 210
15 75 54 65 4 0 0 0.03 0.0 0 5.3 15 170 M M 7 23 360
16 76 51 64 3 1 0 0.00 0.0 0 6.5 21 230 M M 9 25 220
17 75 56 66 5 0 1 T 0.0 0 9.4 21 100 M M 6 1 29 100
18 56 41 49 -13 16 0 1.39 0.0 0 9.2 23 50 M M 9 1 34 60
19 59 39 49 -13 16 0 0.00 0.0 M 7.0 16 280 M M 2 31 280
20 66 34 50 -12 15 0 0.00 0.0 0 2.8 10 90 M M 4 16 140
21 75 43 59 -3 6 0 0.00 0.0 0 4.9 15 220 M M 7 20 220
22 83 53 68 5 0 3 0.00 0.0 0 4.5 10 30 M M 4 15 90
23 83 59 71 8 0 6 0.00 0.0 0 6.5 15 200 M M 1 19 210
24 84 59 72 9 0 7 0.00 0.0 0 8.1 15 200 M M 1 20 240
25 85 59 72 8 0 7 0.00 0.0 0 8.6 18 230 M M 1 24 230
26 88 60 74 10 0 9 0.06 0.0 0 8.8 30 270 M M 5 13 40 260
27 72 50 61 -3 4 0 0.00 0.0 0 5.3 16 310 M M 1 26 320
28 71 45 58 -6 7 0 0.00 0.0 0 4.2 17 40 M M 3 25 40
29 71 45 58 -7 7 0 0.00 0.0 0 6.1 14 90 M M 7 20 130
30 72 55 64 -1 1 0 T 0.0 0 3.5 10 40 M M 9 14 300
================================================================================
SM 2220 1501 149 67 2.05 T 214.7 M 158
================================================================================
AV 74.0 50.0 7.2 FASTST M M 5 MAX(MPH)
MISC ----> 30 270 40 260
================================================================================
NOTES:
# LAST OF SEVERAL OCCURRENCES
COLUMN 17 PEAK WIND IN M.P.H.
PRELIMINARY LOCAL CLIMATOLOGICAL DATA (WS FORM: F-6) , PAGE 2
STATION: RALEIGH NC
MONTH: APRIL
YEAR: 2022
LATITUDE: 35 52 N
LONGITUDE: 78 47 W
[TEMPERATURE DATA] [PRECIPITATION DATA] SYMBOLS USED IN COLUMN 16
AVERAGE MONTHLY: 62.0 TOTAL FOR MONTH: 2.05 1 = FOG OR MIST
DPTR FM NORMAL: 1.2 DPTR FM NORMAL: -1.48 2 = FOG REDUCING VISIBILITY
HIGHEST: 88 ON 26 GRTST 24HR 1.39 ON 17-18 TO 1/4 MILE OR LESS
LOWEST: 34 ON 20 3 = THUNDER
SNOW, ICE PELLETS, HAIL 4 = ICE PELLETS
TOTAL MONTH: T 5 = HAIL
GRTST 24HR T ON 8- 8 6 = FREEZING RAIN OR DRIZZLE
GRTST DEPTH: 0 7 = DUSTSTORM OR SANDSTORM:
VSBY 1/2 MILE OR LESS
8 = SMOKE OR HAZE
[NO. OF DAYS WITH] [WEATHER - DAYS WITH] 9 = BLOWING SNOW
X = TORNADO
MAX 32 OR BELOW: 0 0.01 INCH OR MORE: 6
MAX 90 OR ABOVE: 0 0.10 INCH OR MORE: 3
MIN 32 OR BELOW: 0 0.50 INCH OR MORE: 1
MIN 0 OR BELOW: 0 1.00 INCH OR MORE: 1
[HDD (BASE 65) ]
TOTAL THIS MO. 149 CLEAR (SCALE 0-3) 9
DPTR FM NORMAL -31 PTCLDY (SCALE 4-7) 16
TOTAL FM JUL 1 2623 CLOUDY (SCALE 8-10) 5
DPTR FM NORMAL -482
[CDD (BASE 65) ]
TOTAL THIS MO. 67
DPTR FM NORMAL 13 [PRESSURE DATA]
TOTAL FM JAN 1 102 HIGHEST SLP 30.50 ON 21
DPTR FM NORMAL 34 LOWEST SLP 29.47 ON 7
[REMARKS]
#FINAL-04-22#