000
CXUS56 KBOI 011002
CF6REO
PRELIMINARY LOCAL CLIMATOLOGICAL DATA (WS FORM: F-6)
STATION: ROME OR
MONTH: MARCH
YEAR: 2020
LATITUDE: 42 35 N
LONGITUDE: 117 52 W
TEMPERATURE IN F: :PCPN: SNOW: WIND :SUNSHINE: SKY :PK WND
================================================================================
1 2 3 4 5 6A 6B 7 8 9 10 11 12 13 14 15 16 17 18
12Z AVG MX 2MIN
DY MAX MIN AVG DEP HDD CDD WTR SNW DPTH SPD SPD DIR MIN PSBL S-S WX SPD DR
================================================================================
1 46 12 29 -8 36 0 0.00 M M 8.4 26 10 M M 0 35 350
2 56 15 36 -1 29 0 0.00 M M 7.0 16 320 M M 0 21 320
3 62 32 47 10 18 0 0.00 M M 7.7 13 200 M M 0 M M
4 M M M M M M 0.00 M M M M M M M M M M
5 72 33 53 15 12 0 0.00 M M 10.6 20 180 M M 0 32 180
6 65 38 52 14 13 0 0.00 M M 10.3 26 230 M M 0 35 230
7 56 36 46 8 19 0 0.00 M M 10.7 32 230 M M 0 44 240
8 51 23 37 -1 28 0 0.00 M M 5.8 18 220 M M 0 23 220
9 51 36 44 5 21 0 0.01 M M 5.5 15 290 M M 0 20 240
10 59 22 41 2 24 0 0.00 M M 4.6 10 90 M M 0 13 60
11 66 20 43 4 22 0 0.00 M M 7.2 20 300 M M 0 24 310
12 55 22 39 0 26 0 0.00 M M 6.6 14 30 M M 0 17 40
13 61 15 38 -1 27 0 0.00 M M 7.7 30 230 M M 0 40 220
14 51 35 43 3 22 0 0.11 M M 11.4 37 210 M M 0 49 220
15 37 31 34 -6 31 0 0.00 M M 7.0 15 160 M M 0 M M
16 51 33 42 2 23 0 0.03 M M 5.9 14 330 M M 0 18 320
17 53 32 43 3 22 0 0.02 M M 10.9 25 160 M M 0 31 150
18 47 24 36 -4 29 0 0.00 M M 5.6 17 90 M M 0 21 90
19 54 23 39 -1 26 0 0.00 M M 6.3 18 150 M M 0 22 150
20 58 28 43 2 22 0 0.00 M M 7.5 18 60 M M 0 21 60
21 59 35 47 6 18 0 0.00 M M 5.4 20 320 M M 0 24 330
22 61 26 44 3 21 0 0.00 M M 8.3 15 150 M M 0 21 250
23 58 33 46 5 19 0 0.00 M M 15.5 37 220 M M 0 47 220
24 50 27 39 -2 26 0 0.22 M M 8.3 28 250 M M 0 35 240
25 45 22 34 -7 31 0 0.01 M M 6.6 18 320 M M 0 21 320
26 47 18 33 -9 32 0 0.00 M M 6.5 14 290 M M 0 24 270
27 51 20 36 -6 29 0 0.00 M M 5.8 15 310 M M 0 19 310
28 52 26 39 -3 26 0 0.00 M M 6.2 18 260 M M 0 22 260
29 56 35 46 4 19 0 0.00 M M 9.1 22 300 M M 0 27 300
30 57 35 46 4 19 0 0.00 M M 17.4 35 210 M M 0 46 220
31 57 35 46 4 19 0 0.05 M M 17.3 39 250 M M 0 48 250
================================================================================
SM 1644 822 709 0 0.45 M 253.1 M 0
================================================================================
AV 54.8 27.4 8.4 FASTST M M 0 MAX(MPH)
MISC ----> 39 250 49 220
================================================================================
NOTES:
# LAST OF SEVERAL OCCURRENCES
COLUMN 17 PEAK WIND IN M.P.H.
PRELIMINARY LOCAL CLIMATOLOGICAL DATA (WS FORM: F-6) , PAGE 2
STATION: ROME OR
MONTH: MARCH
YEAR: 2020
LATITUDE: 42 35 N
LONGITUDE: 117 52 W
[TEMPERATURE DATA] [PRECIPITATION DATA] SYMBOLS USED IN COLUMN 16
AVERAGE MONTHLY: 41.1 TOTAL FOR MONTH: 0.45 1 = FOG OR MIST
DPTR FM NORMAL: 1.3 DPTR FM NORMAL: -0.53 2 = FOG REDUCING VISIBILITY
HIGHEST: 72 ON 5 GRTST 24HR 0.22 ON 24-24 TO 1/4 MILE OR LESS
LOWEST: 12 ON 1 3 = THUNDER
SNOW, ICE PELLETS, HAIL 4 = ICE PELLETS
TOTAL MONTH: M 5 = HAIL
GRTST 24HR M ON M 6 = FREEZING RAIN OR DRIZZLE
GRTST DEPTH: M ON M 7 = DUSTSTORM OR SANDSTORM:
VSBY 1/2 MILE OR LESS
8 = SMOKE OR HAZE
[NO. OF DAYS WITH] [WEATHER - DAYS WITH] 9 = BLOWING SNOW
X = TORNADO
MAX 32 OR BELOW: 0 0.01 INCH OR MORE: 7
MAX 90 OR ABOVE: 0 0.10 INCH OR MORE: 2
MIN 32 OR BELOW: 19 0.50 INCH OR MORE: 0
MIN 0 OR BELOW: 0 1.00 INCH OR MORE: 0
[HDD (BASE 65) ]
TOTAL THIS MO. 709 CLEAR (SCALE 0-3) 30
DPTR FM NORMAL -72 PTCLDY (SCALE 4-7) 0
TOTAL FM JUL 1 5187 CLOUDY (SCALE 8-10) 1
DPTR FM NORMAL -329
[CDD (BASE 65) ]
TOTAL THIS MO. 0
DPTR FM NORMAL 0 [PRESSURE DATA]
TOTAL FM JAN 1 0 HIGHEST SLP M ON M
DPTR FM NORMAL 0 LOWEST SLP 29.42 ON 13
[REMARKS]
#FINAL-03-20#