000
CXUS53 KLOT 010700
CF6RFD
PRELIMINARY LOCAL CLIMATOLOGICAL DATA (WS FORM: F-6)
STATION: ROCKFORD IL
MONTH: JUNE
YEAR: 2020
LATITUDE: 42 12 N
LONGITUDE: 89 6 W
TEMPERATURE IN F: :PCPN: SNOW: WIND :SUNSHINE: SKY :PK WND
================================================================================
1 2 3 4 5 6A 6B 7 8 9 10 11 12 13 14 15 16 17 18
12Z AVG MX 2MIN
DY MAX MIN AVG DEP HDD CDD WTR SNW DPTH SPD SPD DIR MIN PSBL S-S WX SPD DR
================================================================================
1 78 56 67 2 0 2 0.06 0.0 0 11.3 25 200 M M 7 36 190
2 93 69 81 15 0 16 T 0.0 0 10.5 21 350 M M 3 27 220
3 83 67 75 9 0 10 0.22 0.0 0 3.5 17 270 M M 8 13 24 260
4 90 65 78 12 0 13 0.00 0.0 0 5.1 14 300 M M 6 18 23 330
5 90 68 79 12 0 14 0.00 0.0 0 6.4 14 330 M M 7 19 300
6 86 61 74 7 0 9 0.00 0.0 0 7.3 16 90 M M 6 23 80
7 86 58 72 5 0 7 0.00 0.0 0 9.2 15 130 M M 5 22 110
8 94 64 79 11 0 14 0.00 0.0 0 9.8 21 140 M M 3 32 140
9 88 71 80 12 0 15 0.80 0.0 0 16.7 33 170 M M 8 1 49 160
10 84 60 72 4 0 7 1.02 0.0 0 12.0 30 200 M M 6 13 41 200
11 82 57 70 1 0 5 0.00 0.0 0 9.0 23 260 M M 1 8 34 260
12 86 54 70 1 0 5 T 0.0 0 6.7 24 70 M M 2 32 60
13 71 52 62 -7 3 0 0.00 0.0 0 10.5 17 60 M M 4 26 70
14 73 52 63 -7 2 0 0.00 0.0 0 9.2 17 60 M M 1 24 60
15 79 51 65 -5 0 0 0.00 0.0 0 6.4 14 120 M M 3 20 150
16 85 52 69 -1 0 4 0.00 0.0 0 5.8 15 160 M M 0 20 180
17 86 61 74 4 0 9 0.00 0.0 0 4.4 14 150 M M 3 18 140
18 88 59 74 3 0 9 0.00 0.0 0 3.0 13 170 M M 2 25 260
19 90 64 77 6 0 12 0.00 0.0 0 4.5 14 210 M M 7 19 230
20 86 70 78 7 0 13 0.02 0.0 0 7.2 22 190 M M 9 3 30 200
21 88 65 77 5 0 12 0.00 0.0 0 2.6 10 260 M M 7 1 14 260
22 80 63 72 0 0 7 0.31 0.0 0 4.7 15 360 M M 10 1 M M
23 78 59 69 -3 0 4 0.00 0.0 0 11.1 17 290 M M 6 27 290
24 80 56 68 -4 0 3 0.00 0.0 0 6.9 20 280 M M 4 27 280
25 86 57 72 0 0 7 0.00 0.0 0 3.6 15 290 M M 4 21 290
26 81 65 73 0 0 8 1.16 0.0 0 6.7 20 190 M M 9 13 26 200
27 89 68 79 6 0 14 0.00 0.0 0 3.9 10 310 M M 7 1 14 300
28 87 68 78 5 0 13 0.00 0.0 0 6.2 15 160 M M 5 1 21 130
29 90 70 80 7 0 15 0.12 0.0 0 9.1 32 360 M M 6 138 44 360
30 90 70 80 7 0 15 0.03 0.0 0 6.9 17 140 M M 7 3 22 140
================================================================================
SM 2547 1852 5 262 3.74 0.0 220.2 M 156
================================================================================
AV 84.9 61.7 7.3 FASTST M M 5 MAX(MPH)
MISC ----> # 33 170 # 49 160
================================================================================
NOTES:
# LAST OF SEVERAL OCCURRENCES
COLUMN 17 PEAK WIND IN M.P.H.
PRELIMINARY LOCAL CLIMATOLOGICAL DATA (WS FORM: F-6) , PAGE 2
STATION: ROCKFORD IL
MONTH: JUNE
YEAR: 2020
LATITUDE: 42 12 N
LONGITUDE: 89 6 W
[TEMPERATURE DATA] [PRECIPITATION DATA] SYMBOLS USED IN COLUMN 16
AVERAGE MONTHLY: 73.3 TOTAL FOR MONTH: 3.74 1 = FOG OR MIST
DPTR FM NORMAL: 3.5 DPTR FM NORMAL: -0.91 2 = FOG REDUCING VISIBILITY
HIGHEST: 94 ON 8 GRTST 24HR 1.16 ON 26-26 TO 1/4 MILE OR LESS
LOWEST: 51 ON 15 3 = THUNDER
SNOW, ICE PELLETS, HAIL 4 = ICE PELLETS
TOTAL MONTH: 0.0 INCH 5 = HAIL
GRTST 24HR 0.0 6 = FREEZING RAIN OR DRIZZLE
GRTST DEPTH: 0 7 = DUSTSTORM OR SANDSTORM:
VSBY 1/2 MILE OR LESS
8 = SMOKE OR HAZE
[NO. OF DAYS WITH] [WEATHER - DAYS WITH] 9 = BLOWING SNOW
X = TORNADO
MAX 32 OR BELOW: 0 0.01 INCH OR MORE: 9
MAX 90 OR ABOVE: 7 0.10 INCH OR MORE: 6
MIN 32 OR BELOW: 0 0.50 INCH OR MORE: 3
MIN 0 OR BELOW: 0 1.00 INCH OR MORE: 2
[HDD (BASE 65) ]
TOTAL THIS MO. 5 CLEAR (SCALE 0-3) 9
DPTR FM NORMAL -26 PTCLDY (SCALE 4-7) 17
TOTAL FM JUL 1 6152 CLOUDY (SCALE 8-10) 4
DPTR FM NORMAL -417
[CDD (BASE 65) ]
TOTAL THIS MO. 262
DPTR FM NORMAL 87 [PRESSURE DATA]
TOTAL FM JAN 1 318 HIGHEST SLP M ON M
DPTR FM NORMAL 88 LOWEST SLP 29.28 ON 9
[REMARKS]
#FINAL-06-20#