000
CXUS51 KAKQ 010710
CF6RIC
PRELIMINARY LOCAL CLIMATOLOGICAL DATA (WS FORM: F-6)
STATION: RICHMOND VA
MONTH: MAY
YEAR: 2022
LATITUDE: 37 30 N
LONGITUDE: 77 20 W
TEMPERATURE IN F: :PCPN: SNOW: WIND :SUNSHINE: SKY :PK WND
================================================================================
1 2 3 4 5 6A 6B 7 8 9 10 11 12 13 14 15 16 17 18
12Z AVG MX 2MIN
DY MAX MIN AVG DEP HDD CDD WTR SNW DPTH SPD SPD DIR MIN PSBL S-S WX SPD DR
================================================================================
1 82 51 67 4 0 2 0.04 0.0 0 5.7 15 160 M M 9 1 21 140
2 86 58 72 9 0 7 0.00 0.0 0 5.9 15 190 M M 5 19 250
3 72 58 65 1 0 0 0.00 0.0 0 7.1 16 130 M M 8 12 20 130
4 88 59 74 10 0 9 0.00 0.0 0 7.0 16 10 M M 7 1 22 10
5 71 58 65 1 0 0 0.00 0.0 0 8.0 17 30 M M 6 23 10
6 74 56 65 1 0 0 1.17 0.0 0 6.9 20 210 M M 10 13 25 210
7 64 48 56 -8 9 0 0.08 0.0 0 11.8 24 20 M M 10 1 35 20
8 53 44 49 -16 16 0 0.09 0.0 0 12.7 24 20 M M 9 1 29 20
9 69 41 55 -10 10 0 0.00 0.0 0 10.6 20 10 M M 1 28 10
10 72 48 60 -5 5 0 0.00 0.0 0 12.6 23 20 M M 5 30 30
11 72 51 62 -4 3 0 T 0.0 0 12.5 23 40 M M 6 29 20
12 66 58 62 -4 3 0 0.07 0.0 0 10.8 17 30 M M 9 1 22 30
13 76 60 68 2 0 3 T 0.0 0 7.5 15 110 M M 9 1 18 120
14 76 61 69 3 0 4 0.07 0.0 0 3.2 9 50 M M 9 12 11 30
15 86 60 73 7 0 8 0.02 0.0 0 4.8 17 300 M M 7 123 22 290
16 85 61 73 6 0 8 0.02 0.0 0 10.1 25 220 M M 6 13 29 220
17 85 54 70 3 0 5 0.00 0.0 0 8.3 18 250 M M 2 25 280
18 80 57 69 2 0 4 0.00 0.0 0 7.7 18 170 M M 5 24 170
19 89 67 78 11 0 13 T 0.0 0 9.5 21 200 M M 5 26 210
20 97 67 82 14 0 17 0.00 0.0 0 9.2 21 220 M M 4 27 230
21 95 70 83 15 0 18 0.05 0.0 0 10.9 26 150 M M 5 1 34 150
22 91 69 80 12 0 15 T 0.0 0 10.2 22 280 M M 5 3 28 280
23 76 61 69 1 0 4 0.14 0.0 0 8.5 16 30 M M 9 1 23 30
24 64 58 61 -8 4 0 1.32 0.0 0 8.6 20 60 M M 10 1 24 60
25 67 56 62 -7 3 0 0.01 0.0 0 7.4 14 70 M M 10 18 20 60
26 72 59 66 -3 0 1 0.01 0.0 0 4.1 9 40 M M 9 1 11 40
27 82 65 74 4 0 9 0.72 0.0 0 10.4 46 240 M M 9 13 57 250
28 82 61 72 2 0 7 0.05 0.0 0 6.3 17 300 M M 4 1 22 290
29 84 59 72 2 0 7 0.00 0.0 0 3.8 9 150 M M 3 12 180
30 90 64 77 7 0 12 0.00 0.0 0 4.2 10 190 M M 2 14 220
31 95 67 81 10 0 16 0.00 0.0 0 5.0 10 270 M M 2 14 250
================================================================================
SM 2441 1806 53 169 3.86 0.0 251.3 M 200
================================================================================
AV 78.7 58.3 8.1 FASTST M M 6 MAX(MPH)
MISC ----> 46 240 57 250
================================================================================
NOTES:
# LAST OF SEVERAL OCCURRENCES
COLUMN 17 PEAK WIND IN M.P.H.
PRELIMINARY LOCAL CLIMATOLOGICAL DATA (WS FORM: F-6) , PAGE 2
STATION: RICHMOND VA
MONTH: MAY
YEAR: 2022
LATITUDE: 37 30 N
LONGITUDE: 77 20 W
[TEMPERATURE DATA] [PRECIPITATION DATA] SYMBOLS USED IN COLUMN 16
AVERAGE MONTHLY: 68.5 TOTAL FOR MONTH: 3.86 1 = FOG OR MIST
DPTR FM NORMAL: 1.8 DPTR FM NORMAL: -0.14 2 = FOG REDUCING VISIBILITY
HIGHEST: 97 ON 20 GRTST 24HR 1.43 ON 23-24 TO 1/4 MILE OR LESS
LOWEST: 41 ON 9 3 = THUNDER
SNOW, ICE PELLETS, HAIL 4 = ICE PELLETS
TOTAL MONTH: 0.0 INCH 5 = HAIL
GRTST 24HR 0.0 6 = FREEZING RAIN OR DRIZZLE
GRTST DEPTH: 0 7 = DUSTSTORM OR SANDSTORM:
VSBY 1/2 MILE OR LESS
8 = SMOKE OR HAZE
[NO. OF DAYS WITH] [WEATHER - DAYS WITH] 9 = BLOWING SNOW
X = TORNADO
MAX 32 OR BELOW: 0 0.01 INCH OR MORE: 15
MAX 90 OR ABOVE: 5 0.10 INCH OR MORE: 4
MIN 32 OR BELOW: 0 0.50 INCH OR MORE: 3
MIN 0 OR BELOW: 0 1.00 INCH OR MORE: 2
[HDD (BASE 65) ]
TOTAL THIS MO. 53 CLEAR (SCALE 0-3) 5
DPTR FM NORMAL -19 PTCLDY (SCALE 4-7) 14
TOTAL FM JUL 1 3174 CLOUDY (SCALE 8-10) 12
DPTR FM NORMAL -556
[CDD (BASE 65) ]
TOTAL THIS MO. 169
DPTR FM NORMAL 43 [PRESSURE DATA]
TOTAL FM JAN 1 233 HIGHEST SLP M ON M
DPTR FM NORMAL 65 LOWEST SLP 29.47 ON 7
[REMARKS]
#FINAL-05-22#