000
CXUS56 KSGX 011045
CF6RIV
PRELIMINARY LOCAL CLIMATOLOGICAL DATA (WS FORM: F-6)
STATION: RIVERSIDE/MARCH ARB CA
MONTH: MAY
YEAR: 2022
LATITUDE: 33 53 N
LONGITUDE: 117-15 E
TEMPERATURE IN F: :PCPN: SNOW: WIND :SUNSHINE: SKY :PK WND
================================================================================
1 2 3 4 5 6A 6B 7 8 9 10 11 12 13 14 15 16 17 18
12Z AVG MX 2MIN
DY MAX MIN AVG DEP HDD CDD WTR SNW DPTH SPD SPD DIR MIN PSBL S-S WX SPD DR
================================================================================
1 78 47 63 M 2 0 0.00 M M 4.4 15 320 M M 0 21 320
2 78 55 67 M 0 2 0.00 M M 5.5 13 310 M M 4 M M
3 76 55 66 M 0 1 0.00 M M 7.0 12 320 M M 4 18 17 310
4 88 47 68 M 0 3 0.00 M M 6.5 15 300 M M 0 20 280
5 87 52 70 M 0 5 0.00 M M 4.9 15 330 M M 0 20 330
6 87 52 70 M 0 5 0.00 M M 4.8 14 330 M M 0 21 300
7 81 54 68 M 0 3 0.00 M M 5.8 13 310 M M 1 20 300
8 71 54 63 M 2 0 T M M 8.2 13 310 M M 7 18 310
9 70 48 59 M 6 0 0.00 M M 6.6 15 330 M M 4 21 300
10 72 45 59 M 6 0 0.00 M M 6.1 14 280 M M 3 22 280
11 70 45 58 M 7 0 0.00 M M 6.4 15 300 M M 1 22 300
12 84 48 66 M 0 1 0.00 M M 5.7 14 300 M M 1 21 80
13 93 54 74 M 0 9 0.00 M M 4.5 15 300 M M 1 21 290
14 97 59 78 M 0 13 0.00 M M 4.8 13 290 M M 3 20 270
15 90 63 77 M 0 12 0.00 M M 5.7 15 300 M M 5 22 290
16 82 57 70 M 0 5 0.00 M M 6.0 15 310 M M 0 18 290
17 79 58 69 M 0 4 0.00 M M 6.3 13 330 M M 2 1 M M
18 84 55 70 M 0 5 0.00 M M 6.0 13 320 M M 3 1 M M
19 81 54 68 M 0 3 0.00 M M 6.4 14 320 M M 4 18 21 320
20 65 56 61 M 4 0 0.00 M M 6.4 12 330 M M 10 M M
21 74 56 65 M 0 0 0.00 M M 9.3 16 330 M M 6 22 340
22 80 56 68 M 0 3 0.00 M M 6.5 13 320 M M 4 17 330
23 80 52 66 M 0 1 0.00 M M 5.7 13 320 M M 1 1 17 320
24 90 54 72 M 0 7 0.00 M M 6.6 15 330 M M 1 1 M M
25 90 56 73 M 0 8 0.00 M M 5.6 15 320 M M 0 M M
26 89 56 73 M 0 8 0.00 M M 6.7 16 310 M M 1 M M
27 81 54 68 M 0 3 0.00 M M 6.3 13 330 M M 4 1 M M
28 70 54 62 M 3 0 T M M 5.8 13 320 M M 9 1 17 320
29 74 55 65 M 0 0 0.00 M M 6.7 13 320 M M 5 21 340
30 79 50 65 M 0 0 0.00 M M 7.1 15 340 M M 2 20 290
31 83 52 68 M 0 3 0.00 M M 5.5 15 320 M M 1 18 M M
================================================================================
SM 2503 1653 30 104 T M 189.6 M 87
================================================================================
AV 80.7 53.3 6.1 FASTST M M 3 MAX(MPH)
MISC ----> # 16 330 # 22 280
================================================================================
NOTES:
# LAST OF SEVERAL OCCURRENCES
COLUMN 17 PEAK WIND IN M.P.H.
PRELIMINARY LOCAL CLIMATOLOGICAL DATA (WS FORM: F-6) , PAGE 2
STATION: RIVERSIDE/MARCH ARB CA
MONTH: MAY
YEAR: 2022
LATITUDE: 33 53 N
LONGITUDE: 117-15 E
[TEMPERATURE DATA] [PRECIPITATION DATA] SYMBOLS USED IN COLUMN 16
AVERAGE MONTHLY: 67.0 TOTAL FOR MONTH: T 1 = FOG OR MIST
DPTR FM NORMAL: 0.0 DPTR FM NORMAL: M 2 = FOG REDUCING VISIBILITY
HIGHEST: 97 ON 14 GRTST 24HR T ON 8- 8 TO 1/4 MILE OR LESS
LOWEST: 45 ON 11,10 3 = THUNDER
SNOW, ICE PELLETS, HAIL 4 = ICE PELLETS
TOTAL MONTH: M 5 = HAIL
GRTST 24HR M ON M 6 = FREEZING RAIN OR DRIZZLE
GRTST DEPTH: M ON M 7 = DUSTSTORM OR SANDSTORM:
VSBY 1/2 MILE OR LESS
8 = SMOKE OR HAZE
[NO. OF DAYS WITH] [WEATHER - DAYS WITH] 9 = BLOWING SNOW
X = TORNADO
MAX 32 OR BELOW: 0 0.01 INCH OR MORE: 0
MAX 90 OR ABOVE: 5 0.10 INCH OR MORE: 0
MIN 32 OR BELOW: 0 0.50 INCH OR MORE: 0
MIN 0 OR BELOW: 0 1.00 INCH OR MORE: 0
[HDD (BASE 65) ]
TOTAL THIS MO. 30 CLEAR (SCALE 0-3) 19
DPTR FM NORMAL M PTCLDY (SCALE 4-7) 10
TOTAL FM JUL 1 1632 CLOUDY (SCALE 8-10) 2
DPTR FM NORMAL M
[CDD (BASE 65) ]
TOTAL THIS MO. 104
DPTR FM NORMAL M [PRESSURE DATA]
TOTAL FM JAN 1 171 HIGHEST SLP M ON M
DPTR FM NORMAL M LOWEST SLP M ON M
[REMARKS]
#FINAL-05-22#