000
CXUS56 KSGX 011145
CF6RIV
PRELIMINARY LOCAL CLIMATOLOGICAL DATA (WS FORM: F-6)
STATION: RIVERSIDE/MARCH ARB CA
MONTH: NOVEMBER
YEAR: 2021
LATITUDE: 33 53 N
LONGITUDE: 117-15 E
TEMPERATURE IN F: :PCPN: SNOW: WIND :SUNSHINE: SKY :PK WND
================================================================================
1 2 3 4 5 6A 6B 7 8 9 10 11 12 13 14 15 16 17 18
12Z AVG MX 2MIN
DY MAX MIN AVG DEP HDD CDD WTR SNW DPTH SPD SPD DIR MIN PSBL S-S WX SPD DR
================================================================================
1 70 46 58 M 7 0 0.00 M M 3.3 13 290 M M 6 18 M M
2 73 52 63 M 2 0 0.00 M M 2.7 9 300 M M 2 18 M M
3 86 54 70 M 0 5 0.00 M M 2.9 13 320 M M 0 M M
4 84 55 70 M 0 5 0.00 M M 3.0 10 310 M M 0 M M
5 88 55 72 M 0 7 0.00 M M 2.9 10 300 M M 1 M M
6 81 55 68 M 0 3 0.00 M M 3.4 13 310 M M 0 18 M M
7 75 50 63 M 2 0 0.00 M M 2.9 10 310 M M 4 128 M M
8 75 48 62 M 3 0 0.00 M M 3.2 10 310 M M 3 1 M M
9 69 48 59 M 6 0 0.00 M M 4.7 12 330 M M 5 128 M M
10 82 43 63 M 2 0 T M M 2.7 12 310 M M 2 12 M M
11 87 45 66 M 0 1 0.00 M M 3.5 18 340 M M 0 23 340
12 89 53 71 M 0 6 0.00 M M 3.9 12 60 M M 0 M M
13 90 46 68 M 0 3 0.00 M M 1.6 9 320 M M 0 M M
14 91 44 68 M 0 3 0.00 M M 2.0 9 320 M M 0 M M
15 88 43 66 M 0 1 0.00 M M 2.7 12 340 M M 0 M M
16 78 46 62 M 3 0 0.00 M M 1.4 9 330 M M 0 M M
17 74 46 60 M 5 0 0.00 M M 2.9 13 330 M M 2 12 18 310
18 79 41 60 M 5 0 0.00 M M 2.3 8 300 M M 0 8 M M
19 75 40 58 M 7 0 0.00 M M 2.5 9 320 M M 1 18 M M
20 73 41 57 M 8 0 T M M 2.2 9 310 M M 2 1 M M
21 80 52 66 M 0 1 0.00 M M 10.4 18 80 M M 0 28 100
22 82 45 64 M 1 0 0.00 M M 5.6 12 30 M M 1 M M
23 76 45 61 M 4 0 0.00 M M 3.6 10 310 M M 1 M M
24 74 37 56 M 9 0 0.00 M M 7.9 24 10 M M 1 35 10
25 71 40 56 M 9 0 0.00 M M 11.5 27 90 M M 0 35 100
26 77 39 58 M 7 0 0.00 M M 4.0 10 10 M M 0 M M
27 80 35 58 M 7 0 0.00 M M 1.3 8 320 M M 0 M M
28 85 38 62 M 3 0 0.00 M M 2.1 9 330 M M 0 M M
29 84 40 62 M 3 0 0.00 M M 1.6 8 310 M M 0 M M
30 86 40 63 M 2 0 0.00 M M 2.2 10 290 M M 0 M M
================================================================================
SM 2402 1362 95 35 T M 106.7 M 31
================================================================================
AV 80.1 45.4 3.6 FASTST M M 1 MAX(MPH)
MISC ----> 27 90 35 10
================================================================================
NOTES:
# LAST OF SEVERAL OCCURRENCES
COLUMN 17 PEAK WIND IN M.P.H.
PRELIMINARY LOCAL CLIMATOLOGICAL DATA (WS FORM: F-6) , PAGE 2
STATION: RIVERSIDE/MARCH ARB CA
MONTH: NOVEMBER
YEAR: 2021
LATITUDE: 33 53 N
LONGITUDE: 117-15 E
[TEMPERATURE DATA] [PRECIPITATION DATA] SYMBOLS USED IN COLUMN 16
AVERAGE MONTHLY: 62.7 TOTAL FOR MONTH: T 1 = FOG OR MIST
DPTR FM NORMAL: 0.0 DPTR FM NORMAL: M 2 = FOG REDUCING VISIBILITY
HIGHEST: 91 ON 14 GRTST 24HR T ON 10-10 TO 1/4 MILE OR LESS
LOWEST: 35 ON 27 3 = THUNDER
SNOW, ICE PELLETS, HAIL 4 = ICE PELLETS
TOTAL MONTH: M 5 = HAIL
GRTST 24HR M ON M 6 = FREEZING RAIN OR DRIZZLE
GRTST DEPTH: M ON M 7 = DUSTSTORM OR SANDSTORM:
VSBY 1/2 MILE OR LESS
8 = SMOKE OR HAZE
[NO. OF DAYS WITH] [WEATHER - DAYS WITH] 9 = BLOWING SNOW
X = TORNADO
MAX 32 OR BELOW: 0 0.01 INCH OR MORE: 0
MAX 90 OR ABOVE: 2 0.10 INCH OR MORE: 0
MIN 32 OR BELOW: 0 0.50 INCH OR MORE: 0
MIN 0 OR BELOW: 0 1.00 INCH OR MORE: 0
[HDD (BASE 65) ]
TOTAL THIS MO. 95 CLEAR (SCALE 0-3) 27
DPTR FM NORMAL M PTCLDY (SCALE 4-7) 3
TOTAL FM JUL 1 141 CLOUDY (SCALE 8-10) 0
DPTR FM NORMAL M
[CDD (BASE 65) ]
TOTAL THIS MO. 35
DPTR FM NORMAL M [PRESSURE DATA]
TOTAL FM JAN 1 1842 HIGHEST SLP M ON M
DPTR FM NORMAL M LOWEST SLP M ON M
[REMARKS]
#FINAL-11-21#