626
CXUS56 KSGX 011145
CF6RIV
PRELIMINARY LOCAL CLIMATOLOGICAL DATA (WS FORM: F-6)
STATION: RIVERSIDE/MARCH FIELD CA
MONTH: DECEMBER
YEAR: 2020
LATITUDE: 33 54 N
LONGITUDE: 117 15 W
TEMPERATURE IN F: :PCPN: SNOW: WIND :SUNSHINE: SKY :PK WND
================================================================================
1 2 3 4 5 6A 6B 7 8 9 10 11 12 13 14 15 16 17 18
12Z AVG MX 2MIN
DY MAX MIN AVG DEP HDD CDD WTR SNW DPTH SPD SPD DIR MIN PSBL S-S WX SPD DR
================================================================================
1 80 28 54 M 11 0 0.00 0.0 0 1.2 9 330 M M 0 M M
2 75 32 54 M 11 0 0.00 0.0 0 8.1 17 70 M M 0 23 70
3 68 31 50 M 15 0 0.00 0.0 0 11.1 21 80 M M 0 36 90
4 73 29 51 M 14 0 0.00 0.0 0 4.1 10 320 M M 0 M M
5 73 23 48 M 17 0 0.00 0.0 0 1.4 6 310 M M 0 M M
6 77 27 52 M 13 0 0.00 0.0 0 1.4 6 300 M M 0 M M
7 75 35 55 M 10 0 0.00 0.0 0 8.0 28 70 M M 2 37 110
8 76 54 65 M 0 0 0.00 0.0 0 11.0 23 90 M M 1 33 90
9 75 35 55 M 10 0 0.00 0.0 0 2.5 9 150 M M 0 M M
10 65 31 48 M 17 0 0.00 M M 2.9 9 160 M M 2 M M
11 59 37 48 M 17 0 0.00 M M 2.4 8 310 M M 5 1 M M
12 56 38 47 M 18 0 0.00 M M 3.6 13 150 M M 7 18 M M
13 67 42 55 M 10 0 0.00 M M 6.2 17 80 M M 3 23 110
14 63 36 50 M 15 0 T M M 5.4 21 330 M M 4 22 330
15 65 37 51 M 14 0 0.00 M M 3.0 13 330 M M 0 M M
16 72 34 53 M 12 0 0.00 M M 2.4 15 90 M M 0 M M
17 63 35 49 M 16 0 0.00 M M 2.6 12 300 M M 1 1 M M
18 68 36 52 M 13 0 0.00 M M 5.2 18 340 M M 4 12 16 330
19 71 31 51 M 14 0 0.00 M M 1.5 6 330 M M 0 M M
20 80 27 54 M 11 0 0.00 M M 1.7 7 360 M M 0 M M
21 82 34 58 M 7 0 0.00 M M 1.3 7 300 M M 0 M M
22 73 31 52 M 13 0 0.00 M M 1.0 8 320 M M 1 M M
23 70 32 51 M 14 0 0.00 M M 9.6 24 100 M M 0 40 80
24 62 51 57 M 8 0 0.06 M M 7.4 17 60 M M 3 M M
25 73 34 54 M 11 0 0.00 M M 2.0 6 10 M M 0 M M
26 71 30 51 M 14 0 0.00 M M 2.3 8 310 M M 0 M M
27 63 33 48 M 17 0 0.00 M M 1.8 8 150 M M 4 1 M M
28 51 39 45 M 20 0 1.02 M M 6.4 23 290 M M 9 13 41 260
29 59 34 47 M 18 0 0.00 M M 8.2 28 10 M M 0 38 330
30 66 28 47 M 18 0 0.00 M M 4.8 16 360 M M 0 M M
31 62 29 46 M 19 0 0.00 M M 10.1 25 340 M M 0 39 330
================================================================================
SM 2133 1053 417 0 1.08 0.0 140.7 M 46
================================================================================
AV 68.8 34.0 4.5 FASTST M M 1 MAX(MPH)
MISC ----> 28 10 41 260
================================================================================
NOTES:
# LAST OF SEVERAL OCCURRENCES
COLUMN 17 PEAK WIND IN M.P.H.
PRELIMINARY LOCAL CLIMATOLOGICAL DATA (WS FORM: F-6) , PAGE 2
STATION: RIVERSIDE/MARCH FIELD CA
MONTH: DECEMBER
YEAR: 2020
LATITUDE: 33 54 N
LONGITUDE: 117 15 W
[TEMPERATURE DATA] [PRECIPITATION DATA] SYMBOLS USED IN COLUMN 16
AVERAGE MONTHLY: 51.4 TOTAL FOR MONTH: 1.08 1 = FOG OR MIST
DPTR FM NORMAL: 0.0 DPTR FM NORMAL: M 2 = FOG REDUCING VISIBILITY
HIGHEST: 82 ON 21 GRTST 24HR 1.02 ON 28-28 TO 1/4 MILE OR LESS
LOWEST: 23 ON 5 3 = THUNDER
SNOW, ICE PELLETS, HAIL 4 = ICE PELLETS
TOTAL MONTH: 0.0 INCH 5 = HAIL
GRTST 24HR 0.0 6 = FREEZING RAIN OR DRIZZLE
GRTST DEPTH: 0 7 = DUSTSTORM OR SANDSTORM:
VSBY 1/2 MILE OR LESS
8 = SMOKE OR HAZE
[NO. OF DAYS WITH] [WEATHER - DAYS WITH] 9 = BLOWING SNOW
X = TORNADO
MAX 32 OR BELOW: 0 0.01 INCH OR MORE: 2
MAX 90 OR ABOVE: 0 0.10 INCH OR MORE: 1
MIN 32 OR BELOW: 14 0.50 INCH OR MORE: 1
MIN 0 OR BELOW: 0 1.00 INCH OR MORE: 1
[HDD (BASE 65) ]
TOTAL THIS MO. 417 CLEAR (SCALE 0-3) 25
DPTR FM NORMAL M PTCLDY (SCALE 4-7) 5
TOTAL FM JUL 1 703 CLOUDY (SCALE 8-10) 1
DPTR FM NORMAL M
[CDD (BASE 65) ]
TOTAL THIS MO. 0
DPTR FM NORMAL M [PRESSURE DATA]
TOTAL FM JAN 1 1707 HIGHEST SLP M ON M
DPTR FM NORMAL M LOWEST SLP M ON M
[REMARKS]
#FINAL-12-20#