000
CXUS55 KRIW 011010
CF6RIW
PRELIMINARY LOCAL CLIMATOLOGICAL DATA (WS FORM: F-6)
STATION: RIVERTON WY
MONTH: AUGUST
YEAR: 2021
LATITUDE: 43 2 N
LONGITUDE: 108 27 W
TEMPERATURE IN F: :PCPN: SNOW: WIND :SUNSHINE: SKY :PK WND
================================================================================
1 2 3 4 5 6A 6B 7 8 9 10 11 12 13 14 15 16 17 18
12Z AVG MX 2MIN
DY MAX MIN AVG DEP HDD CDD WTR SNW DPTH SPD SPD DIR MIN PSBL S-S WX SPD DR
================================================================================
1 85 54 70 -3 0 5 0.00 0.0 0 4.5 10 30 M M 0 1 15 30
2 88 55 72 -1 0 7 0.00 0.0 0 8.0 26 310 M M 1 8 35 310
3 73 60 67 -6 0 2 0.01 0.0 0 9.3 21 20 M M 5 28 290
4 87 55 71 -1 0 6 0.00 0.0 0 7.0 25 40 M M 0 36 40
5 91 57 74 2 0 9 T 0.0 0 7.4 39 300 M M 1 3 53 300
6 79 54 67 -5 0 2 0.16 T 0 12.1 46 290 M M 3 1358 60 280
7 83 54 69 -3 0 4 0.00 0.0 0 10.0 22 310 M M 1 8 28 310
8 93 60 77 5 0 12 0.00 0.0 0 11.1 24 250 M M 0 8 31 250
9 83 53 68 -4 0 3 0.00 0.0 0 10.5 21 330 M M 0 8 27 320
10 91 50 71 0 0 6 0.00 0.0 0 12.2 29 310 M M 0 39 320
11 95 58 77 6 0 12 0.00 0.0 0 10.0 20 310 M M 0 29 300
12 89 62 76 5 0 11 0.00 0.0 0 10.4 18 30 M M 0 27 40
13 88 60 74 3 0 9 0.00 0.0 0 6.8 13 40 M M 0 17 70
14 94 59 77 7 0 12 0.02 0.0 0 8.4 31 280 M M 1 3 39 270
15 87 58 73 3 0 8 0.00 0.0 0 9.4 29 240 M M 0 39 230
16 93 58 76 6 0 11 0.00 0.0 0 7.9 33 320 M M 0 8 50 320
17 93 62 78 8 0 13 0.00 0.0 0 9.2 32 250 M M 0 8 42 270
18 75 50 63 -6 2 0 0.15 0.0 0 12.8 28 10 M M 6 1 37 10
19 66 49 58 -11 7 0 0.29 0.0 0 7.7 25 180 M M 7 1 32 180
20 68 49 59 -10 6 0 T 0.0 0 6.1 14 50 M M 6 19 80
21 78 44 61 -7 4 0 0.17 0.0 0 11.2 36 300 M M 2 138 48 290
22 76 47 62 -6 3 0 0.00 0.0 0 6.8 26 330 M M 1 36 330
23 87 48 68 0 0 3 0.00 0.0 0 9.2 26 250 M M 0 34 250
24 84 50 67 -1 0 2 0.00 0.0 0 9.2 25 20 M M 0 33 20
25 88 47 68 1 0 3 0.00 0.0 0 8.3 25 180 M M 0 33 220
26 85 57 71 4 0 6 0.00 0.0 0 8.2 20 300 M M 0 25 300
27 84 46 65 -2 0 0 0.00 0.0 0 8.5 20 10 M M 0 27 10
28 74 51 63 -3 2 0 0.00 0.0 0 9.4 17 10 M M 0 24 20
29 80 43 62 -4 3 0 0.00 0.0 0 6.3 14 310 M M 0 18 50
30 85 52 69 3 0 4 0.00 0.0 0 8.1 18 290 M M 1 8 22 290
31 85 52 69 4 0 4 0.00 0.0 0 6.8 14 200 M M 4 8 18 200
================================================================================
SM 2607 1654 27 154 0.80 T 272.8 M 39
================================================================================
AV 84.1 53.4 8.8 FASTST M M 1 MAX(MPH)
MISC ----> 46 290 60 280
================================================================================
NOTES:
# LAST OF SEVERAL OCCURRENCES
COLUMN 17 PEAK WIND IN M.P.H.
PRELIMINARY LOCAL CLIMATOLOGICAL DATA (WS FORM: F-6) , PAGE 2
STATION: RIVERTON WY
MONTH: AUGUST
YEAR: 2021
LATITUDE: 43 2 N
LONGITUDE: 108 27 W
[TEMPERATURE DATA] [PRECIPITATION DATA] SYMBOLS USED IN COLUMN 16
AVERAGE MONTHLY: 68.7 TOTAL FOR MONTH: 0.80 1 = FOG OR MIST
DPTR FM NORMAL: -0.9 DPTR FM NORMAL: 0.38 2 = FOG REDUCING VISIBILITY
HIGHEST: 95 ON 11 GRTST 24HR 0.47 ON 18-19 TO 1/4 MILE OR LESS
LOWEST: 43 ON 29 3 = THUNDER
SNOW, ICE PELLETS, HAIL 4 = ICE PELLETS
TOTAL MONTH: T 5 = HAIL
GRTST 24HR T ON 6- 6 6 = FREEZING RAIN OR DRIZZLE
GRTST DEPTH: 0 7 = DUSTSTORM OR SANDSTORM:
VSBY 1/2 MILE OR LESS
8 = SMOKE OR HAZE
[NO. OF DAYS WITH] [WEATHER - DAYS WITH] 9 = BLOWING SNOW
X = TORNADO
MAX 32 OR BELOW: 0 0.01 INCH OR MORE: 6
MAX 90 OR ABOVE: 7 0.10 INCH OR MORE: 4
MIN 32 OR BELOW: 0 0.50 INCH OR MORE: 0
MIN 0 OR BELOW: 0 1.00 INCH OR MORE: 0
[HDD (BASE 65) ]
TOTAL THIS MO. 27 CLEAR (SCALE 0-3) 26
DPTR FM NORMAL 1 PTCLDY (SCALE 4-7) 5
TOTAL FM JUL 1 27 CLOUDY (SCALE 8-10) 0
DPTR FM NORMAL -7
[CDD (BASE 65) ]
TOTAL THIS MO. 154
DPTR FM NORMAL -15 [PRESSURE DATA]
TOTAL FM JAN 1 657 HIGHEST SLP 30.29 ON 1
DPTR FM NORMAL 189 LOWEST SLP 29.50 ON 17
[REMARKS]
#FINAL-08-21#