000
CXUS54 KCRP 011300
CF6RKP
PRELIMINARY LOCAL CLIMATOLOGICAL DATA (WS FORM: F-6)
STATION: ROCKPORT
MONTH: APRIL
YEAR: 2020
LATITUDE: 28 4 N
LONGITUDE: 97 3 W
TEMPERATURE IN F: :PCPN: SNOW: WIND :SUNSHINE: SKY :PK WND
================================================================================
1 2 3 4 5 6A 6B 7 8 9 10 11 12 13 14 15 16 17 18
12Z AVG MX 2MIN
DY MAX MIN AVG DEP HDD CDD WTR SNW DPTH SPD SPD DIR MIN PSBL S-S WX SPD DR
================================================================================
1 79 63 71 2 0 6 0.00 0.0 0 14.1 18 140 M M 2 23 140
2 79 72 76 7 0 11 T 0.0 0 13.7 25 130 M M 6 8 29 150
3 84 74 79 9 0 14 0.01 0.0 0 12.8 21 70 M M 8 18 25 70
4 74 55 65 -5 0 0 0.48 0.0 0 15.3 26 90 M M 9 138 33 80
5 77 58 68 -2 0 3 0.00 0.0 0 11.1 18 20 M M 8 18 23 20
6 76 70 73 3 0 8 0.02 0.0 0 4.9 12 90 M M 10 128 14 80
7 85 73 79 9 0 14 0.00 0.0 0 5.6 13 140 M M 6 128 17 140
8 87 75 81 10 0 16 0.00 0.0 0 7.1 16 140 M M 5 128 20 140
9 83 72 78 7 0 13 T 0.0 0 7.1 23 20 M M 7 18 33 20
10 79 70 75 4 0 10 T 0.0 0 13.4 26 100 M M 7 18 33 90
11 84 73 79 8 0 14 0.00 0.0 0 14.9 21 120 M M 8 18 26 140
12 97 72 85 13 0 20 0.00 0.0 0 12.3 24 310 M M 4 18 32 310
13 79 59 69 -3 0 4 0.00 0.0 0 12.7 25 10 M M 0 32 20
14 79 58 69 -3 0 4 T 0.0 0 15.0 25 30 M M 5 32 30
15 71 53 62 -10 3 0 0.00 0.0 0 12.5 20 20 M M 1 26 10
16 79 60 70 -2 0 5 0.00 0.0 0 10.5 17 130 M M 3 21 120
17 83 72 78 5 0 13 0.06 0.0 0 8.0 14 130 M M 9 18 17 130
18 75 61 68 -5 0 3 0.02 0.0 0 9.2 21 10 M M 10 128 26 10
19 91 70 81 8 0 16 T 0.0 0 6.8 13 140 M M 6 1238 17 160
20 88 65 77 4 0 12 0.00 0.0 0 7.9 20 120 M M 4 128 23 120
21 86 73 80 6 0 15 0.00 0.0 0 12.1 21 110 M M 4 18 25 110
22 87 77 82 8 0 17 0.00 0.0 0 11.8 21 150 M M 8 18 29 170
23 99 77 88 14 0 23 T 0.0 0 9.4 20 20 M M 3 18 26 20
24 91 69 80 6 0 15 0.00 0.0 0 9.1 18 140 M M 0 18 26 190
25 93 71 82 8 0 17 0.00 0.0 0 13.0 22 30 M M 1 8 27 30
26 85 67 76 1 0 11 0.00 0.0 0 12.9 18 120 M M 2 23 110
27 87 74 81 6 0 16 0.00 0.0 0 15.1 24 130 M M 3 8 30 130
28 90 78 84 9 0 19 0.01 0.0 0 12.4 23 130 M M 6 8 30 120
29 88 65 77 2 0 12 0.20 0.0 0 12.7 47 20 M M 3 38 58 10
30 85 59 72 -4 0 7 0.00 0.0 0 8.4 15 130 M M 0 19 140
================================================================================
SM 2520 2035 3 338 0.80 0.0 331.8 M 148
================================================================================
AV 84.0 67.8 11.1 FASTST M M 5 MAX(MPH)
MISC ----> # 47 20 # 58 10
================================================================================
NOTES:
# LAST OF SEVERAL OCCURRENCES
COLUMN 17 PEAK WIND IN M.P.H.
PRELIMINARY LOCAL CLIMATOLOGICAL DATA (WS FORM: F-6) , PAGE 2
STATION: ROCKPORT
MONTH: APRIL
YEAR: 2020
LATITUDE: 28 4 N
LONGITUDE: 97 3 W
[TEMPERATURE DATA] [PRECIPITATION DATA] SYMBOLS USED IN COLUMN 16
AVERAGE MONTHLY: 75.9 TOTAL FOR MONTH: 0.80 1 = FOG OR MIST
DPTR FM NORMAL: 3.5 DPTR FM NORMAL: -0.81 2 = FOG REDUCING VISIBILITY
HIGHEST: 99 ON 23 GRTST 24HR 0.48 ON 4- 4 TO 1/4 MILE OR LESS
LOWEST: 53 ON 15 3 = THUNDER
SNOW, ICE PELLETS, HAIL 4 = ICE PELLETS
TOTAL MONTH: 0.0 INCH 5 = HAIL
GRTST 24HR 0.0 6 = FREEZING RAIN OR DRIZZLE
GRTST DEPTH: 0 7 = DUSTSTORM OR SANDSTORM:
VSBY 1/2 MILE OR LESS
8 = SMOKE OR HAZE
[NO. OF DAYS WITH] [WEATHER - DAYS WITH] 9 = BLOWING SNOW
X = TORNADO
MAX 32 OR BELOW: 0 0.01 INCH OR MORE: 7
MAX 90 OR ABOVE: 6 0.10 INCH OR MORE: 2
MIN 32 OR BELOW: 0 0.50 INCH OR MORE: 0
MIN 0 OR BELOW: 0 1.00 INCH OR MORE: 0
[HDD (BASE 65) ]
TOTAL THIS MO. 3 CLEAR (SCALE 0-3) 9
DPTR FM NORMAL -11 PTCLDY (SCALE 4-7) 16
TOTAL FM JUL 1 592 CLOUDY (SCALE 8-10) 5
DPTR FM NORMAL -284
[CDD (BASE 65) ]
TOTAL THIS MO. 338
DPTR FM NORMAL 103 [PRESSURE DATA]
TOTAL FM JAN 1 765 HIGHEST SLP 30.21 ON 26
DPTR FM NORMAL 381 LOWEST SLP 29.49 ON 12
[REMARKS]
#FINAL-04-20#