000
CXUS55 KREV 020004 AAA
CF6RNO
PRELIMINARY LOCAL CLIMATOLOGICAL DATA (WS FORM: F-6)
STATION: RENO-TAHOE INTL AIRPORT NV
MONTH: JANUARY
YEAR: 2022
LATITUDE: 39 30 N
LONGITUDE: 119 47 W
TEMPERATURE IN F: :PCPN: SNOW: WIND :SUNSHINE: SKY :PK WND
================================================================================
1 2 3 4 5 6A 6B 7 8 9 10 11 12 13 14 15 16 17 18
12Z AVG MX 2MIN
DY MAX MIN AVG DEP HDD CDD WTR SNW DPTH SPD SPD DIR MIN PSBL S-S WX SPD DR
================================================================================
1 35 15 25 -11 40 0 0.00 0.0 0 2.2 9 170 M M 3 11 280
2 38 17 28 -8 37 0 0.00 0.0 0 3.5 14 30 M M 5 16 340
3 49 22 36 0 29 0 0.00 0.0 0 11.9 35 150 M M 6 49 150
4 53 44 49 13 16 0 0.00 0.0 0 12.7 31 140 M M 7 8 40 150
5 58 39 49 13 16 0 0.00 0.0 0 8.4 26 290 M M 6 33 290
6 60 30 45 9 20 0 0.00 0.0 0 2.0 12 210 M M 3 17 240
7 53 35 44 8 21 0 0.00 0.0 0 12.2 31 270 M M 5 44 280
8 49 26 38 2 27 0 0.00 0.0 0 3.0 10 140 M M 2 14 140
9 48 25 37 1 28 0 0.00 0.0 0 2.7 10 140 M M 1 15 130
10 47 24 36 0 29 0 0.00 0.0 0 1.4 7 270 M M 5 11 270
11 49 24 37 1 28 0 0.00 0.0 0 0.3 6 290 M M 7 12 270
12 57 24 41 4 24 0 0.00 0.0 0 1.1 7 210 M M 5 1 12 280
13 64 29 47 10 18 0 0.00 0.0 0 6.0 21 280 M M 7 26 290
14 50 25 38 1 27 0 0.00 0.0 0 4.7 16 80 M M 4 21 80
15 48 27 38 1 27 0 0.00 0.0 0 2.7 7 150 M M 8 11 260
16 50 25 38 1 27 0 0.00 0.0 0 0.7 5 290 M M 6 9 280
17 52 24 38 1 27 0 0.00 0.0 0 0.6 6 160 M M 7 8 200
18 55 25 40 3 25 0 0.00 0.0 0 0.9 7 30 M M 5 11 230
19 53 25 39 2 26 0 0.00 0.0 0 2.1 10 360 M M 1 12 290
20 55 25 40 3 25 0 0.00 0.0 0 0.4 6 180 M M 3 9 200
21 47 27 37 0 28 0 0.00 0.0 0 4.4 15 10 M M 3 20 80
22 47 25 36 -1 29 0 0.00 0.0 0 4.9 14 100 M M 2 19 100
23 52 22 37 -1 28 0 0.00 0.0 0 0.9 7 170 M M 1 11 280
24 54 21 38 0 27 0 0.00 0.0 0 0.9 5 180 M M 3 8 230
25 48 22 35 -3 30 0 0.00 0.0 0 4.2 15 80 M M 0 8 19 70
26 50 20 35 -3 30 0 0.00 0.0 0 2.2 10 30 M M 0 12 30
27 50 20 35 -3 30 0 0.00 0.0 0 3.2 16 80 M M 0 20 80
28 50 21 36 -2 29 0 0.00 0.0 0 2.4 10 130 M M 3 13 80
29 51 20 36 -2 29 0 0.00 0.0 0 1.6 10 360 M M 3 12 360
30 55 19 37 -1 28 0 0.00 0.0 0 1.6 8 190 M M 2 14 250
31 54 26 40 2 25 0 0.00 0.0 0 4.9 16 360 M M 5 21 30
================================================================================
SM 1581 773 830 0 0.00 0.0 110.7 M 118
================================================================================
AV 51.0 24.9 3.6 FASTST M M 4 MAX(MPH)
MISC ----> 35 150 49 150
================================================================================
NOTES:
# LAST OF SEVERAL OCCURRENCES
COLUMN 17 PEAK WIND IN M.P.H.
PRELIMINARY LOCAL CLIMATOLOGICAL DATA (WS FORM: F-6) , PAGE 2
STATION: RENO-TAHOE INTL AIRPORT NV
MONTH: JANUARY
YEAR: 2022
LATITUDE: 39 30 N
LONGITUDE: 119 47 W
[TEMPERATURE DATA] [PRECIPITATION DATA] SYMBOLS USED IN COLUMN 16
AVERAGE MONTHLY: 38.0 TOTAL FOR MONTH: 0.00 1 = FOG OR MIST
DPTR FM NORMAL: 1.1 DPTR FM NORMAL: -1.25 2 = FOG REDUCING VISIBILITY
HIGHEST: 64 ON 13 GRTST 24HR T ON 3- 3 TO 1/4 MILE OR LESS
LOWEST: 15 ON 1 3 = THUNDER
SNOW, ICE PELLETS, HAIL 4 = ICE PELLETS
TOTAL MONTH: 0.0 INCH 5 = HAIL
GRTST 24HR 0.0 6 = FREEZING RAIN OR DRIZZLE
GRTST DEPTH: T 7 = DUSTSTORM OR SANDSTORM:
VSBY 1/2 MILE OR LESS
8 = SMOKE OR HAZE
[NO. OF DAYS WITH] [WEATHER - DAYS WITH] 9 = BLOWING SNOW
X = TORNADO
MAX 32 OR BELOW: 0 0.01 INCH OR MORE: 0
MAX 90 OR ABOVE: 0 0.10 INCH OR MORE: 0
MIN 32 OR BELOW: 28 0.50 INCH OR MORE: 0
MIN 0 OR BELOW: 0 1.00 INCH OR MORE: 0
[HDD (BASE 65) ]
TOTAL THIS MO. 830 CLEAR (SCALE 0-3) 13
DPTR FM NORMAL -41 PTCLDY (SCALE 4-7) 18
TOTAL FM JUL 1 2628 CLOUDY (SCALE 8-10) 0
DPTR FM NORMAL -146
[CDD (BASE 65) ]
TOTAL THIS MO. 0
DPTR FM NORMAL 0 [PRESSURE DATA]
TOTAL FM JAN 1 0 HIGHEST SLP M ON M
DPTR FM NORMAL 0 LOWEST SLP 29.69 ON 7
[REMARKS]
THE AVERAGE TEMPERATURE FOR JANUARY 2022 AT THE RENO-TAHOE
INTERNATIONAL AIRPORT WAS 38.0 DEGREES WHICH IS 1.1 DEGREES ABOVE
NORMAL. THE HIGHEST TEMPERATURE FOR JANUARY WAS 64 DEGREES WHICH
OCCURRED ON THE 13TH. THE LOWEST TEMPERATURE FOR THE MONTH WAS 15
DEGREES WHICH OCCURRED ON THE 1ST.
FOR JANUARY 2022, 0.00 INCHES OF PRECIPITATION WERE RECORDED AT THE
RENO-TAHOE INTERNATIONAL AIRPORT. THIS IS 1.25 INCHES BELOW NORMAL
AND SET A NEW RECORD FOR LEAST PRECIPITATION IN JANUARY. DURING THE
MONTH 0.0 INCHES OF SNOWFALL WAS RECORDED.
THE AVERAGE WIND SPEED FOR JANUARY 2022 WAS 3.6 MPH. THE PEAK WIND
GUST FOR THE MONTH WAS 49 MPH FROM THE SOUTHEAST ON THE 3RD.
#FINAL-01-22#