000
CXUS55 KREV 010928
CLMRNO
CLIMATE REPORT
NATIONAL WEATHER SERVICE RENO NV
228 AM PDT SUN OCT 01 2023
...................................
...THE RENO-TAHOE INTL AIRPORT NV CLIMATE SUMMARY FOR THE MONTH OF SEPTEMBER 2023...
THE AVERAGE TEMPERATURE FOR SEPTEMBER 2023 AT THE RENO-TAHOE INTERNATIONAL
AIRPORT WAS 66.2 DEGREES, WHICH IS 0.8 DEGREES BELOW NORMAL. THE HIGHEST
TEMPERATURE FOR SEPTEMBER WAS 90 DEGREES, WHICH OCCURRED ON THE 9TH. THE
LOWEST TEMPERATURE FOR THE MONTH WAS 41 DEGREES, WHICH OCCURRED ON THE
22ND.
FOR SEPTEMBER 2023, 0.61 INCHES OF PRECIPITATION WAS RECORDED AT THE
RENO-TAHOE INTERNATIONAL AIRPORT. THIS IS 0.40 INCHES ABOVE NORMAL
FOR THE MONTH.
THE AVERAGE WIND SPEED FOR SEPTEMBER 2023 WAS 5.4 MPH. THE PEAK WIND GUST
FOR THE MONTH WAS 47 MPH FROM THE SOUTH ON THE 1ST.
CLIMATE NORMAL PERIOD 1991 TO 2020
CLIMATE RECORD PERIOD 1888 TO 2023
WEATHER OBSERVED NORMAL DEPART LAST YEAR`S
VALUE DATE(S) VALUE FROM VALUE
NORMAL
..............................................................
TEMPERATURE (F)
RECORD
HIGH 106 09/06/2022
LOW 20 09/19/1965
09/18/1965
HIGHEST 90 09/09 101 -11
LOWEST 41 09/22 20 21
AVG. MAXIMUM 80.8 83.8 -3.0
AVG. MINIMUM 51.6 50.3 1.3
MEAN 66.2 67.0 -0.8
DAYS MAX >= 90 1 7.5 -6.5
DAYS MAX <= 32 0 0.0 0.0
DAYS MIN <= 32 0 0.0 0.0
DAYS MIN <= 0 0 0.0 0.0
PRECIPITATION (INCHES)
RECORD
MAXIMUM 2.41 1918
MINIMUM 0.00 2020
TOTALS 0.61 0.21 0.40
DAILY AVG. 0.02 0.01 0.01
DAYS >= .01 5 2.0 3.0
DAYS >= .10 2 0.6 1.4
DAYS >= .50 0 0.0 0.0
DAYS >= 1.00 0 0.0 0.0
GREATEST
24 HR. TOTAL 0.34 09/03 TO 09/03
STORM TOTAL 0.34
(MM/DD(HH))
SNOWFALL (INCHES)
RECORDS
TOTAL 1.5 5
24 HR TOTAL MM
TOTALS 0.0 0.0 0.0
LIQUID EQUIV 0.00 0.00 0.00
SINCE 7/1 0.0 0.0 0.0
LIQUID 7/1 0.00
DAYS >= TRACE 0 0.0 0.0
DAYS >= 1.0 0 0.0 0.0
GREATEST
SNOW DEPTH 0
24 HR TOTAL MM
STORM TOTAL 0.0
(MM/DD(HH))
DEGREE DAYS
HEATING TOTAL 56 56 0
SINCE 7/1 56 63 -7
COOLING TOTAL 101 118 -17
SINCE 1/1 1091 1031 60
FREEZE DATES
RECORD
EARLIEST 08/23/1973
LATEST 06/27/1974
EARLIEST MM
LATEST 04/19
..............................................................
WIND (MPH)
AVERAGE WIND SPEED 5.4
HIGHEST WIND SPEED/DIRECTION 33/200 DATE 09/01
HIGHEST GUST SPEED/DIRECTION 47/190 DATE 09/01
AVERAGE RH (PERCENT) 43
WEATHER CONDITIONS. NUMBER OF DAYS WITH
THUNDERSTORM 2 MIXED PRECIP 0
HEAVY RAIN 1 RAIN 3
LIGHT RAIN 5 FREEZING RAIN 0
LT FREEZING RAIN 0 HAIL 0
HEAVY SNOW 0 SNOW 0
LIGHT SNOW 0 SLEET 0
FOG 3 FOG W/VIS <= 1/4 MILE 0
HAZE 1
- INDICATES NEGATIVE NUMBERS.
R INDICATES RECORD WAS SET OR TIED.
MM INDICATES DATA IS MISSING.
T INDICATES TRACE AMOUNT.
$$