000
CXUS55 KABQ 011010
CF6ROW
PRELIMINARY LOCAL CLIMATOLOGICAL DATA (WS FORM: F-6)
STATION: ROSWELL NM
MONTH: MARCH
YEAR: 2022
LATITUDE: 33 17 N
LONGITUDE: 104 32 W
TEMPERATURE IN F: :PCPN: SNOW: WIND :SUNSHINE: SKY :PK WND
================================================================================
1 2 3 4 5 6A 6B 7 8 9 10 11 12 13 14 15 16 17 18
12Z AVG MX 2MIN
DY MAX MIN AVG DEP HDD CDD WTR SNW DPTH SPD SPD DIR MIN PSBL S-S WX SPD DR
================================================================================
1 68 31 50 -1 15 0 0.00 0.0 0 5.3 12 170 M M 0 15 20
2 74 38 56 5 9 0 0.00 0.0 0 4.0 10 180 M M 0 16 160
3 76 36 56 4 9 0 0.00 0.0 0 7.0 20 170 M M 1 25 170
4 84 46 65 13 0 0 0.00 0.0 0 14.0 33 200 M M 0 44 220
5 76 44 60 8 5 0 0.00 0.0 0 10.0 23 260 M M 0 32 260
6 67 38 53 1 12 0 0.00 0.0 0 14.3 32 260 M M 0 47 240
7 48 26 37 -16 28 0 0.00 0.0 0 6.9 15 160 M M 1 19 150
8 55 23 39 -14 26 0 0.00 0.0 0 6.1 14 180 M M 0 19 180
9 70 26 48 -5 17 0 0.00 0.0 0 9.4 24 160 M M 0 32 170
10 57 27 42 -11 23 0 0.00 0.0 0 11.2 25 40 M M 1 32 40
11 42 24 33 -21 32 0 0.04 0.2 0 10.2 20 10 M M 4 1 25 10
12 65 18 42 -12 23 0 0.00 0.0 0 10.1 23 170 M M 0 32 160
13 75 26 51 -3 14 0 0.00 0.0 0 8.3 29 240 M M 0 36 250
14 67 44 56 1 9 0 0.00 0.0 0 12.0 33 10 M M 1 47 360
15 76 33 55 0 10 0 0.00 0.0 0 8.6 22 190 M M 0 29 160
16 86 37 62 7 3 0 0.00 0.0 0 8.1 28 210 M M 0 37 230
17 67 36 52 -4 13 0 0.01 0.0 0 16.1 38 350 M M 4 51 360
18 62 31 47 -9 18 0 0.00 0.0 0 7.7 20 170 M M 0 26 170
19 72 31 52 -4 13 0 0.00 0.0 0 5.4 15 170 M M 0 19 180
20 83 37 60 4 5 0 0.00 0.0 0 15.6 35 150 M M 1 8 49 140
21 68 41 55 -2 10 0 0.11 0.0 0 15.6 32 360 M M 4 44 360
22 57 37 47 -10 18 0 0.00 0.0 0 10.4 28 20 M M 3 36 20
23 63 38 51 -6 14 0 0.00 0.0 0 9.8 31 310 M M 1 46 330
24 77 30 54 -4 11 0 0.00 0.0 0 4.7 17 180 M M 0 22 180
25 84 40 62 4 3 0 0.00 0.0 0 3.9 10 10 M M 0 14 220
26 87 43 65 7 0 0 0.00 0.0 0 7.2 15 220 M M 0 19 180
27 92 45 69 11 0 4 0.00 0.0 0 5.8 14 280 M M 0 20 180
28 91 45 68 9 0 3 0.00 0.0 0 10.8 31 250 M M 0 40 210
29 83 52 68 9 0 3 0.00 0.0 0 20.9 44 220 M M 1 64 240
30 66 42 54 -5 11 0 0.17 0.0 0 11.5 35 10 M M 5 3 47 350
31 67 33 50 -9 15 0 0.00 0.0 0 6.4 17 360 M M 0 24 150
================================================================================
SM 2205 1098 366 10 0.33 0.2 297.3 M 27
================================================================================
AV 71.1 35.4 9.6 FASTST M M 1 MAX(MPH)
MISC ----> 44 220 64 240
================================================================================
NOTES:
# LAST OF SEVERAL OCCURRENCES
COLUMN 17 PEAK WIND IN M.P.H.
PRELIMINARY LOCAL CLIMATOLOGICAL DATA (WS FORM: F-6) , PAGE 2
STATION: ROSWELL NM
MONTH: MARCH
YEAR: 2022
LATITUDE: 33 17 N
LONGITUDE: 104 32 W
[TEMPERATURE DATA] [PRECIPITATION DATA] SYMBOLS USED IN COLUMN 16
AVERAGE MONTHLY: 53.3 TOTAL FOR MONTH: 0.33 1 = FOG OR MIST
DPTR FM NORMAL: -1.9 DPTR FM NORMAL: -0.21 2 = FOG REDUCING VISIBILITY
HIGHEST: 92 ON 27 GRTST 24HR 0.17 ON 30-30 TO 1/4 MILE OR LESS
LOWEST: 18 ON 12 3 = THUNDER
SNOW, ICE PELLETS, HAIL 4 = ICE PELLETS
TOTAL MONTH: 0.2 INCH 5 = HAIL
GRTST 24HR 0.2 ON 11-11 6 = FREEZING RAIN OR DRIZZLE
GRTST DEPTH: 0 7 = DUSTSTORM OR SANDSTORM:
VSBY 1/2 MILE OR LESS
8 = SMOKE OR HAZE
[NO. OF DAYS WITH] [WEATHER - DAYS WITH] 9 = BLOWING SNOW
X = TORNADO
MAX 32 OR BELOW: 0 0.01 INCH OR MORE: 4
MAX 90 OR ABOVE: 2 0.10 INCH OR MORE: 2
MIN 32 OR BELOW: 11 0.50 INCH OR MORE: 0
MIN 0 OR BELOW: 0 1.00 INCH OR MORE: 0
[HDD (BASE 65) ]
TOTAL THIS MO. 366 CLEAR (SCALE 0-3) 26
DPTR FM NORMAL 54 PTCLDY (SCALE 4-7) 5
TOTAL FM JUL 1 2601 CLOUDY (SCALE 8-10) 0
DPTR FM NORMAL -137
[CDD (BASE 65) ]
TOTAL THIS MO. 10
DPTR FM NORMAL 1 [PRESSURE DATA]
TOTAL FM JAN 1 10 HIGHEST SLP M ON M
DPTR FM NORMAL 0 LOWEST SLP 29.36 ON 29
[REMARKS]
#FINAL-03-22#