000
CXUS53 KARX 010900
CF6RST
PRELIMINARY LOCAL CLIMATOLOGICAL DATA (WS FORM: F-6)
STATION: ROCHESTER MN
MONTH: MARCH
YEAR: 2022
LATITUDE: 43 55 N
LONGITUDE: 92 30 W
TEMPERATURE IN F: :PCPN: SNOW: WIND :SUNSHINE: SKY :PK WND
================================================================================
1 2 3 4 5 6A 6B 7 8 9 10 11 12 13 14 15 16 17 18
12Z AVG MX 2MIN
DY MAX MIN AVG DEP HDD CDD WTR SNW DPTH SPD SPD DIR MIN PSBL S-S WX SPD DR
================================================================================
1 40 30 35 11 30 0 T 0.0 1 6.6 13 270 M M 8 16 300
2 39 24 32 7 33 0 T 0.0 T 7.8 20 360 M M 7 6 25 340
3 27 20 24 -1 41 0 0.00 0.0 0 7.1 14 20 M M 5 17 20
4 39 24 32 6 33 0 T 0.0 0 17.4 28 140 M M 4 39 150
5 44 32 38 12 27 0 0.80 0.0 0 11.7 28 140 M M 9 123 35 140
6 32 26 29 2 36 0 0.05 T 0 17.5 30 300 M M 10 136 39 310
7 30 20 25 -2 40 0 T T 0 14.5 23 330 M M 6 29 330
8 41 20 31 3 34 0 T T 0 14.8 26 220 M M 3 1 33 220
9 25 11 18 -10 47 0 T T 0 17.6 26 300 M M 6 36 300
10 25 9 17 -12 48 0 0.00 0.0 0 9.7 20 200 M M 2 28 210
11 19 2 11 -18 54 0 T T 0 22.7 31 300 M M 3 40 280
12 25 0 13 -17 52 0 0.00 0.0 0 14.0 28 310 M M 3 36 190
13 49 23 36 6 29 0 0.00 0.0 0 12.3 25 200 M M 3 33 210
14 46 32 39 8 26 0 0.00 0.0 0 12.7 22 50 M M 7 29 40
15 52 27 40 9 25 0 0.00 0.0 0 7.5 14 200 M M 4 12 20 190
16 64 37 51 19 14 0 0.00 0.0 0 14.4 29 220 M M 2 35 220
17 48 34 41 9 24 0 0.00 0.0 0 10.2 17 350 M M 3 18 21 10
18 43 32 38 5 27 0 0.00 0.0 0 11.4 20 20 M M 8 25 10
19 51 26 39 6 26 0 0.00 0.0 0 9.2 17 320 M M 2 1 21 320
20 61 30 46 12 19 0 0.00 0.0 0 7.3 15 120 M M 0 1 19 130
21 69 45 57 23 8 0 T 0.0 0 13.5 30 190 M M 4 37 190
22 45 38 42 7 23 0 0.87 0.0 0 12.1 22 70 M M 10 1 30 70
23 38 32 35 0 30 0 0.36 0.1 0 17.1 25 350 M M 10 1 32 360
24 39 31 35 -1 30 0 0.01 0.1 T 9.2 17 350 M M 10 1 25 340
25 39 25 32 -4 33 0 T T 0 25.3 40 310 M M 7 1 55 300
26 31 19 25 -11 40 0 T T 0 22.0 33 330 M M 2 45 330
27 30 13 22 -15 43 0 0.00 0.0 0 11.4 22 350 M M 0 28 360
28 37 17 27 -10 38 0 0.00 0.0 0 10.4 18 150 M M 4 24 150
29 41 32 37 -1 28 0 0.04 0.0 0 21.4 32 130 M M 10 3 43 130
30 36 31 34 -4 31 0 0.15 0.3 0 14.3 25 340 M M 10 1 34 360
31 32 23 28 -11 37 0 0.01 0.1 T 15.5 25 340 M M 10 16 36 340
================================================================================
SM 1237 765 1006 0 2.29 0.6 418.6 M 172
================================================================================
AV 39.9 24.7 13.5 FASTST M M 6 MAX(MPH)
MISC ----> 40 310 55 300
================================================================================
NOTES:
# LAST OF SEVERAL OCCURRENCES
COLUMN 17 PEAK WIND IN M.P.H.
PRELIMINARY LOCAL CLIMATOLOGICAL DATA (WS FORM: F-6) , PAGE 2
STATION: ROCHESTER MN
MONTH: MARCH
YEAR: 2022
LATITUDE: 43 55 N
LONGITUDE: 92 30 W
[TEMPERATURE DATA] [PRECIPITATION DATA] SYMBOLS USED IN COLUMN 16
AVERAGE MONTHLY: 32.3 TOTAL FOR MONTH: 2.29 1 = FOG OR MIST
DPTR FM NORMAL: 0.6 DPTR FM NORMAL: 0.27 2 = FOG REDUCING VISIBILITY
HIGHEST: 69 ON 21 GRTST 24HR 1.11 ON 22-23 TO 1/4 MILE OR LESS
LOWEST: 0 ON 12 3 = THUNDER
SNOW, ICE PELLETS, HAIL 4 = ICE PELLETS
TOTAL MONTH: 0.6 INCH 5 = HAIL
GRTST 24HR 0.3 ON 30-30 6 = FREEZING RAIN OR DRIZZLE
GRTST DEPTH: 4 ON M 7 = DUSTSTORM OR SANDSTORM:
VSBY 1/2 MILE OR LESS
8 = SMOKE OR HAZE
[NO. OF DAYS WITH] [WEATHER - DAYS WITH] 9 = BLOWING SNOW
X = TORNADO
MAX 32 OR BELOW: 10 0.01 INCH OR MORE: 8
MAX 90 OR ABOVE: 0 0.10 INCH OR MORE: 4
MIN 32 OR BELOW: 27 0.50 INCH OR MORE: 2
MIN 0 OR BELOW: 1 1.00 INCH OR MORE: 0
[HDD (BASE 65) ]
TOTAL THIS MO. 1006 CLEAR (SCALE 0-3) 10
DPTR FM NORMAL -28 PTCLDY (SCALE 4-7) 13
TOTAL FM JUL 1 6721 CLOUDY (SCALE 8-10) 8
DPTR FM NORMAL -226
[CDD (BASE 65) ]
TOTAL THIS MO. 0
DPTR FM NORMAL 0 [PRESSURE DATA]
TOTAL FM JAN 1 0 HIGHEST SLP 30.52 ON 3
DPTR FM NORMAL 0 LOWEST SLP 29.38 ON 30
[REMARKS]
#FINAL-03-22#