000
CXUS51 KBTV 010700
CF6RUT
PRELIMINARY LOCAL CLIMATOLOGICAL DATA (WS FORM: F-6)
STATION: RUTLAND VT
MONTH: JULY
YEAR: 2022
LATITUDE: 43 31 N
LONGITUDE: 72 57 W
TEMPERATURE IN F: :PCPN: SNOW: WIND :SUNSHINE: SKY :PK WND
================================================================================
1 2 3 4 5 6A 6B 7 8 9 10 11 12 13 14 15 16 17 18
12Z AVG MX 2MIN
DY MAX MIN AVG DEP HDD CDD WTR SNW DPTH SPD SPD DIR MIN PSBL S-S WX SPD DR
================================================================================
1 88 59 74 M 0 9 0.00 M M 7.3 13 190 M M 1 22 220
2 82 60 71 M 0 6 0.01 M M 7.0 14 220 M M 5 21 220
3 78 54 66 M 0 1 0.00 M M 5.4 10 290 M M 2 16 320
4 77 51 64 M 1 0 0.00 M M 4.7 10 120 M M 2 M M
5 70 57 64 M 1 0 0.27 M M 6.4 13 130 M M 8 1 M M
6 74 57 66 M 0 1 T M M 7.7 13 340 M M 6 1 18 320
7 80 53 67 M 0 2 0.00 M M 6.0 12 200 M M 4 1 16 200
8 81 57 69 M 0 4 0.00 M M 4.7 8 240 M M 4 M M
9 72 52 62 M 3 0 0.00 M M 5.5 12 330 M M 0 1 M M
10 77 46 62 M 3 0 0.00 M M 6.2 12 120 M M 0 M M
11 84 50 67 M 0 2 0.00 M M 7.0 12 260 M M 0 20 190
12 85 68 77 M 0 12 T M M 5.9 10 190 M M 7 39 300
13 79 61 70 M 0 5 0.00 M M 5.3 10 110 M M 3 M M
14 75 57 66 M 0 1 0.00 M M 6.0 12 340 M M 5 M M
15 79 51 65 M 0 0 0.00 M M 5.3 12 130 M M 2 M M
16 83 57 70 M 0 5 0.00 M M 5.1 10 130 M M 3 17 190
17 88 61 75 M 0 10 0.00 0.0 0 5.5 9 120 M M 1 M M
18 77 65 71 M 0 6 0.57 M M 7.4 18 130 M M 7 1 M M
19 87 68 78 M 0 13 0.07 M M 7.8 17 260 M M 5 1 28 290
20 91 67 79 M 0 14 0.00 M M 4.6 10 120 M M 1 1 M M
21 86 68 77 M 0 12 0.02 M M 6.1 14 190 M M 4 3 21 110
22 87 64 76 M 0 11 T M M 5.7 10 250 M M 3 18 250
23 90 62 76 M 0 11 0.00 M M 6.8 14 260 M M 0 22 250
24 89 65 77 M 0 12 0.12 M M 7.6 14 260 M M 2 20 210
25 83 58 71 M 0 6 0.55 M M 7.1 13 290 M M 7 13 20 290
26 75 53 64 M 1 0 0.00 M M 6.0 10 250 M M 4 M M
27 77 52 65 M 0 0 0.00 M M 4.8 12 130 M M 1 12 M M
28 86 60 73 M 0 8 T M M 4.7 14 190 M M 7 16 240
29 82 63 73 M 0 8 0.00 M M 6.3 13 250 M M 4 1 21 250
30 77 56 67 M 0 2 0.00 M M 6.2 12 300 M M 6 17 300
31 80 56 68 M 0 3 0.00 M M 5.5 9 280 M M 1 M M
================================================================================
SM 2519 1808 9 164 1.61 0.0 187.7 M 105
================================================================================
AV 81.3 58.3 6.1 FASTST M M 3 MAX(MPH)
MISC ----> 18 130 39 300
================================================================================
NOTES:
# LAST OF SEVERAL OCCURRENCES
COLUMN 17 PEAK WIND IN M.P.H.
PRELIMINARY LOCAL CLIMATOLOGICAL DATA (WS FORM: F-6) , PAGE 2
STATION: RUTLAND VT
MONTH: JULY
YEAR: 2022
LATITUDE: 43 31 N
LONGITUDE: 72 57 W
[TEMPERATURE DATA] [PRECIPITATION DATA] SYMBOLS USED IN COLUMN 16
AVERAGE MONTHLY: 69.8 TOTAL FOR MONTH: 1.61 1 = FOG OR MIST
DPTR FM NORMAL: 0.0 DPTR FM NORMAL: M 2 = FOG REDUCING VISIBILITY
HIGHEST: 91 ON 20 GRTST 24HR 0.57 ON 18-18 TO 1/4 MILE OR LESS
LOWEST: 46 ON 10 3 = THUNDER
SNOW, ICE PELLETS, HAIL 4 = ICE PELLETS
TOTAL MONTH: 0.0 INCH 5 = HAIL
GRTST 24HR 0.0 6 = FREEZING RAIN OR DRIZZLE
GRTST DEPTH: 0 7 = DUSTSTORM OR SANDSTORM:
VSBY 1/2 MILE OR LESS
8 = SMOKE OR HAZE
[NO. OF DAYS WITH] [WEATHER - DAYS WITH] 9 = BLOWING SNOW
X = TORNADO
MAX 32 OR BELOW: 0 0.01 INCH OR MORE: 7
MAX 90 OR ABOVE: 2 0.10 INCH OR MORE: 4
MIN 32 OR BELOW: 0 0.50 INCH OR MORE: 2
MIN 0 OR BELOW: 0 1.00 INCH OR MORE: 0
[HDD (BASE 65) ]
TOTAL THIS MO. 9 CLEAR (SCALE 0-3) 15
DPTR FM NORMAL M PTCLDY (SCALE 4-7) 16
TOTAL FM JUL 1 9 CLOUDY (SCALE 8-10) 0
DPTR FM NORMAL M
[CDD (BASE 65) ]
TOTAL THIS MO. 164
DPTR FM NORMAL M [PRESSURE DATA]
TOTAL FM JAN 1 268 HIGHEST SLP M ON M
DPTR FM NORMAL M LOWEST SLP M ON M
[REMARKS]
#FINAL-07-22#