000
CXUS51 KBTV 110242
CF6RUT
PRELIMINARY LOCAL CLIMATOLOGICAL DATA (WS FORM: F-6)
STATION: RUTLAND VT
MONTH: APRIL
YEAR: 2021
LATITUDE: 43 31 N
LONGITUDE: 72 57 W
TEMPERATURE IN F: :PCPN: SNOW: WIND :SUNSHINE: SKY :PK WND
================================================================================
1 2 3 4 5 6A 6B 7 8 9 10 11 12 13 14 15 16 17 18
12Z AVG MX 2MIN
DY MAX MIN AVG DEP HDD CDD WTR SNW DPTH SPD SPD DIR MIN PSBL S-S WX SPD DR
================================================================================
1 42 23 33 M 32 0 0.11 M M 11.2 17 320 M M 10 1 28 320
2 32 20 26 M 39 0 T M M 9.6 15 350 M M 9 22 320
3 47 15 31 M 34 0 0.00 M M 5.8 12 120 M M 0 M M
4 52 25 39 M 26 0 0.00 M M 6.0 14 330 M M 3 23 330
5 53 37 45 M 20 0 0.00 M M 12.5 21 340 M M 1 36 320
6 57 31 44 M 21 0 0.00 M M 7.2 18 330 M M 1 28 330
7 64 31 48 M 17 0 0.00 M M 6.7 14 340 M M 1 22 340
8 73 39 56 M 9 0 0.00 M M 5.7 13 130 M M 0 1 16 100
9 75 45 60 M 5 0 0.00 M M 6.8 13 120 M M 1 M M
10 74 49 62 M 3 0 0.04 M M 4.2 12 300 M M 4 M M
11 67 47 57 M 8 0 0.00 M M 12.4 23 120 M M 1 18 31 120
12 55 40 48 M 17 0 T M M 10.1 15 130 M M 7 21 150
13 65 37 51 M 14 0 0.00 M M 4.2 10 10 M M 7 M M
14 69 48 59 M 6 0 T M M 4.4 13 120 M M 7 M M
15 55 35 45 M 20 0 0.50 M M 13.0 23 110 M M 10 35 120
16 37 33 35 M 30 0 0.46 M M 5.0 12 170 M M 10 1 M M
17 46 34 40 M 25 0 T M M 5.5 14 330 M M 10 21 330
18 54 34 44 M 21 0 T M M 2.8 7 330 M M 9 M M
19 61 36 49 M 16 0 0.00 M M 6.7 16 250 M M 5 12 23 250
20 54 38 46 M 19 0 0.08 M M 8.6 15 120 M M 7 22 260
21 39 26 33 M 32 0 0.22 M M 7.0 17 330 M M 10 1 24 330
22 38 25 32 M 33 0 T M M 12.3 21 280 M M 10 1 32 310
23 55 35 45 M 20 0 0.00 M M 12.0 20 280 M M 6 31 250
24 66 35 51 M 14 0 0.00 M M 7.3 12 270 M M 1 23 260
25 57 46 52 M 13 0 T M M 5.3 12 120 M M 8 26 290
26 48 31 40 M 25 0 0.00 M M 11.4 16 350 M M 6 25 350
27 61 30 46 M 19 0 0.01 M M 4.6 10 120 M M 3 M M
28 64 45 55 M 10 0 0.63 M M 3.2 9 170 M M 9 12 M M
29 54 48 51 M 14 0 0.53 M M 3.6 13 160 M M 10 12 M M
30 54 36 45 M 20 0 0.78 M M 9.4 21 250 M M 10 1 36 250
================================================================================
SM 1668 1054 582 0 3.36 M 224.7 M 176
================================================================================
AV 55.6 35.1 7.5 FASTST M M 6 MAX(MPH)
MISC ----> 23 120 # 36 320
================================================================================
NOTES:
# LAST OF SEVERAL OCCURRENCES
COLUMN 17 PEAK WIND IN M.P.H.
PRELIMINARY LOCAL CLIMATOLOGICAL DATA (WS FORM: F-6) , PAGE 2
STATION: RUTLAND VT
MONTH: APRIL
YEAR: 2021
LATITUDE: 43 31 N
LONGITUDE: 72 57 W
[TEMPERATURE DATA] [PRECIPITATION DATA] SYMBOLS USED IN COLUMN 16
AVERAGE MONTHLY: 45.4 TOTAL FOR MONTH: 3.36 1 = FOG OR MIST
DPTR FM NORMAL: 0.0 DPTR FM NORMAL: M 2 = FOG REDUCING VISIBILITY
HIGHEST: 75 ON 9 GRTST 24HR 0.78 ON 30-30 TO 1/4 MILE OR LESS
LOWEST: 15 ON 3 3 = THUNDER
SNOW, ICE PELLETS, HAIL 4 = ICE PELLETS
TOTAL MONTH: M 5 = HAIL
GRTST 24HR M ON M 6 = FREEZING RAIN OR DRIZZLE
GRTST DEPTH: M ON M 7 = DUSTSTORM OR SANDSTORM:
VSBY 1/2 MILE OR LESS
8 = SMOKE OR HAZE
[NO. OF DAYS WITH] [WEATHER - DAYS WITH] 9 = BLOWING SNOW
X = TORNADO
MAX 32 OR BELOW: 1 0.01 INCH OR MORE: 10
MAX 90 OR ABOVE: 0 0.10 INCH OR MORE: 7
MIN 32 OR BELOW: 10 0.50 INCH OR MORE: 4
MIN 0 OR BELOW: 0 1.00 INCH OR MORE: 0
[HDD (BASE 65) ]
TOTAL THIS MO. 582 CLEAR (SCALE 0-3) 10
DPTR FM NORMAL M PTCLDY (SCALE 4-7) 8
TOTAL FM JUL 1 6469 CLOUDY (SCALE 8-10) 12
DPTR FM NORMAL M
[CDD (BASE 65) ]
TOTAL THIS MO. 0
DPTR FM NORMAL M [PRESSURE DATA]
TOTAL FM JAN 1 0 HIGHEST SLP M ON M
DPTR FM NORMAL M LOWEST SLP M ON M
[REMARKS]
#FINAL-04-21#