000
CXUS51 KBTV 110240
CF6RUT
PRELIMINARY LOCAL CLIMATOLOGICAL DATA (WS FORM: F-6)
STATION: RUTLAND VT
MONTH: JANUARY
YEAR: 2021
LATITUDE: 43 31 N
LONGITUDE: 72 57 W
TEMPERATURE IN F: :PCPN: SNOW: WIND :SUNSHINE: SKY :PK WND
================================================================================
1 2 3 4 5 6A 6B 7 8 9 10 11 12 13 14 15 16 17 18
12Z AVG MX 2MIN
DY MAX MIN AVG DEP HDD CDD WTR SNW DPTH SPD SPD DIR MIN PSBL S-S WX SPD DR
================================================================================
1 31 24 28 M 37 0 0.00 M M 3.9 16 120 M M 5 1 21 120
2 36 27 32 M 33 0 0.27 M M 8.6 17 160 M M 10 1 26 150
3 30 25 28 M 37 0 T M M 7.0 16 130 M M 8 1 25 130
4 38 28 33 M 32 0 0.05 M M 2.5 9 160 M M 10 1 M M
5 31 25 28 M 37 0 T M M 5.6 10 360 M M 10 12 M M
6 28 23 26 M 39 0 T M M 9.5 14 330 M M 9 1 20 320
7 27 20 24 M 41 0 0.00 M M 8.4 14 340 M M 9 22 320
8 28 10 19 M 46 0 0.00 M M 7.2 12 360 M M 6 22 310
9 28 9 19 M 46 0 0.00 M M 4.4 10 330 M M 5 17 310
10 31 12 22 M 43 0 0.00 M M 4.9 9 110 M M 5 M M
11 30 9 20 M 45 0 T M M 4.6 10 130 M M 7 1 M M
12 35 20 28 M 37 0 T M M 3.3 9 130 M M 10 1 M M
13 34 27 31 M 34 0 T M M 2.6 7 200 M M 10 M M
14 35 29 32 M 33 0 0.00 M M 3.3 10 130 M M 10 M M
15 36 24 30 M 35 0 0.00 M M 7.9 22 120 M M 7 1 32 100
16 38 32 35 M 30 0 0.61 M M 8.7 22 130 M M 10 1 33 110
17 35 30 33 M 32 0 0.04 M M 11.8 17 230 M M 10 1 33 250
18 34 21 28 M 37 0 0.02 M M 6.7 12 240 M M 9 1 20 250
19 35 12 24 M 41 0 T M M 3.5 10 210 M M 7 1 20 190
20 33 8 21 M 44 0 T M M 5.8 21 280 M M 8 28 280
21 31 7 19 M 46 0 T M M 6.5 13 130 M M 7 1 M M
22 35 25 30 M 35 0 0.03 M M 4.9 12 320 M M 10 1 16 320
23 25 5 15 M 50 0 T M M 8.6 13 340 M M 9 1 21 330
24 23 0 12 M 53 0 0.00 M M 6.2 12 320 M M 1 18 320
25 27 -4 12 M 53 0 0.00 M M 4.0 9 310 M M 1 M M
26 30 4 17 M 48 0 0.01 M M 7.4 12 130 M M 5 1 M M
27 31 25 28 M 37 0 0.02 M M 4.7 10 140 M M 10 1 M M
28 25 8 17 M 48 0 T M M 7.7 16 310 M M 10 1 21 340
29 11 -7 2 M 63 0 T M M 8.8 21 330 M M 6 25 330
30 16 -10 3 M 62 0 T M M 3.4 9 340 M M 4 1 M M
31 22 -11 6 M 59 0 0.00 M M 4.9 10 120 M M 0 M M
================================================================================
SM 929 457 1313 0 1.05 M 187.3 M 228
================================================================================
AV 30.0 14.7 6.0 FASTST M M 7 MAX(MPH)
MISC ----> # 22 120 # 33 110
================================================================================
NOTES:
# LAST OF SEVERAL OCCURRENCES
COLUMN 17 PEAK WIND IN M.P.H.
PRELIMINARY LOCAL CLIMATOLOGICAL DATA (WS FORM: F-6) , PAGE 2
STATION: RUTLAND VT
MONTH: JANUARY
YEAR: 2021
LATITUDE: 43 31 N
LONGITUDE: 72 57 W
[TEMPERATURE DATA] [PRECIPITATION DATA] SYMBOLS USED IN COLUMN 16
AVERAGE MONTHLY: 22.4 TOTAL FOR MONTH: 1.05 1 = FOG OR MIST
DPTR FM NORMAL: 0.0 DPTR FM NORMAL: M 2 = FOG REDUCING VISIBILITY
HIGHEST: 38 ON 16, 4 GRTST 24HR 1.06 ON 16-17 TO 1/4 MILE OR LESS
LOWEST: -11 ON 31 3 = THUNDER
SNOW, ICE PELLETS, HAIL 4 = ICE PELLETS
TOTAL MONTH: M 5 = HAIL
GRTST 24HR M ON M 6 = FREEZING RAIN OR DRIZZLE
GRTST DEPTH: M ON M 7 = DUSTSTORM OR SANDSTORM:
VSBY 1/2 MILE OR LESS
8 = SMOKE OR HAZE
[NO. OF DAYS WITH] [WEATHER - DAYS WITH] 9 = BLOWING SNOW
X = TORNADO
MAX 32 OR BELOW: 19 0.01 INCH OR MORE: 8
MAX 90 OR ABOVE: 0 0.10 INCH OR MORE: 2
MIN 32 OR BELOW: 31 0.50 INCH OR MORE: 1
MIN 0 OR BELOW: 5 1.00 INCH OR MORE: 0
[HDD (BASE 65) ]
TOTAL THIS MO. 1313 CLEAR (SCALE 0-3) 3
DPTR FM NORMAL M PTCLDY (SCALE 4-7) 12
TOTAL FM JUL 1 3803 CLOUDY (SCALE 8-10) 16
DPTR FM NORMAL M
[CDD (BASE 65) ]
TOTAL THIS MO. 0
DPTR FM NORMAL M [PRESSURE DATA]
TOTAL FM JAN 1 0 HIGHEST SLP M ON M
DPTR FM NORMAL M LOWEST SLP M ON M
[REMARKS]
#FINAL-01-21#