000
CXUS54 KTSA 010950
CF6RVS
PRELIMINARY LOCAL CLIMATOLOGICAL DATA (WS FORM: F-6)
STATION: TULSA-RIVERSIDE OKLAHOMA
MONTH: DECEMBER
YEAR: 2020
LATITUDE: 36 2 N
LONGITUDE: 95 59 W
TEMPERATURE IN F: :PCPN: SNOW: WIND :SUNSHINE: SKY :PK WND
================================================================================
1 2 3 4 5 6A 6B 7 8 9 10 11 12 13 14 15 16 17 18
12Z AVG MX 2MIN
DY MAX MIN AVG DEP HDD CDD WTR SNW DPTH SPD SPD DIR MIN PSBL S-S WX SPD DR
================================================================================
1 57 22 40 -3 25 0 0.00 0.0 M 6.0 18 180 M M 0 27 150
2 44 31 38 -4 27 0 T 0.0 M 8.7 18 80 M M 9 1 26 80
3 41 30 36 -6 29 0 T 0.0 M 4.2 9 340 M M 10 1 17 320
4 57 25 41 -1 24 0 0.00 0.0 M 1.7 12 230 M M 0 18 18 210
5 61 27 44 3 21 0 0.00 0.0 M 2.7 9 340 M M 0 14 330
6 56 28 42 1 23 0 0.00 0.0 M 3.3 8 20 M M 0 M M
7 64 28 46 5 19 0 0.00 0.0 M 1.4 8 240 M M 0 14 250
8 66 28 47 7 18 0 0.00 0.0 M 1.8 8 320 M M 0 14 340
9 74 30 52 12 13 0 0.00 0.0 M 0.5 7 200 M M 0 10 210
10 77 31 54 14 11 0 0.00 0.0 M 4.5 17 190 M M 0 1 25 180
11 58 40 49 10 16 0 0.10 0.0 M 3.9 10 300 M M 7 1 20 290
12 45 34 40 1 25 0 0.00 0.0 M 5.1 13 350 M M 8 24 360
13 39 28 34 -5 31 0 0.84 M M 5.9 15 30 M M 7 12 22 340
14 35 22 29 -9 36 0 0.00 0.0 M 4.2 12 90 M M 0 1 16 80
15 34 28 31 -7 34 0 T M M 5.5 15 110 M M 6 1 20 90
16 36 25 31 -7 34 0 0.00 0.0 M 3.1 8 240 M M 8 1 13 240
17 48 21 35 -3 30 0 0.00 0.0 M 1.5 9 180 M M 0 1 12 180
18 57 33 45 7 20 0 0.00 0.0 M 8.1 21 190 M M 2 30 190
19 54 29 42 5 23 0 0.00 0.0 M 3.8 12 10 M M 1 16 350
20 58 26 42 5 23 0 0.00 0.0 M 2.2 12 330 M M 0 1 20 300
21 66 30 48 11 17 0 0.00 0.0 M 1.7 10 50 M M 0 15 30
22 69 30 50 13 15 0 0.00 0.0 M 8.7 23 180 M M 1 1 38 170
23 64 30 47 10 18 0 0.00 0.0 M 11.1 25 180 M M 2 39 180
24 42 23 33 -4 32 0 0.00 0.0 M 4.4 13 330 M M 2 23 320
25 50 20 35 -2 30 0 0.00 0.0 M 3.8 13 190 M M 0 17 200
26 69 28 49 13 16 0 0.00 0.0 M 6.4 20 210 M M 0 28 220
27 63 44 54 18 11 0 0.00 0.0 M 10.0 20 190 M M 0 30 200
28 49 34 42 6 23 0 0.00 0.0 M 7.3 16 40 M M 1 24 20
29 53 40 47 11 18 0 0.22 0.0 M 10.2 20 170 M M 10 1 32 170
30 51 27 39 3 26 0 1.13 M M 6.5 16 360 M M 6 1 24 350
31 37 28 33 -3 32 0 0.83 M M 11.0 24 20 M M 4 1 36 30
================================================================================
SM 1674 900 720 0 3.12 0.0 159.2 M 84
================================================================================
AV 54.0 29.0 5.1 FASTST M M 3 MAX(MPH)
MISC ----> 25 180 39 180
================================================================================
NOTES:
# LAST OF SEVERAL OCCURRENCES
COLUMN 17 PEAK WIND IN M.P.H.
PRELIMINARY LOCAL CLIMATOLOGICAL DATA (WS FORM: F-6) , PAGE 2
STATION: TULSA-RIVERSIDE OKLAHOMA
MONTH: DECEMBER
YEAR: 2020
LATITUDE: 36 2 N
LONGITUDE: 95 59 W
[TEMPERATURE DATA] [PRECIPITATION DATA] SYMBOLS USED IN COLUMN 16
AVERAGE MONTHLY: 41.5 TOTAL FOR MONTH: 3.12 1 = FOG OR MIST
DPTR FM NORMAL: 2.9 DPTR FM NORMAL: 0.63 2 = FOG REDUCING VISIBILITY
HIGHEST: 77 ON 10 GRTST 24HR 1.27 ON 29-30 TO 1/4 MILE OR LESS
LOWEST: 20 ON 25 3 = THUNDER
SNOW, ICE PELLETS, HAIL 4 = ICE PELLETS
TOTAL MONTH: 0.0 INCH 5 = HAIL
GRTST 24HR 0.0 6 = FREEZING RAIN OR DRIZZLE
GRTST DEPTH: M ON M 7 = DUSTSTORM OR SANDSTORM:
VSBY 1/2 MILE OR LESS
8 = SMOKE OR HAZE
[NO. OF DAYS WITH] [WEATHER - DAYS WITH] 9 = BLOWING SNOW
X = TORNADO
MAX 32 OR BELOW: 0 0.01 INCH OR MORE: 5
MAX 90 OR ABOVE: 0 0.10 INCH OR MORE: 5
MIN 32 OR BELOW: 25 0.50 INCH OR MORE: 3
MIN 0 OR BELOW: 0 1.00 INCH OR MORE: 1
[HDD (BASE 65) ]
TOTAL THIS MO. 720 CLEAR (SCALE 0-3) 21
DPTR FM NORMAL -100 PTCLDY (SCALE 4-7) 6
TOTAL FM JUL 1 1296 CLOUDY (SCALE 8-10) 4
DPTR FM NORMAL -182
[CDD (BASE 65) ]
TOTAL THIS MO. 0
DPTR FM NORMAL 0 [PRESSURE DATA]
TOTAL FM JAN 1 2341 HIGHEST SLP 30.43 ON 28
DPTR FM NORMAL 426 LOWEST SLP 29.67 ON 23
[REMARKS]
#FINAL-12-20#