000
CXUS54 KEWX 011010
CF6RYW
PRELIMINARY LOCAL CLIMATOLOGICAL DATA (WS FORM: F-6)
STATION: LAGO VISTA
MONTH: AUGUST
YEAR: 2023
LATITUDE: 30 30 N
LONGITUDE: 97 58 W
TEMPERATURE IN F: :PCPN: SNOW: WIND :SUNSHINE: SKY :PK WND
================================================================================
1 2 3 4 5 6A 6B 7 8 9 10 11 12 13 14 15 16 17 18
12Z AVG MX 2MIN
DY MAX MIN AVG DEP HDD CDD WTR SNW DPTH SPD SPD DIR MIN PSBL S-S WX SPD DR
================================================================================
1 102 79 91 M 0 26 0.00 M M 6.4 13 140 M M 1 17 140
2 102 80 91 M 0 26 0.00 M M 6.2 9 160 M M 0 20 180
3 102 75 89 M 0 24 0.00 M M 6.9 12 170 M M 0 22 130
4 103 76 90 M 0 25 0.00 M M 6.8 10 160 M M 0 22 150
5 103 77 90 M 0 25 0.00 M M 7.5 10 170 M M 0 21 200
6 103 76 90 M 0 25 0.00 M M 7.9 12 170 M M 0 21 170
7 104 77 91 M 0 26 0.00 M M 8.2 13 180 M M 0 21 180
8 103 78 91 M 0 26 0.00 M M 9.3 13 150 M M 0 25 150
9 104 76 90 M 0 25 0.00 M M 10.2 14 170 M M 1 26 170
10 105 77 91 M 0 26 0.00 M M 9.2 13 190 M M 1 22 180
11 104 77 91 M 0 26 0.00 M M 9.6 15 160 M M 1 23 160
12 103 78 91 M 0 26 0.00 M M 9.7 15 180 M M 2 21 190
13 103 78 91 M 0 26 0.00 M M 8.3 15 170 M M 3 22 170
14 103 76 90 M 0 25 0.00 M M 5.7 9 240 M M 0 18 190
15 98 76 87 M 0 22 0.00 M M 7.3 12 70 M M 0 18 50
16 102 72 87 M 0 22 0.00 M M 5.3 9 70 M M 0 16 90
17 107 78 93 M 0 28 0.00 M M 6.0 12 210 M M 0 20 150
18 104 79 92 M 0 27 0.00 M M 7.0 10 140 M M 0 20 160
19 103 76 90 M 0 25 0.00 M M 5.6 10 120 M M 0 16 120
20 105 79 92 M 0 27 0.00 M M 5.1 13 80 M M 1 18 80
21 104 81 93 M 0 28 0.00 M M 5.9 13 50 M M 1 25 50
22 98 77 88 M 0 23 0.05 M M 6.1 18 80 M M 2 28 60
23 100 75 88 M 0 23 0.00 M M 6.4 12 100 M M 3 20 100
24 103 79 91 M 0 26 0.00 M M 4.9 8 170 M M 1 17 170
25 106 79 93 M 0 28 0.00 M M 5.0 12 130 M M 1 18 110
26 105 79 92 M 0 27 0.00 M M 5.6 10 210 M M 0 16 70
27 105 74 90 M 0 25 0.01 M M 7.0 17 330 M M 2 3 35 360
28 97 75 86 M 0 21 0.00 M M 5.8 13 360 M M 2 20 30
29 97 74 86 M 0 21 0.00 M M 6.8 12 30 M M 2 18 50
30 99 74 87 M 0 22 0.00 M M 5.5 13 30 M M 1 20 30
31 100 75 88 M 0 23 0.00 M M 5.2 10 80 M M 0 16 70
================================================================================
SM 3177 2382 0 775 0.06 M 212.2 M 25
================================================================================
AV102.5 76.8 6.8 FASTST M M 1 MAX(MPH)
MISC ----> 18 80 35 360
================================================================================
NOTES:
# LAST OF SEVERAL OCCURRENCES
COLUMN 17 PEAK WIND IN M.P.H.
PRELIMINARY LOCAL CLIMATOLOGICAL DATA (WS FORM: F-6) , PAGE 2
STATION: LAGO VISTA
MONTH: AUGUST
YEAR: 2023
LATITUDE: 30 30 N
LONGITUDE: 97 58 W
[TEMPERATURE DATA] [PRECIPITATION DATA] SYMBOLS USED IN COLUMN 16
AVERAGE MONTHLY: 89.7 TOTAL FOR MONTH: 0.06 1 = FOG OR MIST
DPTR FM NORMAL: 0.0 DPTR FM NORMAL: M 2 = FOG REDUCING VISIBILITY
HIGHEST: 107 ON 17 GRTST 24HR 0.05 ON 22-22 TO 1/4 MILE OR LESS
LOWEST: 72 ON 16 3 = THUNDER
SNOW, ICE PELLETS, HAIL 4 = ICE PELLETS
TOTAL MONTH: M 5 = HAIL
GRTST 24HR M ON M 6 = FREEZING RAIN OR DRIZZLE
GRTST DEPTH: M ON M 7 = DUSTSTORM OR SANDSTORM:
VSBY 1/2 MILE OR LESS
8 = SMOKE OR HAZE
[NO. OF DAYS WITH] [WEATHER - DAYS WITH] 9 = BLOWING SNOW
X = TORNADO
MAX 32 OR BELOW: 0 0.01 INCH OR MORE: 2
MAX 90 OR ABOVE: 31 0.10 INCH OR MORE: 0
MIN 32 OR BELOW: 0 0.50 INCH OR MORE: 0
MIN 0 OR BELOW: 0 1.00 INCH OR MORE: 0
[HDD (BASE 65) ]
TOTAL THIS MO. 0 CLEAR (SCALE 0-3) 31
DPTR FM NORMAL M PTCLDY (SCALE 4-7) 0
TOTAL FM JUL 1 0 CLOUDY (SCALE 8-10) 0
DPTR FM NORMAL M
[CDD (BASE 65) ]
TOTAL THIS MO. 775
DPTR FM NORMAL M [PRESSURE DATA]
TOTAL FM JAN 1 2594 HIGHEST SLP M ON M
DPTR FM NORMAL M LOWEST SLP M ON M
[REMARKS]
#FINAL-08-23#