000
CXUS56 KSTO 172212
CF6SAC
PRELIMINARY LOCAL CLIMATOLOGICAL DATA (WS FORM: F-6)
STATION: SACRAMENTO EXEC. AIRPORT CA
MONTH: MARCH
YEAR: 2020
LATITUDE: 38 31 N
LONGITUDE: 121 30 W
TEMPERATURE IN F: :PCPN: SNOW: WIND :SUNSHINE: SKY :PK WND
================================================================================
1 2 3 4 5 6A 6B 7 8 9 10 11 12 13 14 15 16 17 18
12Z AVG MX 2MIN
DY MAX MIN AVG DEP HDD CDD WTR SNW DPTH SPD SPD DIR MIN PSBL S-S WX SPD DR
================================================================================
1 61 45 53 0 12 0 T M 0 11.2 22 350 M M 5 30 360
2 72 49 61 8 4 0 0.00 0.0 0 17.2 30 350 M M 0 37 330
3 77 41 59 6 6 0 0.00 0.0 0 2.7 10 160 M M 0 13 160
4 79 43 61 7 4 0 0.00 0.0 0 0.7 6 120 M M 0 7 260
5 70 49 60 6 5 0 0.00 0.0 0 7.5 15 220 M M 0 19 210
6 62 48 55 1 10 0 0.00 0.0 0 9.4 16 230 M M 1 22 240
7 56 47 52 -2 13 0 0.13 M 0 6.0 14 160 M M 7 18 18 160
8 59 45 52 -2 13 0 T M 0 3.4 15 260 M M 8 17 260
9 68 46 57 3 8 0 0.00 0.0 0 3.2 10 340 M M 3 13 330
10 77 45 61 7 4 0 0.00 0.0 0 7.2 18 350 M M 0 23 350
11 74 47 61 7 4 0 0.00 0.0 0 2.7 13 150 M M 0 19 160
12 82 46 64 10 1 0 0.00 0.0 0 5.3 17 310 M M 0 22 330
13 68 43 56 2 9 0 0.00 0.0 0 11.2 26 240 M M 0 35 240
14 53 48 51 -3 14 0 0.20 0.0 0 9.0 18 240 M M 9 1 27 220
15 54 44 49 -5 16 0 0.35 0.0 0 8.6 23 230 M M 10 1 30 230
16 47 40 44 -11 21 0 0.68 0.0 0 4.3 12 40 M M 10 1 14 30
17 56 36 46 -9 19 0 0.00 0.0 0 3.7 12 220 M M 3 1 16 160
18 54 44 49 -6 16 0 0.05 0.0 0 3.8 9 20 M M 9 1 12 10
19 61 35 48 -7 17 0 0.00 0.0 0 2.5 10 310 M M 3 12 15 240
20 65 40 53 -2 12 0 0.00 0.0 0 2.5 9 350 M M 1 16 310
21 65 40 53 -2 12 0 0.00 0.0 0 2.4 10 150 M M 0 1 15 190
22 70 41 56 1 9 0 0.00 0.0 0 3.0 12 360 M M 0 16 360
23 61 48 55 0 10 0 0.00 0.0 0 11.2 25 220 M M 3 34 220
24 59 43 51 -4 14 0 0.01 0.0 0 8.0 21 250 M M 7 26 250
25 59 40 50 -5 15 0 0.00 0.0 0 5.3 22 280 M M 2 28 280
26 61 36 49 -6 16 0 0.00 0.0 0 3.5 13 10 M M 2 16 10
27 63 37 50 -6 15 0 0.00 0.0 0 7.8 17 220 M M 2 25 230
28 57 47 52 -4 13 0 0.14 0.0 0 5.7 12 170 M M 7 1 15 210
29 66 48 57 1 8 0 0.01 0.0 0 4.4 12 240 M M 6 1 15 230
30 66 48 57 1 8 0 0.00 0.0 0 6.5 14 230 M M 6 18 230
31 72 49 61 5 4 0 0.00 0.0 0 6.3 15 210 M M 6 20 210
================================================================================
SM 1994 1358 332 0 1.57 0.0 186.2 M 110
================================================================================
AV 64.3 43.8 6.0 FASTST M M 4 MAX(MPH)
MISC ----> # 30 350 # 37 330
================================================================================
NOTES:
# LAST OF SEVERAL OCCURRENCES
COLUMN 17 PEAK WIND IN M.P.H.
PRELIMINARY LOCAL CLIMATOLOGICAL DATA (WS FORM: F-6) , PAGE 2
STATION: SACRAMENTO EXEC. AIRPORT CA
MONTH: MARCH
YEAR: 2020
LATITUDE: 38 31 N
LONGITUDE: 121 30 W
[TEMPERATURE DATA] [PRECIPITATION DATA] SYMBOLS USED IN COLUMN 16
AVERAGE MONTHLY: 54.1 TOTAL FOR MONTH: 1.57 1 = FOG OR MIST
DPTR FM NORMAL: -0.5 DPTR FM NORMAL: -1.18 2 = FOG REDUCING VISIBILITY
HIGHEST: 82 ON 12 GRTST 24HR 0.68 ON 16-16 TO 1/4 MILE OR LESS
LOWEST: 35 ON 19 3 = THUNDER
SNOW, ICE PELLETS, HAIL 4 = ICE PELLETS
TOTAL MONTH: 0.0 INCH 5 = HAIL
GRTST 24HR 0.0 6 = FREEZING RAIN OR DRIZZLE
GRTST DEPTH: 0 7 = DUSTSTORM OR SANDSTORM:
VSBY 1/2 MILE OR LESS
8 = SMOKE OR HAZE
[NO. OF DAYS WITH] [WEATHER - DAYS WITH] 9 = BLOWING SNOW
X = TORNADO
MAX 32 OR BELOW: 0 0.01 INCH OR MORE: 8
MAX 90 OR ABOVE: 0 0.10 INCH OR MORE: 5
MIN 32 OR BELOW: 0 0.50 INCH OR MORE: 1
MIN 0 OR BELOW: 0 1.00 INCH OR MORE: 0
[HDD (BASE 65) ]
TOTAL THIS MO. 332 CLEAR (SCALE 0-3) 18
DPTR FM NORMAL 9 PTCLDY (SCALE 4-7) 9
TOTAL FM JUL 1 1979 CLOUDY (SCALE 8-10) 4
DPTR FM NORMAL -354
[CDD (BASE 65) ]
TOTAL THIS MO. 0
DPTR FM NORMAL -1 [PRESSURE DATA]
TOTAL FM JAN 1 0 HIGHEST SLP 30.32 ON 30
DPTR FM NORMAL -1 LOWEST SLP 29.65 ON 13
[REMARKS]
#FINAL-03-20#