000
CXUS56 KSTO 020020
CLMSAC
CLIMATE REPORT
NATIONAL WEATHER SERVICE SACRAMENTO
420 PM PST FRI MAR 01 2024
...................................
...THE SACRAMENTO EXEC AP CLIMATE SUMMARY FOR THE MONTH OF FEBRUARY 2024...
CLIMATE NORMAL PERIOD: 1991 TO 2020
CLIMATE RECORD PERIOD: 1877 TO 2024
WEATHER OBSERVED NORMAL DEPART LAST YEAR`S
VALUE DATE(S) VALUE FROM VALUE DATE(S)
NORMAL
................................................................
TEMPERATURE (F)
RECORD
HIGH 78 02/15/2016
LOW 23 02/07/1989
HIGHEST 70 02/24 MM MM 72 02/12
LOWEST 35 02/09 MM MM 30 02/18
AVG. MAXIMUM 60.7 61.3 -0.6 58.3
AVG. MINIMUM 43.9 41.5 2.4 36.7
MEAN 52.3 51.4 0.9 47.5
DAYS MAX >= 90 0 0.0 0.0 0
DAYS MAX >= 105 0 28
DAYS MAX >= 100 0 0
DAYS MAX <= 50 1 0
DAYS MIN <= 32 0 1.9 -1.9 6
DAYS MIN >= 70 0 0
DAYS MIN <= 40 0 0
DAYS MIN <= 32 0 0
PRECIPITATION (INCHES)
RECORD
MAXIMUM 9.95 1998
MINIMUM T 2022
TOTALS 4.63 3.49 1.14 2.62
DAILY AVG. 0.16 NAN NAN 0.09
DAYS >= .01 14 9.1 4.9 9
DAYS >= .10 10 6.8 3.2 7
DAYS >= .50 5 2.6 2.4 2
DAYS >= 1.00 1 0.9 0.1 0
DAYS >= %-5.2F 1 0
DAYS >= %-5.2F 0 0
GREATEST
24 HR. TOTAL 1.38 02/18 TO 02/19 0.73 02/24 TO 02/24
STORM TOTAL 1.14 0.73
(MM/DD(HH)) MM
DEGREE DAYS
HEATING TOTAL 362 381 -19 483
SINCE 7/1 1568 1911 -343 MM
COOLING TOTAL 0 0 0 0
SINCE 1/1 0 0 0 MM
FREEZE DATES
RECORD
EARLIEST MM
LATEST MM
EARLIEST 11/26
LATEST 02/22
................................................................
WIND (MPH)
AVERAGE WIND SPEED 5.5
HIGHEST WIND SPEED/DIRECTION 38/130 DATE 02/04
HIGHEST GUST SPEED/DIRECTION 60/120 DATE 02/04
SKY COVER
POSSIBLE SUNSHINE (PERCENT) MM
AVERAGE SKY COVER 0.39
NUMBER OF DAYS FAIR 13
NUMBER OF DAYS PC 13
NUMBER OF DAYS CLOUDY 3
AVERAGE RH (PERCENT) 76
WEATHER CONDITIONS. NUMBER OF DAYS WITH
THUNDERSTORM 0 MIXED PRECIP 0
HEAVY RAIN 2 RAIN 5
LIGHT RAIN 12 FREEZING RAIN 0
LT FREEZING RAIN 0 HAIL 0
HEAVY SNOW 0 SNOW 0
LIGHT SNOW 0 SLEET 0
FOG 19 FOG W/VIS <= 1/4 MILE 2
HAZE 1
- INDICATES NEGATIVE NUMBERS.
R INDICATES RECORD WAS SET OR TIED.
MM INDICATES DATA IS MISSING.
T INDICATES TRACE AMOUNT.
$$