000
CXUS55 KTWC 010855
CF6SAD
PRELIMINARY LOCAL CLIMATOLOGICAL DATA (WS FORM: F-6)
STATION: SAFFORD AZ AIRPORT
MONTH: DECEMBER
YEAR: 2020
LATITUDE: 32 50 N
LONGITUDE: 109 38 W
TEMPERATURE IN F: :PCPN: SNOW: WIND :SUNSHINE: SKY :PK WND
================================================================================
1 2 3 4 5 6A 6B 7 8 9 10 11 12 13 14 15 16 17 18
12Z AVG MX 2MIN
DY MAX MIN AVG DEP HDD CDD WTR SNW DPTH SPD SPD DIR MIN PSBL S-S WX SPD DR
================================================================================
1 65 25 45 -4 20 0 0.00 M M 8.9 23 300 M M 0 29 310
2 59 30 45 -4 20 0 0.00 M M 6.8 15 120 M M 1 21 120
3 81 29 55 6 10 0 0.00 M M 6.9 14 150 M M 1 20 140
4 62 33 48 0 17 0 0.00 M M 4.2 13 140 M M 0 15 150
5 64 M M M M M 0.00 M M 4.0 12 270 M M 0 14 330
6 66 26 46 -2 19 0 0.00 M M 3.6 10 150 M M 0 12 140
7 70 38 54 6 11 0 0.00 M M 10.4 18 110 M M 0 26 120
8 70 43 57 10 8 0 0.00 M M 9.3 18 110 M M 0 26 120
9 70 45 58 11 7 0 0.00 M M 9.1 18 120 M M 2 25 120
10 62 46 54 7 11 0 0.56 M M 10.5 23 320 M M 8 1 30 320
11 60 40 50 3 15 0 0.00 M M 6.2 18 320 M M 2 25 320
12 61 34 48 1 17 0 0.00 M M 6.7 26 320 M M 0 36 310
13 53 31 42 -4 23 0 0.00 M M 8.5 20 300 M M 0 26 290
14 57 35 46 0 19 0 0.00 M M 11.0 30 290 M M 0 40 290
15 55 32 44 -2 21 0 0.00 M M 8.1 18 300 M M M 23 320
16 56 23 40 -6 25 0 0.00 M M 1.6 7 130 M M M 8 300
17 62 30 46 0 19 0 0.00 M M 7.9 18 100 M M M 24 110
18 63 27 45 -1 20 0 0.00 M M 5.9 21 310 M M M 28 310
19 59 27 43 -3 22 0 0.00 M M 3.0 8 40 M M M 9 170
20 64 26 45 -1 20 0 0.00 M M 4.4 10 120 M M M 14 130
21 66 28 47 2 18 0 0.00 M M 6.0 13 140 M M 0 16 150
22 64 28 46 1 19 0 0.00 M M 5.4 14 150 M M 0 16 150
23 63 29 46 1 19 0 0.00 M M 9.7 36 300 M M 0 48 300
24 49 28 39 -6 26 0 0.00 M M 9.1 17 130 M M 0 22 140
25 55 32 44 -1 21 0 0.00 M M 8.8 16 120 M M 1 22 120
26 60 26 43 -2 22 0 0.00 M M 3.0 9 270 M M 0 12 270
27 65 29 47 2 18 0 0.00 M M 4.3 12 150 M M 0 14 150
28 74 43 59 14 6 0 0.00 M M 12.9 28 230 M M 1 39 230
29 56 37 47 2 18 0 0.00 M M 14.8 26 300 M M 3 35 310
30 56 27 42 -3 23 0 0.00 M M 6.7 13 300 M M 0 18 280
31 52 22 37 -8 28 0 0.00 M M 5.0 14 140 M M 1 17 130
================================================================================
SM 1919 949 542 0 0.56 M 222.7 M 20
================================================================================
AV 61.9 31.6 7.2 FASTST M M 1 MAX(MPH)
MISC ----> 36 300 48 300
================================================================================
NOTES:
# LAST OF SEVERAL OCCURRENCES
COLUMN 17 PEAK WIND IN M.P.H.
PRELIMINARY LOCAL CLIMATOLOGICAL DATA (WS FORM: F-6) , PAGE 2
STATION: SAFFORD AZ AIRPORT
MONTH: DECEMBER
YEAR: 2020
LATITUDE: 32 50 N
LONGITUDE: 109 38 W
[TEMPERATURE DATA] [PRECIPITATION DATA] SYMBOLS USED IN COLUMN 16
AVERAGE MONTHLY: 46.8 TOTAL FOR MONTH: 0.56 1 = FOG OR MIST
DPTR FM NORMAL: 0.4 DPTR FM NORMAL: -0.48 2 = FOG REDUCING VISIBILITY
HIGHEST: 81 ON 3 GRTST 24HR 0.56 ON 10-10 TO 1/4 MILE OR LESS
LOWEST: 22 ON 31 3 = THUNDER
SNOW, ICE PELLETS, HAIL 4 = ICE PELLETS
TOTAL MONTH: M 5 = HAIL
GRTST 24HR M ON M 6 = FREEZING RAIN OR DRIZZLE
GRTST DEPTH: M ON M 7 = DUSTSTORM OR SANDSTORM:
VSBY 1/2 MILE OR LESS
8 = SMOKE OR HAZE
[NO. OF DAYS WITH] [WEATHER - DAYS WITH] 9 = BLOWING SNOW
X = TORNADO
MAX 32 OR BELOW: 0 0.01 INCH OR MORE: 1
MAX 90 OR ABOVE: 0 0.10 INCH OR MORE: 1
MIN 32 OR BELOW: 20 0.50 INCH OR MORE: 1
MIN 0 OR BELOW: 0 1.00 INCH OR MORE: 0
[HDD (BASE 65) ]
TOTAL THIS MO. 542 CLEAR (SCALE 0-3) 23
DPTR FM NORMAL -33 PTCLDY (SCALE 4-7) 2
TOTAL FM JUL 1 840 CLOUDY (SCALE 8-10) 6
DPTR FM NORMAL -100
[CDD (BASE 65) ]
TOTAL THIS MO. 0
DPTR FM NORMAL 0 [PRESSURE DATA]
TOTAL FM JAN 1 3401 HIGHEST SLP M ON M
DPTR FM NORMAL 789 LOWEST SLP 29.66 ON 28
[REMARKS]
#FINAL-12-20#