000
CXUS56 KSGX 011245
CF6SAN
PRELIMINARY LOCAL CLIMATOLOGICAL DATA (WS FORM: F-6)
STATION: SAN DIEGO INTL AIRPORT CA
MONTH: SEPTEMBER
YEAR: 2020
LATITUDE: 32 43 N
LONGITUDE: 117 10 W
TEMPERATURE IN F: :PCPN: SNOW: WIND :SUNSHINE: SKY :PK WND
================================================================================
1 2 3 4 5 6A 6B 7 8 9 10 11 12 13 14 15 16 17 18
12Z AVG MX 2MIN
DY MAX MIN AVG DEP HDD CDD WTR SNW DPTH SPD SPD DIR MIN PSBL S-S WX SPD DR
================================================================================
1 78 68 73 1 0 8 0.00 0.0 0 6.9 15 280 M M 5 22 280
2 76 68 72 0 0 7 0.00 0.0 0 6.5 17 280 M M 6 21 280
3 78 69 74 2 0 9 0.00 0.0 0 5.4 15 280 M M 5 18 280
4 81 69 75 3 0 10 0.00 0.0 0 4.3 13 290 M M 3 16 290
5 91 71 81 9 0 16 0.00 0.0 0 5.1 15 300 M M 3 8 19 310
6 100 72 86 14 0 21 0.00 0.0 0 4.1 10 160 M M 4 8 17 190
7 76 68 72 1 0 7 0.00 0.0 0 7.7 18 200 M M 7 128 27 180
8 78 71 75 4 0 10 0.00 0.0 0 5.5 15 190 M M 8 18 25 200
9 82 66 74 3 0 9 0.00 0.0 0 4.1 13 280 M M 3 18 17 320
10 81 63 72 1 0 7 0.00 0.0 0 4.5 17 290 M M 6 18 21 280
11 81 64 73 2 0 8 0.00 0.0 0 3.7 13 320 M M 8 18 17 310
12 80 61 71 0 0 6 0.00 0.0 0 4.3 15 290 M M 6 18 18 300
13 78 65 72 1 0 7 0.00 0.0 0 4.0 16 290 M M 7 18 19 290
14 81 64 73 2 0 8 0.00 0.0 0 4.4 15 290 M M 8 18 19 280
15 81 63 72 1 0 7 0.00 0.0 0 4.8 15 290 M M 7 18 20 300
16 90 62 76 5 0 11 0.00 0.0 0 M M M M M M M M
17 87 63 75 5 0 10 0.00 0.0 0 5.1 15 290 M M 4 19 310
18 89 66 78 8 0 13 0.00 0.0 0 4.7 17 300 M M 2 8 23 300
19 82 66 74 4 0 9 0.00 0.0 0 5.7 15 290 M M 2 19 320
20 77 68 73 3 0 8 0.00 0.0 0 3.9 13 280 M M 5 17 290
21 77 68 73 3 0 8 0.00 0.0 0 5.5 14 280 M M 5 19 290
22 79 68 74 4 0 9 0.00 0.0 0 6.0 15 310 M M 5 19 280
23 81 64 73 3 0 8 0.00 0.0 0 4.9 14 300 M M 4 18 17 310
24 82 65 74 4 0 9 0.00 0.0 0 4.1 9 260 M M 4 18 17 190
25 75 68 72 2 0 7 0.00 0.0 0 5.3 9 180 M M 6 18 14 200
26 76 68 72 3 0 7 0.00 0.0 0 4.5 12 210 M M 8 8 21 220
27 74 66 70 1 0 5 0.00 0.0 0 4.7 10 240 M M 7 8 21 200
28 79 64 72 3 0 7 0.00 0.0 0 5.0 15 280 M M 2 18 280
29 90 68 79 10 0 14 0.00 0.0 0 6.6 16 300 M M 4 18 22 300
30 96 68 82 13 0 17 0.00 0.0 0 4.6 14 290 M M 1 19 300
================================================================================
SM 2456 1994 0 282 0.00 0.0 145.9 M 145
================================================================================
AV 81.9 66.5 5.0 FASTST M M 5 MAX(MPH)
MISC ----> # 18 200 # 27 180
================================================================================
NOTES:
# LAST OF SEVERAL OCCURRENCES
COLUMN 17 PEAK WIND IN M.P.H.
PRELIMINARY LOCAL CLIMATOLOGICAL DATA (WS FORM: F-6) , PAGE 2
STATION: SAN DIEGO INTL AIRPORT CA
MONTH: SEPTEMBER
YEAR: 2020
LATITUDE: 32 43 N
LONGITUDE: 117 10 W
[TEMPERATURE DATA] [PRECIPITATION DATA] SYMBOLS USED IN COLUMN 16
AVERAGE MONTHLY: 74.2 TOTAL FOR MONTH: 0.00 1 = FOG OR MIST
DPTR FM NORMAL: 3.6 DPTR FM NORMAL: -0.15 2 = FOG REDUCING VISIBILITY
HIGHEST: 100 ON 6 GRTST 24HR 0.00 ON 30-30 TO 1/4 MILE OR LESS
LOWEST: 61 ON 12 3 = THUNDER
SNOW, ICE PELLETS, HAIL 4 = ICE PELLETS
TOTAL MONTH: 0.0 INCH 5 = HAIL
GRTST 24HR 0.0 6 = FREEZING RAIN OR DRIZZLE
GRTST DEPTH: 0 7 = DUSTSTORM OR SANDSTORM:
VSBY 1/2 MILE OR LESS
8 = SMOKE OR HAZE
[NO. OF DAYS WITH] [WEATHER - DAYS WITH] 9 = BLOWING SNOW
X = TORNADO
MAX 32 OR BELOW: 0 0.01 INCH OR MORE: 0
MAX 90 OR ABOVE: 5 0.10 INCH OR MORE: 0
MIN 32 OR BELOW: 0 0.50 INCH OR MORE: 0
MIN 0 OR BELOW: 0 1.00 INCH OR MORE: 0
[HDD (BASE 65) ]
TOTAL THIS MO. 0 CLEAR (SCALE 0-3) 5
DPTR FM NORMAL -1 PTCLDY (SCALE 4-7) 24
TOTAL FM JUL 1 0 CLOUDY (SCALE 8-10) 0
DPTR FM NORMAL -2
[CDD (BASE 65) ]
TOTAL THIS MO. 282
DPTR FM NORMAL 114 [PRESSURE DATA]
TOTAL FM JAN 1 1047 HIGHEST SLP 29.98 ON 16
DPTR FM NORMAL 411 LOWEST SLP 29.60 ON 8
[REMARKS]
#FINAL-09-20#