000
CXUS56 KLOX 011155
CF6SBA
PRELIMINARY LOCAL CLIMATOLOGICAL DATA (WS FORM: F-6)
STATION: SANTA BARBARA AIRPORT CA
MONTH: JULY
YEAR: 2022
LATITUDE: 34 25 N
LONGITUDE: 119 50 W
TEMPERATURE IN F: :PCPN: SNOW: WIND :SUNSHINE: SKY :PK WND
================================================================================
1 2 3 4 5 6A 6B 7 8 9 10 11 12 13 14 15 16 17 18
12Z AVG MX 2MIN
DY MAX MIN AVG DEP HDD CDD WTR SNW DPTH SPD SPD DIR MIN PSBL S-S WX SPD DR
================================================================================
1 73 58 66 2 0 1 0.00 M M 6.1 12 240 M M 0 15 240
2 76 55 66 2 0 1 0.00 M M 5.7 14 240 M M 0 17 120
3 78 52 65 0 0 0 0.00 M M 6.9 14 160 M M 0 17 240
4 72 54 63 -2 2 0 0.00 M M 4.6 12 140 M M 0 15 240
5 74 57 66 1 0 1 0.00 M M 6.3 14 130 M M 0 16 130
6 75 58 67 2 0 2 0.00 M M 5.3 13 250 M M 2 16 130
7 76 60 68 3 0 3 0.00 M M 6.7 13 240 M M 0 16 240
8 71 59 65 0 0 0 0.00 M M 6.9 16 260 M M 6 18 22 240
9 70 59 65 0 0 0 0.00 M M 5.6 12 210 M M 5 1 16 220
10 76 57 67 2 0 2 0.00 M M 4.5 12 240 M M 0 15 250
11 68 58 63 -3 2 0 0.00 M M 7.1 14 250 M M 7 1 17 250
12 69 57 63 -3 2 0 0.00 M M 6.9 16 260 M M 8 1 20 260
13 69 58 64 -2 1 0 0.00 M M 6.8 18 250 M M 6 1 22 240
14 69 58 64 -2 1 0 0.00 M M 5.5 13 240 M M 5 18 16 240
15 75 58 67 1 0 2 0.00 M M 4.8 9 140 M M 2 18 13 140
16 74 56 65 -1 0 0 0.00 M M 4.4 10 240 M M 0 1 14 250
17 74 57 66 0 0 1 0.00 M M 3.8 12 210 M M 2 1 14 270
18 75 60 68 2 0 3 0.00 M M 3.9 12 260 M M 0 1 14 270
19 74 59 67 1 0 2 0.00 M M 4.7 14 250 M M 3 18 16 260
20 73 59 66 0 0 1 0.00 M M 6.2 13 140 M M 3 128 15 150
21 74 60 67 1 0 2 0.00 M M 5.9 13 240 M M 2 1 16 250
22 73 55 64 -2 1 0 0.00 M M 4.9 10 180 M M 2 18 16 230
23 73 57 65 -1 0 0 0.00 M M 5.2 12 220 M M 2 18 15 220
24 71 59 65 -1 0 0 0.00 M M 7.0 14 260 M M 3 8 18 250
25 68 59 64 -2 1 0 0.00 M M 6.1 16 240 M M 6 1 20 270
26 68 59 64 -2 1 0 0.00 M M 6.9 17 250 M M 6 22 260
27 70 60 65 -1 0 0 0.00 M M 6.7 12 220 M M 4 15 220
28 73 57 65 -1 0 0 0.00 M M 4.6 14 130 M M 1 1 17 130
29 76 58 67 1 0 2 0.00 M M 5.8 14 250 M M 1 17 270
30 76 61 69 3 0 4 0.00 M M 4.5 13 250 M M 3 1 16 240
31 77 64 71 5 0 6 0.00 M M 6.0 14 270 M M 2 8 17 260
================================================================================
SM 2260 1798 11 33 0.00 M 176.3 M 81
================================================================================
AV 72.9 58.0 5.7 FASTST M M 3 MAX(MPH)
MISC ----> 18 250 # 22 240
================================================================================
NOTES:
# LAST OF SEVERAL OCCURRENCES
COLUMN 17 PEAK WIND IN M.P.H.
PRELIMINARY LOCAL CLIMATOLOGICAL DATA (WS FORM: F-6) , PAGE 2
STATION: SANTA BARBARA AIRPORT CA
MONTH: JULY
YEAR: 2022
LATITUDE: 34 25 N
LONGITUDE: 119 50 W
[TEMPERATURE DATA] [PRECIPITATION DATA] SYMBOLS USED IN COLUMN 16
AVERAGE MONTHLY: 65.5 TOTAL FOR MONTH: 0.00 1 = FOG OR MIST
DPTR FM NORMAL: -0.2 DPTR FM NORMAL: -0.02 2 = FOG REDUCING VISIBILITY
HIGHEST: 78 ON 3 GRTST 24HR 0.00 ON 1- 1 TO 1/4 MILE OR LESS
LOWEST: 52 ON 3 3 = THUNDER
SNOW, ICE PELLETS, HAIL 4 = ICE PELLETS
TOTAL MONTH: M 5 = HAIL
GRTST 24HR M ON M 6 = FREEZING RAIN OR DRIZZLE
GRTST DEPTH: M ON M 7 = DUSTSTORM OR SANDSTORM:
VSBY 1/2 MILE OR LESS
8 = SMOKE OR HAZE
[NO. OF DAYS WITH] [WEATHER - DAYS WITH] 9 = BLOWING SNOW
X = TORNADO
MAX 32 OR BELOW: 0 0.01 INCH OR MORE: 0
MAX 90 OR ABOVE: 0 0.10 INCH OR MORE: 0
MIN 32 OR BELOW: 0 0.50 INCH OR MORE: 0
MIN 0 OR BELOW: 0 1.00 INCH OR MORE: 0
[HDD (BASE 65) ]
TOTAL THIS MO. 11 CLEAR (SCALE 0-3) 20
DPTR FM NORMAL -18 PTCLDY (SCALE 4-7) 11
TOTAL FM JUL 1 11 CLOUDY (SCALE 8-10) 0
DPTR FM NORMAL -22
[CDD (BASE 65) ]
TOTAL THIS MO. 33
DPTR FM NORMAL -18 [PRESSURE DATA]
TOTAL FM JAN 1 115 HIGHEST SLP 30.13 ON 9
DPTR FM NORMAL 33 LOWEST SLP 29.78 ON 22
[REMARKS]
#FINAL-07-22#