000
CXUS56 KSTO 231300
CF6SCK
PRELIMINARY LOCAL CLIMATOLOGICAL DATA (WS FORM: F-6)
STATION: STOCKTON AIRPORT CA
MONTH: APRIL
YEAR: 2024
LATITUDE: 37 54 N
LONGITUDE: 121 15 W
TEMPERATURE IN F: :PCPN: SNOW: WIND :SUNSHINE: SKY :PK WND
================================================================================
1 2 3 4 5 6A 6B 7 8 9 10 11 12 13 14 15 16 17 18
12Z AVG MX 2MIN
DY MAX MIN AVG DEP HDD CDD WTR SNW DPTH SPD SPD DIR MIN PSBL S-S WX SPD DR
================================================================================
1 74 40 57 -1 8 0 0.00 M M 4.4 12 280 M M 1 12 17 250
2 78 47 63 5 2 0 0.00 M M 6.0 13 140 M M 0 17 140
3 74 48 61 3 4 0 0.00 M M 10.2 31 260 M M 1 40 250
4 53 41 47 -12 18 0 1.07 M M 8.5 24 250 M M 8 1 32 240
5 57 40 49 -10 16 0 0.07 M M 4.1 17 290 M M 8 1 22 300
6 63 36 50 -9 15 0 0.00 M M 6.5 13 290 M M 0 17 300
7 66 41 54 -5 11 0 0.00 0.0 M 7.9 16 300 M M 2 25 30
8 74 44 59 0 6 0 0.00 0.0 M 9.2 15 330 M M 0 23 310
9 77 44 61 1 4 0 0.00 0.0 M 3.4 9 320 M M 0 12 300
10 82 48 65 5 0 0 0.00 M M 2.0 9 300 M M 0 13 310
11 86 51 69 9 0 4 0.00 M M 3.3 13 310 M M 0 18 300
12 73 51 62 2 3 0 0.00 0.0 M 9.5 21 260 M M 0 8 27 270
13 58 43 51 -9 14 0 0.86 0.0 M 10.5 18 290 M M 8 1 23 70
14 62 45 54 -6 11 0 0.09 M M 5.7 13 100 M M 9 1 19 100
15 67 46 57 -4 8 0 0.00 M M 6.0 12 310 M M 3 21 270
16 76 45 61 0 4 0 0.00 M M 2.7 10 280 M M 0 1 15 290
17 80 50 65 4 0 0 0.00 M M 3.0 10 300 M M 0 13 310
18 82 51 67 6 0 2 0.00 M M 4.0 13 270 M M 0 16 290
19 80 51 66 4 0 1 0.00 M M 6.2 13 300 M M 0 18 280
20 82 50 66 4 0 1 0.00 M M 6.4 17 300 M M 0 22 300
21 85 49 67 5 0 2 0.00 M M 5.0 12 290 M M 0 19 300
22 87 53 70 8 0 5 0.00 M M 6.3 16 290 M M 0 21 290
================================================================================
SM 1616 1014 124 15 2.09 0.0 130.8 M 40
================================================================================
AV 73.5 46.1 5.9 FASTST M M 2 MAX(MPH)
MISC ----> 31 260 40 250
================================================================================
NOTES:
# LAST OF SEVERAL OCCURRENCES
COLUMN 17 PEAK WIND IN M.P.H.
PRELIMINARY LOCAL CLIMATOLOGICAL DATA (WS FORM: F-6) , PAGE 2
STATION: STOCKTON AIRPORT CA
MONTH: APRIL
YEAR: 2024
LATITUDE: 37 54 N
LONGITUDE: 121 15 W
[TEMPERATURE DATA] [PRECIPITATION DATA] SYMBOLS USED IN COLUMN 16
AVERAGE MONTHLY: 59.8 TOTAL FOR MONTH: 2.09 1 = FOG OR MIST
DPTR FM NORMAL: -0.3 DPTR FM NORMAL: 1.17 2 = FOG REDUCING VISIBILITY
HIGHEST: 87 ON 22 GRTST 24HR 1.09 ON 4- 5 TO 1/4 MILE OR LESS
LOWEST: 36 ON 6 3 = THUNDER
SNOW, ICE PELLETS, HAIL 4 = ICE PELLETS
TOTAL MONTH: 0.0 INCH 5 = HAIL
GRTST 24HR 0.0 6 = FREEZING RAIN OR DRIZZLE
GRTST DEPTH: M ON M 7 = DUSTSTORM OR SANDSTORM:
VSBY 1/2 MILE OR LESS
8 = SMOKE OR HAZE
[NO. OF DAYS WITH] [WEATHER - DAYS WITH] 9 = BLOWING SNOW
X = TORNADO
MAX 32 OR BELOW: 0 0.01 INCH OR MORE: 4
MAX 90 OR ABOVE: 0 0.10 INCH OR MORE: 2
MIN 32 OR BELOW: 0 0.50 INCH OR MORE: 2
MIN 0 OR BELOW: 0 1.00 INCH OR MORE: 1
[HDD (BASE 65) ]
TOTAL THIS MO. 124 CLEAR (SCALE 0-3) 17
DPTR FM NORMAL 5 PTCLDY (SCALE 4-7) 4
TOTAL FM JUL 1 1889 CLOUDY (SCALE 8-10) 1
DPTR FM NORMAL -299
[CDD (BASE 65) ]
TOTAL THIS MO. 15
DPTR FM NORMAL 6 [PRESSURE DATA]
TOTAL FM JAN 1 15 HIGHEST SLP M ON M
DPTR FM NORMAL 5 LOWEST SLP 29.66 ON 12
[REMARKS]