000
CDUS43 KLMK 162027
CLISDF


CLIMATE REPORT
NATIONAL WEATHER SERVICE LOUISVILLE KY
427 PM EDT WED MAY 16 2018


...................................

...THE LOUISVILLE KY CLIMATE SUMMARY FOR MAY 16 2018...
VALID TODAY AS OF 0400 PM LOCAL TIME.

CLIMATE NORMAL PERIOD 1981 TO 2010
CLIMATE RECORD PERIOD 1871 TO 2018


WEATHER ITEM   OBSERVED TIME   RECORD YEAR NORMAL DEPARTURE LAST
                VALUE   (LST)  VALUE       VALUE  FROM      YEAR
                                                  NORMAL
..................................................................
TEMPERATURE (F)
 TODAY
  MAXIMUM         82    243 PM  92    1900  77      5       87
  MINIMUM         70    556 AM  35    1997  57     13       64
  AVERAGE         76                        67      9       76

PRECIPITATION (IN)
  TODAY            0.07          2.80 1990   0.18  -0.11     0.00
  MONTH TO DATE    3.36                      2.84   0.52     2.70
  SINCE MAR 1     11.81                     11.02   0.79    10.85
  SINCE JAN 1     24.11                     17.44   6.67    17.12

SNOWFALL (IN)
  TODAY            0.0          MM      MM   0.0    0.0      0.0
  MONTH TO DATE    0.0                       0.0    0.0      0.0
  SINCE MAR 1     13.1                       1.5   11.6       T
  SINCE JUL 1     19.1                      12.5    6.6      2.7
  SNOW DEPTH       0

DEGREE DAYS
 HEATING
  TODAY            0                         2     -2        0
  MONTH TO DATE    0                        48    -48       70
  SINCE MAR 1    971                       832    139      618
  SINCE JUL 1   4059                      4073    -14     3083

 COOLING
  TODAY           11                         4      7       11
  MONTH TO DATE  154                        46    108       50
  SINCE MAR 1    173                        89     84      168
  SINCE JAN 1    185                        89     96      173
..................................................................


WIND (MPH)
  HIGHEST WIND SPEED    12   HIGHEST WIND DIRECTION    NE (30)
  HIGHEST GUST SPEED    19   HIGHEST GUST DIRECTION     N (10)
  AVERAGE WIND SPEED     6.1


SKY COVER
  POSSIBLE SUNSHINE  MM
  AVERAGE SKY COVER 0.9


WEATHER CONDITIONS
 THE FOLLOWING WEATHER WAS RECORDED TODAY.
  LIGHT RAIN
  FOG


RELATIVE HUMIDITY (PERCENT)
 HIGHEST    84           600 AM
 LOWEST     62           300 PM
 AVERAGE    73

..........................................................


THE LOUISVILLE KY CLIMATE NORMALS FOR TOMORROW
                         NORMAL    RECORD    YEAR
 MAXIMUM TEMPERATURE (F)   77        91      1962
                                             1911
 MINIMUM TEMPERATURE (F)   57        40      1895


SUNRISE AND SUNSET
MAY 16 2018...........SUNRISE   631 AM EDT   SUNSET   848 PM EDT
MAY 17 2018...........SUNRISE   630 AM EDT   SUNSET   849 PM EDT


-  INDICATES NEGATIVE NUMBERS.
R  INDICATES RECORD WAS SET OR TIED.
MM INDICATES DATA IS MISSING.
T  INDICATES TRACE AMOUNT.




$$
