000
CDUS43 KLMK 180634
CLISDF


CLIMATE REPORT
NATIONAL WEATHER SERVICE LOUISVILLE KY
233 AM EDT WED APR 18 2018


...................................

...THE LOUISVILLE KY CLIMATE SUMMARY FOR APRIL 17 2018...

CLIMATE NORMAL PERIOD 1981 TO 2010
CLIMATE RECORD PERIOD 1871 TO 2018


WEATHER ITEM   OBSERVED TIME   RECORD YEAR NORMAL DEPARTURE LAST
                VALUE   (LST)  VALUE       VALUE  FROM      YEAR
                                                  NORMAL
..................................................................
TEMPERATURE (F)
 YESTERDAY
  MAXIMUM         62    518 PM  90    1896  69     -7       75
  MINIMUM         32    646 AM  21    1875  48    -16       60
  AVERAGE         47                        59    -12       68

PRECIPITATION (IN)
  YESTERDAY        0.00          1.50 1940   0.13  -0.13      T
  MONTH TO DATE    2.54                      2.13   0.41     2.31
  SINCE MAR 1      7.59                      6.30   1.29     5.99
  SINCE JAN 1     19.89                     12.72   7.17    12.26

SNOWFALL (IN)
  YESTERDAY        0.0           T    2001   0.0    0.0      0.0
                                      1997
                                      1990
  MONTH TO DATE    1.2                       0.1    1.1      0.0
  SINCE MAR 1     13.1                       1.5   11.6       T
  SINCE JUL 1     19.1                      12.5    6.6      2.7
  SNOW DEPTH       0

DEGREE DAYS
 HEATING
  YESTERDAY       18                         8     10        0
  MONTH TO DATE  269                       169    100       66
  SINCE MAR 1    870                       707    163      524
  SINCE JUL 1   3958                      3948     10     2989

 COOLING
  YESTERDAY        0                         1     -1        3
  MONTH TO DATE   19                        17      2       47
  SINCE MAR 1     19                        23     -4       58
  SINCE JAN 1     31                        23      8       63
..................................................................


WIND (MPH)
  HIGHEST WIND SPEED    22   HIGHEST WIND DIRECTION     W (260)
  HIGHEST GUST SPEED    31   HIGHEST GUST DIRECTION     W (270)
  AVERAGE WIND SPEED    11.0


SKY COVER
  POSSIBLE SUNSHINE  MM
  AVERAGE SKY COVER 0.3


WEATHER CONDITIONS
 THE FOLLOWING WEATHER WAS RECORDED YESTERDAY.
  NO SIGNIFICANT WEATHER WAS OBSERVED.


RELATIVE HUMIDITY (PERCENT)
 HIGHEST    72           500 AM
 LOWEST     34           500 PM
 AVERAGE    53

..........................................................


THE LOUISVILLE KY CLIMATE NORMALS FOR TODAY
                         NORMAL    RECORD    YEAR
 MAXIMUM TEMPERATURE (F)   70        90      1896
 MINIMUM TEMPERATURE (F)   48        21      1875


SUNRISE AND SUNSET
APRIL 18 2018.........SUNRISE   703 AM EDT   SUNSET   822 PM EDT
APRIL 19 2018.........SUNRISE   702 AM EDT   SUNSET   823 PM EDT


-  INDICATES NEGATIVE NUMBERS.
R  INDICATES RECORD WAS SET OR TIED.
MM INDICATES DATA IS MISSING.
T  INDICATES TRACE AMOUNT.

$$

BJS
